Report for Plucene-1.25

Back
From: metabase:user:c6677c0d-6d3c-1014-9681-5f43afe32da0
Subject: FAIL Plucene-1.25 v5.20.1 
Date: 2014-09-20T15:42:09Z

This distribution has been tested as part of the CPAN Testers
project, supporting the Perl programming language.  See
http://wiki.cpantesters.org/ for more information or email
questions to cpan-testers-discuss@perl.org


--
Dear Tony Bowden,

This is a computer-generated report for Plucene-1.25
on perl 5.20.1, created by CPAN-Reporter-1.2011.

Thank you for uploading your work to CPAN.  However, there was a problem
testing your distribution.

If you think this report is invalid, please consult the CPAN Testers Wiki
for suggestions on how to avoid getting FAIL reports for missing library
or binary dependencies, unsupported operating systems, and so on:

http://wiki.cpantesters.org/wiki/CPANAuthorNotes

Sections of this report:

    * Tester comments
    * Program output
    * Prerequisites
    * Environment and other context

------------------------------
TESTER COMMENTS
------------------------------

Additional comments from tester:

this report is from an automated smoke testing program
and was not reviewed by a human for accuracy

------------------------------
PROGRAM OUTPUT
------------------------------

Output from 'C:\Smoker\5201x64\perl\bin\perl.exe ./Build test':

t\98_pod_coverage.t .. ok

#   Failed test 'POD test for blib/lib/Plucene/TestCase.pm'
#   at C:/Smoker/5201x64/perl/site/lib/Test/Pod.pm line 186.
# blib/lib/Plucene/TestCase.pm (49): =over without closing =back

#   Failed test 'POD test for blib/lib/Plucene/Search/BooleanQuery.pm'
#   at C:/Smoker/5201x64/perl/site/lib/Test/Pod.pm line 186.
# blib/lib/Plucene/Search/BooleanQuery.pm (83): Expected text after =item, not a bullet
# Looks like you failed 2 tests of 73.
t\99_pod.t ........... 
Dubious, test returned 2 (wstat 512, 0x200)
Failed 2/73 subtests 
t\analyzers.t ........ ok
t\datesearch.t ....... ok
t\dateserializer.t ... ok
t\deletable.t ........ ok
t\delete.t ........... ok
t\indexsearcher.t .... ok
t\mergefactor.t ...... ok
t\queryparser.t ...... ok
t\regress-01.t ....... ok
t\regress-02.t ....... ok
t\regress-04.t ....... ok
t\search_hits.t ...... ok
cannot unlink file for C:\Users\smoker\AppData\Local\Temp\3\Vpmr1WmmiB\_7.f1: Permission denied at C:/Smoker/5201x64/perl/lib/File/Temp.pm line 784.
cannot unlink file for C:\Users\smoker\AppData\Local\Temp\3\Vpmr1WmmiB\_7.fdt: Permission denied at C:/Smoker/5201x64/perl/lib/File/Temp.pm line 784.
cannot unlink file for C:\Users\smoker\AppData\Local\Temp\3\Vpmr1WmmiB\_7.fdx: Permission denied at C:/Smoker/5201x64/perl/lib/File/Temp.pm line 784.
cannot unlink file for C:\Users\smoker\AppData\Local\Temp\3\Vpmr1WmmiB\_7.tis: Permission denied at C:/Smoker/5201x64/perl/lib/File/Temp.pm line 784.
cannot remove directory for C:/Users/smoker/AppData/Local/Temp/3/Vpmr1WmmiB: Directory not empty at C:/Smoker/5201x64/perl/lib/File/Temp.pm line 784.
t\searchtest.t ....... ok
t\segments.t ......... ok
t\similarity.t ....... ok
t\sloppy_scorer.t .... ok
# Indexing the entire Odyssey. This may take some time
# t/data/book1
# t/data/book10
# t/data/book11
# t/data/book12
# t/data/book13
# t/data/book14
# t/data/book15
# t/data/book16
# t/data/book17
# t/data/book18
# t/data/book19
# t/data/book2
# t/data/book20
# t/data/book21
# t/data/book22
# t/data/book23
# t/data/book24
# t/data/book3
# t/data/book4
# t/data/book5
# t/data/book6
# t/data/book7
# t/data/book8
# t/data/book9
# t/data/preface
# Closing
cannot unlink file for C:\Users\smoker\AppData\Local\Temp\3\DRW4fufCy_\_10.f1: Permission denied at C:/Smoker/5201x64/perl/lib/File/Temp.pm line 784.
cannot unlink file for C:\Users\smoker\AppData\Local\Temp\3\DRW4fufCy_\_10.f2: Permission denied at C:/Smoker/5201x64/perl/lib/File/Temp.pm line 784.
cannot unlink file for C:\Users\smoker\AppData\Local\Temp\3\DRW4fufCy_\_10.f3: Permission denied at C:/Smoker/5201x64/perl/lib/File/Temp.pm line 784.
cannot unlink file for C:\Users\smoker\AppData\Local\Temp\3\DRW4fufCy_\_10.fdt: Permission denied at C:/Smoker/5201x64/perl/lib/File/Temp.pm line 784.
cannot unlink file for C:\Users\smoker\AppData\Local\Temp\3\DRW4fufCy_\_10.fdx: Permission denied at C:/Smoker/5201x64/perl/lib/File/Temp.pm line 784.
cannot unlink file for C:\Users\smoker\AppData\Local\Temp\3\DRW4fufCy_\_10.tis: Permission denied at C:/Smoker/5201x64/perl/lib/File/Temp.pm line 784.
cannot unlink file for C:\Users\smoker\AppData\Local\Temp\3\DRW4fufCy_\_21.f1: Permission denied at C:/Smoker/5201x64/perl/lib/File/Temp.pm line 784.
cannot unlink file for C:\Users\smoker\AppData\Local\Temp\3\DRW4fufCy_\_21.f2: Permission denied at C:/Smoker/5201x64/perl/lib/File/Temp.pm line 784.
cannot unlink file for C:\Users\smoker\AppData\Local\Temp\3\DRW4fufCy_\_21.f3: Permission denied at C:/Smoker/5201x64/perl/lib/File/Temp.pm line 784.
cannot unlink file for C:\Users\smoker\AppData\Local\Temp\3\DRW4fufCy_\_21.fdt: Permission denied at C:/Smoker/5201x64/perl/lib/File/Temp.pm line 784.
cannot unlink file for C:\Users\smoker\AppData\Local\Temp\3\DRW4fufCy_\_21.fdx: Permission denied at C:/Smoker/5201x64/perl/lib/File/Temp.pm line 784.
cannot unlink file for C:\Users\smoker\AppData\Local\Temp\3\DRW4fufCy_\_21.tis: Permission denied at C:/Smoker/5201x64/perl/lib/File/Temp.pm line 784.
cannot unlink file for C:\Users\smoker\AppData\Local\Temp\3\DRW4fufCy_\_27.f1: Permission denied at C:/Smoker/5201x64/perl/lib/File/Temp.pm line 784.
cannot unlink file for C:\Users\smoker\AppData\Local\Temp\3\DRW4fufCy_\_27.f2: Permission denied at C:/Smoker/5201x64/perl/lib/File/Temp.pm line 784.
cannot unlink file for C:\Users\smoker\AppData\Local\Temp\3\DRW4fufCy_\_27.f3: Permission denied at C:/Smoker/5201x64/perl/lib/File/Temp.pm line 784.
cannot unlink file for C:\Users\smoker\AppData\Local\Temp\3\DRW4fufCy_\_27.fdt: Permission denied at C:/Smoker/5201x64/perl/lib/File/Temp.pm line 784.
cannot unlink file for C:\Users\smoker\AppData\Local\Temp\3\DRW4fufCy_\_27.fdx: Permission denied at C:/Smoker/5201x64/perl/lib/File/Temp.pm line 784.
cannot unlink file for C:\Users\smoker\AppData\Local\Temp\3\DRW4fufCy_\_27.tis: Permission denied at C:/Smoker/5201x64/perl/lib/File/Temp.pm line 784.
cannot remove directory for C:/Users/smoker/AppData/Local/Temp/3/DRW4fufCy_: Directory not empty at C:/Smoker/5201x64/perl/lib/File/Temp.pm line 784.
t\stress.t ........... ok
t\terminfostest.t .... ok
t\testbitvector.t .... ok
t\testindexwriter.t .. ok
t\tokenfilter.t ...... ok
t\tokenizer.t ........ ok
t\utf8.t ............. ok

Test Summary Report
-------------------
t\99_pod.t         (Wstat: 512 Tests: 73 Failed: 2)
  Failed tests:  5, 46
  Non-zero exit status: 2
Files=25, Tests=6104, 39 wallclock secs ( 1.00 usr +  0.19 sys =  1.19 CPU)
Result: FAIL
Failed 1/25 test programs. 2/6104 subtests failed.

------------------------------
PREREQUISITES
------------------------------

Prerequisite modules loaded:

requires:

    Module                Need      Have   
    --------------------- --------- -------
    Bit::Vector::Minimal  1.0       1.3    
    Carp                  0         1.3301 
    Class::Accessor       0.18      0.34   
    Class::Accessor::Fast 0.02      0.34   
    Class::Virtual        0.03      0.06   
    Encode                0         2.62   
    File::Spec::Functions 1.1       3.48   
    IO::File              1.08      1.16   
    IO::Handle            1.21_00   1.35   
    IO::Scalar            2.104     2.110  
    Lingua::Stem::En      2.12      2.16   
    List::Util            1.13      1.41   
    Memoize               1.01      1.03   
    Tie::Array::Sorted    1.1       1.41   
    Time::Piece           1.08      1.29   

build_requires:

    Module                Need      Have   
    --------------------- --------- -------
    File::Slurp           2002.1031 9999.19
    Test::Harness         2.30      3.33   


------------------------------
ENVIRONMENT AND OTHER CONTEXT
------------------------------

Environment variables:

    AUTOMATED_TESTING = 1
    COMSPEC = C:\Windows\system32\cmd.exe
    NUMBER_OF_PROCESSORS = 4
    PATH = C:\Windows\system32;C:\Windows;C:\Windows\System32\Wbem;C:\Smoker\5201x64\perl\site\bin;C:\Smoker\5201x64\perl\bin;C:\Smoker\5201x64\c\bin;c:\orainstant64
    PERL5LIB = 
    PERL5OPT = 
    PERL5_CPANPLUS_IS_RUNNING = 3616
    PERL5_CPAN_IS_RUNNING = 3616
    PERL5_CPAN_IS_RUNNING_IN_RECURSION = 4032,3616
    PERL_CR_SMOKER_CURRENT = OpenGuides-0.77
    PERL_EXTUTILS_AUTOINSTALL = --defaultdeps
    PERL_MM_USE_DEFAULT = 1
    PROCESSOR_IDENTIFIER = Intel64 Family 6 Model 13 Stepping 3, GenuineIntel
    TEMP = C:\Users\smoker\AppData\Local\Temp\3

Perl special variables (and OS-specific diagnostics, for MSWin32):

    $^X = C:\Smoker\5201x64\perl\bin\perl.exe
    $UID/$EUID = 0 / 0
    $GID = 0
    $EGID = 0
    Win32::GetOSName = Win2012
    Win32::GetOSVersion = , 6, 2, 9200, 2, 0, 0, 400, 3
    Win32::FsType = NTFS
    Win32::IsAdminUser = 0

Perl module toolchain versions installed:

    Module              Have    
    ------------------- --------
    CPAN                2.05    
    CPAN::Meta          2.142060
    Cwd                 3.48    
    ExtUtils::CBuilder  0.280219
    ExtUtils::Command   1.18    
    ExtUtils::Install   2.04    
    ExtUtils::MakeMaker 6.99_14 
    ExtUtils::Manifest  1.68    
    ExtUtils::ParseXS   3.24    
    File::Spec          3.48    
    JSON                2.90    
    JSON::PP            2.27203 
    Module::Build       0.4210  
    Module::Signature   0.73    
    Parse::CPAN::Meta   1.4414  
    Test::Harness       3.33    
    Test::More          1.001006
    YAML                1.11    
    YAML::Syck          n/a     
    version             0.9909  


--

Summary of my perl5 (revision 5 version 20 subversion 1) configuration:
   
  Platform:
    osname=MSWin32, osvers=6.3, archname=MSWin32-x64-multi-thread
    uname='Win32 strawberry-perl 5.20.1.1 #1 Mon Sep 15 13:26:45 2014 x64'
    config_args='undef'
    hint=recommended, useposix=true, d_sigaction=undef
    useithreads=define, usemultiplicity=define
    use64bitint=define, use64bitall=undef, uselongdouble=undef
    usemymalloc=n, bincompat5005=undef
  Compiler:
    cc='gcc', ccflags =' -s -O2 -DWIN32 -DWIN64 -DCONSERVATIVE  -DPERL_TEXTMODE_SCRIPTS -DPERL_IMPLICIT_CONTEXT -DPERL_IMPLICIT_SYS -DUSE_PERLIO -fwrapv -fno-strict-aliasing -mms-bitfields',
    optimize='-s -O2',
    cppflags='-DWIN32'
    ccversion='', gccversion='4.8.3', gccosandvers=''
    intsize=4, longsize=4, ptrsize=8, doublesize=8, byteorder=12345678
    d_longlong=define, longlongsize=8, d_longdbl=define, longdblsize=12
    ivtype='long long', ivsize=8, nvtype='double', nvsize=8, Off_t='long long', lseeksize=8
    alignbytes=8, prototype=define
  Linker and Libraries:
    ld='g++.exe', ldflags ='-s -L"C:\Smoker\5201x64\perl\lib\CORE" -L"C:\Smoker\5201x64\c\lib"'
    libpth=C:\Smoker\5201x64\c\lib C:\Smoker\5201x64\c\x86_64-w64-mingw32\lib C:\Smoker\5201x64\c\lib\gcc\x86_64-w64-mingw32\4.8.3
    libs=-lmoldname -lkernel32 -luser32 -lgdi32 -lwinspool -lcomdlg32 -ladvapi32 -lshell32 -lole32 -loleaut32 -lnetapi32 -luuid -lws2_32 -lmpr -lwinmm -lversion -lodbc32 -lodbccp32 -lcomctl32
    perllibs=-lmoldname -lkernel32 -luser32 -lgdi32 -lwinspool -lcomdlg32 -ladvapi32 -lshell32 -lole32 -loleaut32 -lnetapi32 -luuid -lws2_32 -lmpr -lwinmm -lversion -lodbc32 -lodbccp32 -lcomctl32
    libc=, so=dll, useshrplib=true, libperl=libperl520.a
    gnulibc_version=''
  Dynamic Linking:
    dlsrc=dl_win32.xs, dlext=xs.dll, d_dlsymun=undef, ccdlflags=' '
    cccdlflags=' ', lddlflags='-mdll -s -L"C:\Smoker\5201x64\perl\lib\CORE" -L"C:\Smoker\5201x64\c\lib"'


Characteristics of this binary (from libperl): 
  Compile-time options: HAS_TIMES HAVE_INTERP_INTERN MULTIPLICITY
                        PERLIO_LAYERS PERL_DONT_CREATE_GVSV
                        PERL_HASH_FUNC_ONE_AT_A_TIME_HARD
                        PERL_IMPLICIT_CONTEXT PERL_IMPLICIT_SYS
                        PERL_MALLOC_WRAP PERL_NEW_COPY_ON_WRITE
                        PERL_PRESERVE_IVUV USE_64_BIT_INT USE_ITHREADS
                        USE_LARGE_FILES USE_LOCALE USE_LOCALE_COLLATE
                        USE_LOCALE_CTYPE USE_LOCALE_NUMERIC USE_PERLIO
                        USE_PERL_ATOF
  Built under MSWin32
  Compiled at Sep 15 2014 13:30:55
  %ENV:
    PERL5_CPANPLUS_IS_RUNNING="3616"
    PERL5_CPAN_IS_RUNNING="3616"
    PERL5_CPAN_IS_RUNNING_IN_RECURSION="4032,3616"
    PERL_CR_SMOKER_CURRENT="OpenGuides-0.77"
    PERL_EXTUTILS_AUTOINSTALL="--defaultdeps"
    PERL_MM_USE_DEFAULT="1"
  @INC:
    C:/Smoker/5201x64/perl/site/lib/MSWin32-x64-multi-thread
    C:/Smoker/5201x64/perl/site/lib
    C:/Smoker/5201x64/perl/vendor/lib
    C:/Smoker/5201x64/perl/lib
    .