Report for Unicode-Digits-20090607

Back
From: metabase:user:315f03b2-2aae-11df-837a-5e0a49663a4f
Subject: FAIL Unicode-Digits-20090607 v5.14.2 NetBSD
Date: 2013-03-04T22:53:49Z

This distribution has been tested as part of the CPAN Testers
project, supporting the Perl programming language.  See
http://wiki.cpantesters.org/ for more information or email
questions to cpan-testers-discuss@perl.org


--
Dear Chas. J. Owens IV,

This is a computer-generated report for Unicode-Digits-20090607
on perl 5.14.2, created by CPAN-Reporter-1.2009.

Thank you for uploading your work to CPAN.  However, there was a problem
testing your distribution.

If you think this report is invalid, please consult the CPAN Testers Wiki
for suggestions on how to avoid getting FAIL reports for missing library
or binary dependencies, unsupported operating systems, and so on:

http://wiki.cpantesters.org/wiki/CPANAuthorNotes

Sections of this report:

    * Tester comments
    * Program output
    * Prerequisites
    * Environment and other context

------------------------------
TESTER COMMENTS
------------------------------

Additional comments from tester:

this report is from an automated smoke testing program
and was not reviewed by a human for accuracy

------------------------------
PROGRAM OUTPUT
------------------------------

Output from './Build test':

# Testing Unicode::Digits 20090607, Perl 5.014002, /home/smoke/perl5/perlbrew/perls/perl-5.14.2/bin/perl
t/00-load.t ........... ok

#   Failed test at t/01-digits_to_int.t line 12.
#          got: 'string '4᠒' contains digits from different ranges at t/01-digits_to_int.t line 30.
# '
#     expected: 'string '4᠒' contains digits from different ranges at t/01-digits_to_int.t line 30
# '

#   Failed test at t/01-digits_to_int.t line 12.
#          got: 'string 'a is Û´Û²' contains non-digit characters at t/01-digits_to_int.t line 31.
# '
#     expected: 'string 'a is Û´Û²' contains non-digit characters at t/01-digits_to_int.t line 31
# '

#   Failed test at t/01-digits_to_int.t line 12.
#          got: 'string '4᠒' contains digits from different ranges at t/01-digits_to_int.t line 35.
# '
#     expected: 'string '4᠒' contains digits from different ranges at t/01-digits_to_int.t line 35
# '

#   Failed test at t/01-digits_to_int.t line 37.
#          got: 'string 'a is Û´Û²' contains non-digit characters at t/01-digits_to_int.t line 36.
# '
#     expected: 'string 'a is Û´Û²' contains non-digit characters at t/01-digits_to_int.t line 36
# '

#   Failed test at t/01-digits_to_int.t line 12.
#          got: 'Wide character in print at /home/smoke/perl5/perlbrew/perls/perl-5.14.2/lib/5.14.2/Test/Builder.pm line 1759.
# '
#     expected: ''

#   Failed test at t/01-digits_to_int.t line 42.
#          got: 'string '4᠒' contains digits from different ranges at t/01-digits_to_int.t line 41.
# '
#     expected: 'string '4᠒' contains digits from different ranges at t/01-digits_to_int.t line 41
# '

#   Failed test at t/01-digits_to_int.t line 44.
#          got: 'string 'a is Û´Û²' contains non-digit characters at t/01-digits_to_int.t line 43.
# '
#     expected: 'string 'a is Û´Û²' contains non-digit characters at t/01-digits_to_int.t line 43
# '
# Looks like you failed 7 tests of 37.
t/01-digits_to_int.t .. 
Dubious, test returned 7 (wstat 1792, 0x700)
Failed 7/37 subtests 
t/boilerplate.t ....... ok
t/pod-coverage.t ...... ok
t/pod.t ............... ok

Test Summary Report
-------------------
t/01-digits_to_int.t (Wstat: 1792 Tests: 37 Failed: 7)
  Failed tests:  22, 24, 30-31, 33, 36-37
  Non-zero exit status: 7
Files=5, Tests=43,  1 wallclock secs ( 0.04 usr  0.02 sys +  0.67 cusr  0.11 csys =  0.84 CPU)
Result: FAIL
Failed 1/5 test programs. 7/43 subtests failed.

------------------------------
PREREQUISITES
------------------------------

Prerequisite modules loaded:

build_requires:

    Module       Need Have
    ------------ ---- ----
    Carp         0    1.26
    Exporter     0    5.67
    strict       0    1.04
    Test::More   0    0.98
    Unicode::UCD 0    0.32
    warnings     0    1.12


------------------------------
ENVIRONMENT AND OTHER CONTEXT
------------------------------

Environment variables:

    AUTOMATED_TESTING = 1
    MANPATH_WITHOUT_PERLBREW = 
    PATH = /home/smoke/perl5/perlbrew/bin:/home/smoke/perl5/perlbrew/perls/perl-5.14.2/bin:/home/smoke/bin:/bin:/sbin:/usr/bin:/usr/sbin:/usr/X11R7/bin:/usr/X11R6/bin:/usr/pkg/bin:/usr/pkg/sbin:/usr/games:/usr/local/bin:/usr/local/sbin
    PATH_WITHOUT_PERLBREW = /home/smoke/bin:/bin:/sbin:/usr/bin:/usr/sbin:/usr/X11R7/bin:/usr/X11R6/bin:/usr/pkg/bin:/usr/pkg/sbin:/usr/games:/usr/local/bin:/usr/local/sbin
    PERL5LIB = 
    PERL5OPT = 
    PERL5_CPANPLUS_IS_RUNNING = 16669
    PERL5_CPAN_IS_RUNNING = 16669
    PERL5_CPAN_IS_RUNNING_IN_RECURSION = 2346,16669
    PERLBREW_BASHRC_VERSION = 0.41
    PERLBREW_HOME = /home/smoke/.perlbrew
    PERLBREW_MANPATH = /home/smoke/perl5/perlbrew/perls/perl-5.14.2/man
    PERLBREW_PATH = /home/smoke/perl5/perlbrew/bin:/home/smoke/perl5/perlbrew/perls/perl-5.14.2/bin
    PERLBREW_PERL = perl-5.14.2
    PERLBREW_ROOT = /home/smoke/perl5/perlbrew
    PERLBREW_VERSION = 0.41
    PERL_CR_SMOKER_CURRENT = Unicode-Digits-20090607
    PERL_EXTUTILS_AUTOINSTALL = --defaultdeps
    PERL_MM_USE_DEFAULT = 1
    SHELL = /usr/pkg/bin/bash
    TERM = xterm-color

Perl special variables (and OS-specific diagnostics, for MSWin32):

    $^X = /home/smoke/perl5/perlbrew/perls/perl-5.14.2/bin/perl
    $UID/$EUID = 1002 / 1002
    $GID = 100 100
    $EGID = 100 100

Perl module toolchain versions installed:

    Module              Have    
    ------------------- --------
    CPAN                1.9402  
    CPAN::Meta          2.120921
    Cwd                 3.40    
    ExtUtils::CBuilder  0.280205
    ExtUtils::Command   1.17    
    ExtUtils::Install   1.54    
    ExtUtils::MakeMaker 6.64    
    ExtUtils::Manifest  1.61    
    ExtUtils::ParseXS   3.18    
    File::Spec          3.40    
    JSON                2.53    
    JSON::PP            2.27200 
    Module::Build       0.4003  
    Module::Signature   n/a     
    Parse::CPAN::Meta   1.4404  
    Test::Harness       3.26    
    Test::More          0.98    
    YAML                0.73    
    YAML::Syck          1.23    
    version             0.9901  


--

Summary of my perl5 (revision 5 version 14 subversion 2) configuration:
   
  Platform:
    osname=netbsd, osvers=6.0.1, archname=i386-netbsd
    uname='netbsd prickle.zeroclue.com 6.0.1 netbsd 6.0.1 (generic) i386 '
    config_args='-de -Dprefix=/home/smoke/perl5/perlbrew/perls/perl-5.14.2'
    hint=recommended, useposix=true, d_sigaction=define
    useithreads=undef, usemultiplicity=undef
    useperlio=define, d_sfio=undef, uselargefiles=define, usesocks=undef
    use64bitint=undef, use64bitall=undef, uselongdouble=undef
    usemymalloc=n, bincompat5005=undef
  Compiler:
    cc='cc', ccflags ='-fno-strict-aliasing -pipe -fstack-protector -I/usr/pkg/include',
    optimize='-O',
    cppflags='-fno-strict-aliasing -pipe -fstack-protector -I/usr/pkg/include'
    ccversion='', gccversion='4.5.3', gccosandvers=''
    intsize=4, longsize=4, ptrsize=4, doublesize=8, byteorder=1234
    d_longlong=define, longlongsize=8, d_longdbl=define, longdblsize=12
    ivtype='long', ivsize=4, nvtype='double', nvsize=8, Off_t='off_t', lseeksize=8
    alignbytes=4, prototype=define
  Linker and Libraries:
    ld='cc', ldflags =' -Wl,-rpath,/usr/pkg/lib -Wl,-rpath,/usr/local/lib -fstack-protector -L/usr/pkg/lib'
    libpth=/usr/pkg/lib /lib /usr/lib
    libs=-lm -lcrypt -lutil -lc -lposix
    perllibs=-lm -lcrypt -lutil -lc -lposix
    libc=/lib/libc.so, so=so, useshrplib=false, libperl=libperl.a
    gnulibc_version=''
  Dynamic Linking:
    dlsrc=dl_dlopen.xs, dlext=so, d_dlsymun=undef, ccdlflags='-Wl,-E '
    cccdlflags='-DPIC -fPIC ', lddlflags='--whole-archive -shared  -L/usr/pkg/lib -fstack-protector'


Characteristics of this binary (from libperl): 
  Compile-time options: PERL_DONT_CREATE_GVSV PERL_MALLOC_WRAP
                        PERL_PRESERVE_IVUV USE_LARGE_FILES USE_PERLIO
                        USE_PERL_ATOF
  Built under netbsd
  Compiled at Feb  1 2013 00:11:44
  %ENV:
    PERL5LIB=""
    PERL5OPT=""
    PERL5_CPANPLUS_IS_RUNNING="16669"
    PERL5_CPAN_IS_RUNNING="16669"
    PERL5_CPAN_IS_RUNNING_IN_RECURSION="2346,16669"
    PERLBREW_BASHRC_VERSION="0.41"
    PERLBREW_HOME="/home/smoke/.perlbrew"
    PERLBREW_MANPATH="/home/smoke/perl5/perlbrew/perls/perl-5.14.2/man"
    PERLBREW_PATH="/home/smoke/perl5/perlbrew/bin:/home/smoke/perl5/perlbrew/perls/perl-5.14.2/bin"
    PERLBREW_PERL="perl-5.14.2"
    PERLBREW_ROOT="/home/smoke/perl5/perlbrew"
    PERLBREW_VERSION="0.41"
    PERL_CR_SMOKER_CURRENT="Unicode-Digits-20090607"
    PERL_EXTUTILS_AUTOINSTALL="--defaultdeps"
    PERL_MM_USE_DEFAULT="1"
  @INC:
    /home/smoke/perl5/perlbrew/perls/perl-5.14.2/lib/site_perl/5.14.2/i386-netbsd
    /home/smoke/perl5/perlbrew/perls/perl-5.14.2/lib/site_perl/5.14.2
    /home/smoke/perl5/perlbrew/perls/perl-5.14.2/lib/5.14.2/i386-netbsd
    /home/smoke/perl5/perlbrew/perls/perl-5.14.2/lib/5.14.2
    .