Report for Mojolicious-Command-generate-lexicont-0.05

Back
From: metabase:user:314402c4-2aae-11df-837a-5e0a49663a4f
Subject: FAIL Mojolicious-Command-generate-lexicont-0.05 v5.18.2 FreeBSD
Date: 2015-04-17T13:40:57Z

This distribution has been tested as part of the CPAN Testers
project, supporting the Perl programming language.  See
http://wiki.cpantesters.org/ for more information or email
questions to cpan-testers-discuss@perl.org


--
Dear Tetsuya Tatsumi,

This is a computer-generated report for Mojolicious-Command-generate-lexicont-0.05
on perl 5.18.2, created by CPAN-Reporter-1.2014.

Thank you for uploading your work to CPAN.  However, there was a problem
testing your distribution.

If you think this report is invalid, please consult the CPAN Testers Wiki
for suggestions on how to avoid getting FAIL reports for missing library
or binary dependencies, unsupported operating systems, and so on:

http://wiki.cpantesters.org/wiki/CPANAuthorNotes

Sections of this report:

    * Tester comments
    * Program output
    * Prerequisites
    * Environment and other context

------------------------------
TESTER COMMENTS
------------------------------

Additional comments from tester:

none provided

------------------------------
PROGRAM OUTPUT
------------------------------

Output from './Build test':

t/args_0_1.t ....................... ok
This perl may crash while using this module. See `WARNING' section in the documentation at /usr/perl5.18.2/lib/site_perl/5.18.2/amd64-freebsd/Net/DNS/Native.pm line 12, <DATA> line 2231.
t/args_2.t ......................... ok
This perl may crash while using this module. See `WARNING' section in the documentation at /usr/perl5.18.2/lib/site_perl/5.18.2/amd64-freebsd/Net/DNS/Native.pm line 12, <DATA> line 2231.
t/args_3.t ......................... ok

#   Failed test 'cannot translate'
#   at t/cannot_translate.t line 24.
# found warning: This perl may crash while using this module. See `WARNING' section in the documentation at /usr/perl5.18.2/lib/site_perl/5.18.2/amd64-freebsd/Net/DNS/Native.pm line 12, <DATA> line 2231.
# found warning: Cannot translate Cannot translate ja to qq at /usr/home/eserte/.cpan/build/Mojolicious-Command-generate-lexicont-0.05-N18PIu/blib/lib/Mojolicious/Command/generate/lexicont.pm line 221.
# found warning: Cannot translate Cannot translate ja to qq at /usr/home/eserte/.cpan/build/Mojolicious-Command-generate-lexicont-0.05-N18PIu/blib/lib/Mojolicious/Command/generate/lexicont.pm line 221.
# expected to find warning: (?^:Cannot translate)
# expected to find warning: (?^:Cannot translate)
# Looks like you failed 1 test of 3.
t/cannot_translate.t ............... 
Dubious, test returned 1 (wstat 256, 0x100)
Failed 1/3 subtests 
This perl may crash while using this module. See `WARNING' section in the documentation at /usr/perl5.18.2/lib/site_perl/5.18.2/amd64-freebsd/Net/DNS/Native.pm line 12, <DATA> line 2231.
t/config_file_read_error.t ......... ok
This perl may crash while using this module. See `WARNING' section in the documentation at /usr/perl5.18.2/lib/site_perl/5.18.2/amd64-freebsd/Net/DNS/Native.pm line 12, <DATA> line 2231.
t/json_1.t ......................... ok
This perl may crash while using this module. See `WARNING' section in the documentation at /usr/perl5.18.2/lib/site_perl/5.18.2/amd64-freebsd/Net/DNS/Native.pm line 12, <DATA> line 2231.
t/json_2.t ......................... ok
This perl may crash while using this module. See `WARNING' section in the documentation at /usr/perl5.18.2/lib/site_perl/5.18.2/amd64-freebsd/Net/DNS/Native.pm line 12, <DATA> line 2231.
t/json_3.t ......................... ok
This perl may crash while using this module. See `WARNING' section in the documentation at /usr/perl5.18.2/lib/site_perl/5.18.2/amd64-freebsd/Net/DNS/Native.pm line 12, <DATA> line 2231.
t/lingua_translate_create_error.t .. ok
This perl may crash while using this module. See `WARNING' section in the documentation at /usr/perl5.18.2/lib/site_perl/5.18.2/amd64-freebsd/Net/DNS/Native.pm line 12, <DATA> line 2231.
t/org.t ............................ ok
This perl may crash while using this module. See `WARNING' section in the documentation at /usr/perl5.18.2/lib/site_perl/5.18.2/amd64-freebsd/Net/DNS/Native.pm line 12, <DATA> line 2231.
t/src_lexicon_notfound.t ........... ok

Test Summary Report
-------------------
t/cannot_translate.t             (Wstat: 256 Tests: 3 Failed: 1)
  Failed test:  3
  Non-zero exit status: 1
Files=11, Tests=62,  7 wallclock secs ( 0.08 usr  0.05 sys +  5.96 cusr  1.00 csys =  7.09 CPU)
Result: FAIL
Failed 1/11 test programs. 1/62 subtests failed.

------------------------------
PREREQUISITES
------------------------------

Prerequisite modules loaded:

requires:

    Module              Need     Have    
    ------------------- -------- --------
    Config::PL          0        0.02    
    Encode              0        2.73    
    Module::Load        0        0.32    
    Mojo::Base          0        0       
    perl                5.008005 5.018002

build_requires:

    Module              Need     Have    
    ------------------- -------- --------
    JSON                0        2.90    
    Mojolicious         0        6.06    
    Test::Exception     0        0.38    
    Test::More          0        1.001014
    Test::Warn          0        0.30    

configure_requires:

    Module              Need     Have    
    ------------------- -------- --------
    CPAN::Meta          0        2.150001
    CPAN::Meta::Prereqs 0        2.150001
    Module::Build       0.38     0.4211  


------------------------------
ENVIRONMENT AND OTHER CONTEXT
------------------------------

Environment variables:

    DBIC_NO_WARN_BAD_PERL = 1
    LC_ALL = de_DE.ISO8859-1
    PATH = /usr/local/bin:/usr/bin:/bin:/usr/local/sbin:/usr/sbin:/sbin:/home/cpansand/bin/freebsd9.1:/home/cpansand/bin/sh:/home/cpansand/bin:/usr/games:/home/cpansand/devel:/usr/home/eserte/src/srezic-misc/scripts
    PERL5LIB = 
    PERL5OPT = 
    PERL5_CPANPLUS_IS_RUNNING = 45761
    PERL5_CPAN_IS_RUNNING = 45761
    PERL5_CPAN_IS_RUNNING_IN_RECURSION = 45704,45761
    PERLDOC = -MPod::Perldoc::ToTextOverstrike
    PERL_BATCH = yes
    PERL_CPAN_REPORTER_CONFIG = /var/tmp/cpansmoker-1023/V0vQfG9s6V_config.ini
    PERL_EXTUTILS_AUTOINSTALL = --defaultdeps
    PERL_HTML_DISPLAY_CLASS = HTML::Display::Mozilla
    SHELL = /usr/local/bin/zsh
    TERM = screen
    TMPDIR = /var/tmp/cpansmoker-1023

Perl special variables (and OS-specific diagnostics, for MSWin32):

    $^X = /usr/perl5.18.2/bin/perl
    $UID/$EUID = 1023 / 1023
    $GID = 1023 1023
    $EGID = 1023 1023

Perl module toolchain versions installed:

    Module              Have    
    ------------------- --------
    CPAN                2.10    
    CPAN::Meta          2.150001
    Cwd                 3.47    
    ExtUtils::CBuilder  0.280220
    ExtUtils::Command   1.20    
    ExtUtils::Install   2.04    
    ExtUtils::MakeMaker 7.04    
    ExtUtils::Manifest  1.69    
    ExtUtils::ParseXS   3.24    
    File::Spec          3.47    
    JSON                2.90    
    JSON::PP            2.27203 
    Module::Build       0.4211  
    Module::Signature   0.78    
    Parse::CPAN::Meta   1.4414  
    Test::Harness       3.35    
    Test::More          1.001014
    YAML                1.14    
    YAML::Syck          1.29    
    version             0.9912  


--

Summary of my perl5 (revision 5 version 18 subversion 2) configuration:
   
  Platform:
    osname=freebsd, osvers=9.2-release-p4, archname=amd64-freebsd
    uname='freebsd cvrsnica-freebsd-92 9.2-release-p4 freebsd 9.2-release-p4 #0: tue apr 8 18:08:22 utc 2014 root@amd64-builder.daemonology.net:usrobjusrsrcsysgeneric amd64 '
    config_args='-ds -e -Dprefix=/usr/perl5.18.2'
    hint=recommended, useposix=true, d_sigaction=define
    useithreads=undef, usemultiplicity=undef
    useperlio=define, d_sfio=undef, uselargefiles=define, usesocks=undef
    use64bitint=define, use64bitall=define, uselongdouble=undef
    usemymalloc=n, bincompat5005=undef
  Compiler:
    cc='cc', ccflags ='-DHAS_FPSETMASK -DHAS_FLOATINGPOINT_H -fno-strict-aliasing -pipe -fstack-protector -I/usr/local/include',
    optimize='-O',
    cppflags='-DHAS_FPSETMASK -DHAS_FLOATINGPOINT_H -fno-strict-aliasing -pipe -fstack-protector -I/usr/local/include'
    ccversion='', gccversion='4.2.1 20070831 patched [FreeBSD]', gccosandvers=''
    intsize=4, longsize=8, ptrsize=8, doublesize=8, byteorder=12345678
    d_longlong=define, longlongsize=8, d_longdbl=define, longdblsize=16
    ivtype='long', ivsize=8, nvtype='double', nvsize=8, Off_t='off_t', lseeksize=8
    alignbytes=8, prototype=define
  Linker and Libraries:
    ld='cc', ldflags ='-Wl,-E  -fstack-protector -L/usr/local/lib'
    libpth=/usr/lib /usr/local/lib
    libs=-lgdbm -lm -lcrypt -lutil -lc
    perllibs=-lm -lcrypt -lutil -lc
    libc=, so=so, useshrplib=false, libperl=libperl.a
    gnulibc_version=''
  Dynamic Linking:
    dlsrc=dl_dlopen.xs, dlext=so, d_dlsymun=undef, ccdlflags=' '
    cccdlflags='-DPIC -fPIC', lddlflags='-shared  -L/usr/local/lib -fstack-protector'


Characteristics of this binary (from libperl): 
  Compile-time options: HAS_TIMES PERLIO_LAYERS PERL_DONT_CREATE_GVSV
                        PERL_HASH_FUNC_ONE_AT_A_TIME_HARD PERL_MALLOC_WRAP
                        PERL_PRESERVE_IVUV PERL_SAWAMPERSAND USE_64_BIT_ALL
                        USE_64_BIT_INT USE_LARGE_FILES USE_LOCALE
                        USE_LOCALE_COLLATE USE_LOCALE_CTYPE
                        USE_LOCALE_NUMERIC USE_PERLIO USE_PERL_ATOF
  Built under freebsd
  Compiled at May 16 2014 01:27:28
  %ENV:
    PERL5LIB=""
    PERL5OPT=""
    PERL5_CPANPLUS_IS_RUNNING="45761"
    PERL5_CPAN_IS_RUNNING="45761"
    PERL5_CPAN_IS_RUNNING_IN_RECURSION="45704,45761"
    PERLDOC="-MPod::Perldoc::ToTextOverstrike"
    PERL_BATCH="yes"
    PERL_CPAN_REPORTER_CONFIG="/var/tmp/cpansmoker-1023/V0vQfG9s6V_config.ini"
    PERL_EXTUTILS_AUTOINSTALL="--defaultdeps"
    PERL_HTML_DISPLAY_CLASS="HTML::Display::Mozilla"
  @INC:
    /usr/perl5.18.2/lib/site_perl/5.18.2/amd64-freebsd
    /usr/perl5.18.2/lib/site_perl/5.18.2
    /usr/perl5.18.2/lib/5.18.2/amd64-freebsd
    /usr/perl5.18.2/lib/5.18.2
    .