Pinto v0.14 Perl 5 v5.39.2 darwin-2level
- Status
- Fail
- From
- Dist
-
Pinto v0.14
- Platform
- Perl 5 v5.39.2 darwin-2level
- Date
- 2023-08-26 04:38:18
- ID
- 6125da50-43ca-11ee-a819-d9521c239206
This distribution has been tested as part of the CPAN Testers
project, supporting the Perl programming language. See
http://wiki.cpantesters.org/ for more information or email
questions to cpan-testers-discuss@perl.org
--
Dear THALJEF,
This is a computer-generated report for Pinto-0.14
on perl 5.39.2, created by App::cpanminus::reporter 0.21 (1.7047).
Thank you for uploading your work to CPAN. However, there was a problem
testing your distribution.
If you think this report is invalid, please consult the CPAN Testers Wiki
for suggestions on how to avoid getting FAIL reports for missing library
or binary dependencies, unsupported operating systems, and so on:
http://wiki.cpantesters.org/wiki/CPANAuthorNotes
Sections of this report:
* Tester comments
* Program output
* Prerequisites
* Environment and other context
------------------------------
TESTER COMMENTS
------------------------------
Additional comments from tester:
none provided
------------------------------
PROGRAM OUTPUT
------------------------------
Output from '':
Building and testing Pinto-0.14
cp bin/pinto blib/script/pinto
"/Volumes/chambord/Users/ether/perl5/perlbrew/perls/39.2/bin/perl5.39.2" -MExtUtils::MY -e 'MY->fixin(shift)' -- blib/script/pinto
cp bin/pintod blib/script/pintod
"/Volumes/chambord/Users/ether/perl5/perlbrew/perls/39.2/bin/perl5.39.2" -MExtUtils::MY -e 'MY->fixin(shift)' -- blib/script/pintod
PERL_DL_NONLAZY=1 "/Volumes/chambord/Users/ether/perl5/perlbrew/perls/39.2/bin/perl5.39.2" "-MExtUtils::Command::MM" "-MTest::Harness" "-e" "undef *Test::Harness::Switches; test_harness(0, 'blib/lib', 'blib/arch')" t/*.t t/01-common/*.t t/02-bowels/*.t t/03-remote/*.t t/04-server/*.t
#
# Versions for all modules listed in MYMETA.json (including optional ones):
#
# === Configure Requires ===
#
# Module Want Have
# ------------------- ---- ----
# ExtUtils::MakeMaker 6.64 7.70
#
# === Configure Suggests ===
#
# Module Want Have
# -------- ------- -------
# JSON::PP 2.27300 4.17_01
#
# === Build Requires ===
#
# Module Want Have
# ------------------- ---- ----
# ExtUtils::MakeMaker any 7.70
#
# === Test Requires ===
#
# Module Want Have
# --------------------- ----- --------
# Apache::Htpasswd any 1.9
# Capture::Tiny any 0.48
# ExtUtils::MakeMaker any 7.70
# File::Spec any 3.90
# File::Temp any 0.2311
# FindBin any 1.53
# HTTP::Body any 1.22
# HTTP::Response any 6.44
# HTTP::Server::PSGI any undef
# IO::Handle any 1.52
# IPC::Open3 any 1.22
# Module::Faker::Dist 0.014 0.025
# Plack::Test any undef
# Test::Builder::Module any 1.302195
# Test::Exception any 0.43
# Test::File any 1.993
# Test::LWP::UserAgent 0.018 0.036
# Test::More 0.96 1.302195
# Test::TCP any 2.22
# blib 1.01 1.07
# lib any 0.65
#
# === Test Recommends ===
#
# Module Want Have
# ---------- -------- --------
# CPAN::Meta 2.120900 2.150010
#
# === Runtime Requires ===
#
# Module Want Have
# ------------------------------- ---------- ----------
# App::Cmd 0.323 0.335
# App::Cmd::Command::help any 0.335
# App::Cmd::Setup any 0.335
# Archive::Extract 0.68 0.88
# Archive::Tar any 2.40
# Authen::Simple::Passwd any 0.6
# CPAN::Checksums any 2.14
# CPAN::DistnameInfo any 0.12_01
# CPAN::Meta any 2.150010
# CPAN::Meta::Requirements any 2.143
# Carp any 1.54
# Class::Load any 0.25
# Cwd any 3.90
# Cwd::Guard any 0.05
# DBD::SQLite 1.33 1.73_01
# DBIx::Class 0.08200 0.082843
# DBIx::Class::Core any undef
# DBIx::Class::ResultSet any undef
# DBIx::Class::Schema any undef
# DateTime any 1.60
# DateTime::TimeZone any 2.60
# DateTime::TimeZone::Local::Unix any 2.60
# DateTime::TimeZone::OffsetOnly any 2.60
# Devel::StackTrace any 2.04
# Digest::MD5 any 2.58_01
# Digest::SHA any 6.04
# Dist::Metadata 0.926 0.927
# Encode any 3.19
# Exporter any 5.77
# File::Copy any 2.41
# File::Find any 1.43
# File::HomeDir any 1.006
# File::NFSLock any 1.29
# File::Spec any 3.90
# File::Temp any 0.2311
# File::Which any 1.27
# Getopt::Long any 2.54
# HTTP::Date any 6.06
# HTTP::Request::Common any 6.44
# HTTP::Status any 6.44
# IO::File any 1.52
# IO::Handle any 1.52
# IO::Interactive any 1.025
# IO::Pipe any 1.52
# IO::Prompt any 0.997004
# IO::Select any 1.52
# IO::String any 1.08
# IO::Zlib any 1.14
# JSON any 4.10
# JSON::PP 2.27103 4.17_01
# LWP::UserAgent any 6.72
# List::MoreUtils any 0.430
# List::Util any 1.63
# Module::CoreList 5.20170720 5.20230820
# Module::Metadata 1.000031 1.000038
# Moose any 2.2206
# Moose::Role any 2.2206
# MooseX::Aliases any 0.11
# MooseX::ClassAttribute 0.27 0.29
# MooseX::Configuration any 0.02
# MooseX::MarkAsMethods any 0.15
# MooseX::NonMoose any 0.26
# MooseX::SetOnce any 0.203
# MooseX::StrictConstructor any 0.21
# MooseX::Types any 0.50
# MooseX::Types::Moose any 0.50
# Path::Class any 0.37
# Path::Class::Dir any 0.37
# Path::Class::File any 0.37
# Plack 1.0028 1.0050
# Plack::MIME any undef
# Plack::Middleware::Auth::Basic any undef
# Plack::Request any 1.0050
# Plack::Response any 1.0050
# Plack::Runner any undef
# Pod::Usage any 2.03
# Proc::Fork any 0.808
# Proc::Terminator any 0.05
# Readonly any 2.05
# Router::Simple any 0.17
# Scalar::Util any 1.63
# Starman 0.3014 0.4016
# String::Format any 1.18
# Term::ANSIColor 2.02 5.01
# Throwable::Error 0.200005 1.001
# Try::Tiny any 0.31
# URI any 5.21
# URI::Escape 3.31 5.21
# URI::file any 5.21
# UUID::Tiny any 1.04
# Variable::Magic 0.57 0.63
# base any 2.27
# overload any 1.37
# strict any 1.13
# utf8 any 1.25
# version any 0.9929
# warnings any 1.67
#
# === Other Modules ===
#
# Module Have
# ----------- --------
# DBD::SQLite 1.73_01
# DBIx::Class 0.082843
#
t/00-report-prereqs.t ................. ok
t/01-common/01-types.t ................ ok
t/01-common/04-util.t ................. ok
t/01-common/02-target-package.t ....... ok
t/01-common/03-target-distribution.t .. ok
t/01-common/05-pauseconfig.t .......... ok
t/02-bowels/02-chrome.t ............... ok
t/02-bowels/01-config.t ............... ok
# Failed test 'Placeholder: %V'
# at t/02-bowels/03-package.t line 53.
# got: '2.0'
# expected: '2.0-TRIAL'
# Looks like you failed 1 test of 18.
t/02-bowels/03-package.t ..............
Dubious, test returned 1 (wstat 256, 0x100)
Failed 1/18 subtests
t/02-bowels/04-distribution.t ......... ok
t/02-bowels/05-compare.t .............. ok
t/02-bowels/10-init.t ................. ok
t/02-bowels/19-basic.t ................ ok
t/02-bowels/11-tester.t ............... ok
t/02-bowels/12-locator.t .............. ok
t/02-bowels/21-add-no-index.t ......... ok
t/02-bowels/21-pull-vreq.t ............ ok
t/02-bowels/20-add.t .................. ok
t/02-bowels/21-pull.t ................. ok
t/02-bowels/22-add-deep.t ............. ok
t/02-bowels/24-skip-prereqs.t ......... ok
t/02-bowels/31-pin.t .................. ok
t/02-bowels/23-pull-multi.t ........... ok
t/02-bowels/35-delete.t ............... ok
t/02-bowels/40-list.t ................. ok
t/02-bowels/41-log.t .................. ok
t/02-bowels/32-pin-rjbs.t ............. ok
t/02-bowels/50-diff.t ................. ok
t/02-bowels/51-diff-more.t ............ ok
t/02-bowels/52-intermingle.t .......... ok
t/02-bowels/53-roots.t ................ ok
t/02-bowels/43-install-and-pull.t ..... ok
t/02-bowels/60-dryrun.t ............... ok
t/02-bowels/54-revert.t ............... ok
t/02-bowels/63-prereq-circular.t ...... ok
t/02-bowels/61-nofail.t ............... ok
t/02-bowels/63-prereq-core.t .......... ok
t/02-bowels/64-metadata.t ............. ok
t/02-bowels/62-commit.t ............... ok
t/02-bowels/71-stack-kill.t ........... ok
t/02-bowels/72-stack-rename.t ......... ok
t/02-bowels/73-stack-lock.t ........... ok
t/02-bowels/74-stack-default.t ........ ok
t/03-remote/01-requests.t ............. ok
t/02-bowels/75-stack-props.t .......... ok
t/03-remote/02-responses.t ............ ok
t/02-bowels/70-stack-copy.t ........... ok
t/02-bowels/42-install.t .............. ok
t/04-server/01-functional.t ........... ok
t/04-server/02-authentication.t ....... ok
t/04-server/03-security.t ............. ok
t/00-compile.t ........................ ok
[31mInstallation failed. See the cpanm build log for details[0m
# You will see an error message here. Do not be alarmed.
[31mInstallation failed. See the cpanm build log for details[0m
# You will see an error message here. Do not be alarmed.
[31mInstallation failed. See the cpanm build log for details[0m
t/03-remote/05-timezone.t ............. ok
t/03-remote/04-install-with-auth.t .... ok
PINTO_STALE_LOCKFILE_TIMEOUT > 0, may steal lock !!
t/02-bowels/80-repo-lock.t ............ ok
t/03-remote/03-install.t .............. ok
Test Summary Report
-------------------
t/02-bowels/03-package.t (Wstat: 256 (exited 1) Tests: 18 Failed: 1)
Failed test: 10
Non-zero exit status: 1
Files=56, Tests=671, 57 wallclock secs ( 0.23 usr 0.09 sys + 73.07 cusr 16.83 csys = 90.22 CPU)
Result: FAIL
------------------------------
PREREQUISITES
------------------------------
Prerequisite modules loaded:
runtime:
Module Need Have
------------------------------- ---------- ----------
App::Cmd 0.323 0.335
App::Cmd::Command::help 0 0.335
App::Cmd::Setup 0 0.335
Archive::Extract 0.68 0.88
Archive::Tar 0 2.40
Authen::Simple::Passwd 0 0.6
base 0 2.27
Carp 0 1.54
Class::Load 0 0.25
CPAN::Checksums 0 2.14
CPAN::DistnameInfo 0 0.12_01
CPAN::Meta 0 2.150010
CPAN::Meta::Requirements 0 2.143
Cwd 0 3.90
Cwd::Guard 0 0.05
DateTime 0 1.60
DateTime::TimeZone 0 2.60
DateTime::TimeZone::Local::Unix 0 2.60
DateTime::TimeZone::OffsetOnly 0 2.60
DBD::SQLite 1.33 1.73_01
DBIx::Class 0.08200 0.082843
DBIx::Class::Core 0 0
DBIx::Class::ResultSet 0 0
DBIx::Class::Schema 0 0
Devel::StackTrace 0 2.04
Digest::MD5 0 2.58_01
Digest::SHA 0 6.04
Dist::Metadata 0.926 0.927
Encode 0 3.19
Exporter 0 5.77
File::Copy 0 2.41
File::Find 0 1.43
File::HomeDir 0 1.006
File::NFSLock 0 1.29
File::Spec 0 3.90
File::Temp 0 0.2311
File::Which 0 1.27
Getopt::Long 0 2.54
HTTP::Date 0 6.06
HTTP::Request::Common 0 6.44
HTTP::Status 0 6.44
IO::File 0 1.52
IO::Handle 0 1.52
IO::Interactive 0 1.025
IO::Pipe 0 1.52
IO::Prompt 0 0.997004
IO::Select 0 1.52
IO::String 0 1.08
IO::Zlib 0 1.14
JSON 0 4.10
JSON::PP 2.27103 4.17_01
List::MoreUtils 0 0.430
List::Util 0 1.63
LWP::UserAgent 0 6.72
Module::CoreList 5.20170720 5.20230820
Module::Metadata 1.000031 1.000038
Moose 0 2.2206
Moose::Role 0 2.2206
MooseX::Aliases 0 0.11
MooseX::ClassAttribute 0.27 0.29
MooseX::Configuration 0 0.02
MooseX::MarkAsMethods 0 0.15
MooseX::NonMoose 0 0.26
MooseX::SetOnce 0 0.203
MooseX::StrictConstructor 0 0.21
MooseX::Types 0 0.50
MooseX::Types::Moose 0 0.50
overload 0 1.37
Path::Class 0 0.37
Path::Class::Dir 0 0.37
Path::Class::File 0 0.37
perl 5.008 5.039002
Plack 1.0028 1.0050
Plack::Middleware::Auth::Basic 0 0
Plack::MIME 0 0
Plack::Request 0 1.0050
Plack::Response 0 1.0050
Plack::Runner 0 0
Pod::Usage 0 2.03
Proc::Fork 0 0.808
Proc::Terminator 0 0.05
Readonly 0 2.05
Router::Simple 0 0.17
Scalar::Util 0 1.63
Starman 0.3014 0.4016
strict 0 1.13
String::Format 0 1.18
Term::ANSIColor 2.02 5.01
Throwable::Error 0.200005 1.001
Try::Tiny 0 0.31
URI 0 5.21
URI::Escape 3.31 5.21
URI::file 0 5.21
utf8 0 1.25
UUID::Tiny 0 1.04
Variable::Magic 0.57 0.63
version 0 0.9929
warnings 0 1.67
build:
Module Need Have
------------------------------- ---------- ----------
ExtUtils::MakeMaker 0 7.70
configure:
Module Need Have
------------------------------- ---------- ----------
ExtUtils::MakeMaker 6.64 7.70
------------------------------
ENVIRONMENT AND OTHER CONTEXT
------------------------------
Environment variables:
HARNESS_OPTIONS = j6:c
LANG = en_CA.UTF-8
LC_ALL = en_CA.UTF-8
LC_CTYPE = en_CA.UTF-8
NO_NETWORK_TESTING = 1
PATH = /Volumes/chambord/Users/ether/.perlbrew/libs/39.2@std/bin:/Volumes/chambord/Users/ether/perl5/perlbrew/bin:/Volumes/chambord/Users/ether/perl5/perlbrew/perls/39.2/bin:/Volumes/chambord/Users/ether/bin:/Volumes/chambord/Users/ether/git/misc/install/advocaat/bin:/Volumes/chambord/Users/ether/git/misc/install/generic/bin:/opt/local/bin:/opt/local/sbin:/Volumes/chambord/Users/ether/git/git-hub/lib:/usr/local/bin:/System/Cryptexes/App/usr/bin:/usr/bin:/bin:/usr/sbin:/sbin:/Library/Apple/usr/bin:/var/run/com.apple.security.cryptexd/codex.system/bootstrap/usr/local/bin:/var/run/com.apple.security.cryptexd/codex.system/bootstrap/usr/bin:/var/run/com.apple.security.cryptexd/codex.system/bootstrap/usr/appleinternal/bin:/opt/local/share/git-core/contrib/workdir
PERL5LIB = /Volumes/chambord/Users/ether/.perlbrew/libs/39.2@std/lib/perl5
PERLBREW_HOME = /Volumes/chambord/Users/ether/.perlbrew
PERLBREW_LIB = std
PERLBREW_MANPATH = /Volumes/chambord/Users/ether/.perlbrew/libs/39.2@std/man:/Volumes/chambord/Users/ether/perl5/perlbrew/perls/39.2/man
PERLBREW_PATH = /Volumes/chambord/Users/ether/.perlbrew/libs/39.2@std/bin:/Volumes/chambord/Users/ether/perl5/perlbrew/bin:/Volumes/chambord/Users/ether/perl5/perlbrew/perls/39.2/bin
PERLBREW_PERL = 39.2
PERLBREW_ROOT = /Volumes/chambord/Users/ether/perl5/perlbrew
PERLBREW_SHELLRC_VERSION = 0.97
PERLBREW_VERSION = 0.98
PERLDOC = -oman
PERLDOC_PAGER = less -sicMr
PERL_AUTOINSTALL_PREFER_CPAN = 1
PERL_INSTALL_QUIET = 1
PERL_LOCAL_LIB_ROOT = /Volumes/chambord/Users/ether/.perlbrew/libs/39.2@std
PERL_MB_OPT = --install_base /Volumes/chambord/Users/ether/.perlbrew/libs/39.2@std
PERL_MM_OPT = INSTALL_BASE=/Volumes/chambord/Users/ether/.perlbrew/libs/39.2@std
PERL_TEST_HARNESS_ASAP = 1
PERL_USE_UNSAFE_INC = 0
SHELL = /bin/bash
TERM = xterm-color
Perl special variables (and OS-specific diagnostics, for MSWin32):
EGID = 20 20 12 61 79 80 81 98 701 704 703 702 33 100 204 250 395
EUID = 502
EXECUTABLE_NAME = /Volumes/chambord/Users/ether/perl5/perlbrew/perls/39.2/bin/perl5.39.2
GID = 20 20 12 61 79 80 81 98 701 704 703 702 33 100 204 250 395
UID = 502
Perl module toolchain versions installed:
Module Have
------------------- --------
CPAN 2.36
CPAN::Meta 2.150010
Cwd 3.90
ExtUtils::CBuilder 0.280239
ExtUtils::Command 7.70
ExtUtils::Install 2.22
ExtUtils::MakeMaker 7.70
ExtUtils::Manifest 1.75
ExtUtils::ParseXS 3.51
File::Spec 3.90
JSON 4.10
JSON::PP 4.17_01
Module::Build 0.4234
Module::Signature n/a
Parse::CPAN::Meta 2.150010
Test::Harness 3.47
Test::More 1.302195
YAML 1.30
YAML::Syck 1.34
version 0.9929
--
Summary of my perl5 (revision 5 version 39 subversion 2) configuration:
Platform:
osname=darwin
osvers=22.4.0
archname=darwin-2level
uname='darwin advocaat 22.4.0 darwin kernel version 22.4.0: mon mar 6 21:01:02 pst 2023; root:xnu-8796.101.5~3release_arm64_t8112 arm64 '
config_args='-de -Dprefix=/Volumes/chambord/Users/ether/perl5/perlbrew/perls/39.2 -Dman1dir=none -Dman3dir=none -Dusedevel -Aeval:scriptdir=/Volumes/chambord/Users/ether/perl5/perlbrew/perls/39.2/bin'
hint=recommended
useposix=true
d_sigaction=define
useithreads=undef
usemultiplicity=undef
use64bitint=define
use64bitall=define
uselongdouble=undef
usemymalloc=n
default_inc_excludes_dot=define
Compiler:
cc='cc'
ccflags ='-fno-common -DPERL_DARWIN -mmacosx-version-min=13.3 -DNO_THREAD_SAFE_QUERYLOCALE -fno-strict-aliasing -pipe -fstack-protector-strong -I/opt/local/include'
optimize='-O3'
cppflags='-fno-common -DPERL_DARWIN -mmacosx-version-min=13.3 -DNO_THREAD_SAFE_QUERYLOCALE -fno-strict-aliasing -pipe -fstack-protector-strong -I/opt/local/include'
ccversion=''
gccversion='Apple LLVM 14.0.3 (clang-1403.0.22.14.1)'
gccosandvers=''
intsize=4
longsize=8
ptrsize=8
doublesize=8
byteorder=12345678
doublekind=3
d_longlong=define
longlongsize=8
d_longdbl=define
longdblsize=8
longdblkind=0
ivtype='long'
ivsize=8
nvtype='double'
nvsize=8
Off_t='off_t'
lseeksize=8
alignbytes=8
prototype=define
Linker and Libraries:
ld='cc'
ldflags =' -mmacosx-version-min=13.3 -fstack-protector-strong -L/opt/local/lib'
libpth=/Applications/Xcode.app/Contents/Developer/Toolchains/XcodeDefault.xctoolchain/usr/lib/clang/14.0.3/lib /Applications/Xcode.app/Contents/Developer/Platforms/MacOSX.platform/Developer/SDKs/MacOSX.sdk/usr/lib /Applications/Xcode.app/Contents/Developer/Toolchains/XcodeDefault.xctoolchain/usr/lib /opt/local/lib /usr/lib
libs=-lgdbm
perllibs=
libc=
so=dylib
useshrplib=false
libperl=libperl.a
gnulibc_version=''
Dynamic Linking:
dlsrc=dl_dlopen.xs
dlext=bundle
d_dlsymun=undef
ccdlflags=' '
cccdlflags=' '
lddlflags=' -mmacosx-version-min=13.3 -bundle -undefined dynamic_lookup -L/opt/local/lib -fstack-protector-strong'
Characteristics of this binary (from libperl):
Compile-time options:
HAS_LONG_DOUBLE
HAS_STRTOLD
HAS_TIMES
PERLIO_LAYERS
PERL_COPY_ON_WRITE
PERL_DONT_CREATE_GVSV
PERL_HASH_FUNC_SIPHASH13
PERL_HASH_USE_SBOX32
PERL_MALLOC_WRAP
PERL_OP_PARENT
PERL_PRESERVE_IVUV
PERL_USE_DEVEL
PERL_USE_SAFE_PUTENV
USE_64_BIT_ALL
USE_64_BIT_INT
USE_LARGE_FILES
USE_LOCALE
USE_LOCALE_COLLATE
USE_LOCALE_CTYPE
USE_LOCALE_NUMERIC
USE_LOCALE_TIME
USE_PERLIO
USE_PERL_ATOF
Built under darwin
Compiled at Aug 25 2023 19:57:39
%ENV:
PERL5LIB="/Volumes/chambord/Users/ether/.perlbrew/libs/39.2@std/lib/perl5"
PERLBREW_HOME="/Volumes/chambord/Users/ether/.perlbrew"
PERLBREW_LIB="std"
PERLBREW_MANPATH="/Volumes/chambord/Users/ether/.perlbrew/libs/39.2@std/man:/Volumes/chambord/Users/ether/perl5/perlbrew/perls/39.2/man"
PERLBREW_PATH="/Volumes/chambord/Users/ether/.perlbrew/libs/39.2@std/bin:/Volumes/chambord/Users/ether/perl5/perlbrew/bin:/Volumes/chambord/Users/ether/perl5/perlbrew/perls/39.2/bin"
PERLBREW_PERL="39.2"
PERLBREW_ROOT="/Volumes/chambord/Users/ether/perl5/perlbrew"
PERLBREW_SHELLRC_VERSION="0.97"
PERLBREW_VERSION="0.98"
PERLDOC="-oman"
PERLDOC_PAGER="less -sicMr"
PERL_AUTOINSTALL_PREFER_CPAN="1"
PERL_INSTALL_QUIET="1"
PERL_LOCAL_LIB_ROOT="/Volumes/chambord/Users/ether/.perlbrew/libs/39.2@std"
PERL_MB_OPT="--install_base /Volumes/chambord/Users/ether/.perlbrew/libs/39.2@std"
PERL_MM_OPT="INSTALL_BASE=/Volumes/chambord/Users/ether/.perlbrew/libs/39.2@std"
PERL_TEST_HARNESS_ASAP="1"
PERL_USE_UNSAFE_INC="0"
@INC:
/Volumes/chambord/Users/ether/.perlbrew/libs/39.2@std/lib/perl5/darwin-2level
/Volumes/chambord/Users/ether/.perlbrew/libs/39.2@std/lib/perl5
/Volumes/chambord/Users/ether/perl5/perlbrew/perls/39.2/lib/site_perl/5.39.2/darwin-2level
/Volumes/chambord/Users/ether/perl5/perlbrew/perls/39.2/lib/site_perl/5.39.2
/Volumes/chambord/Users/ether/perl5/perlbrew/perls/39.2/lib/5.39.2/darwin-2level
/Volumes/chambord/Users/ether/perl5/perlbrew/perls/39.2/lib/5.39.2