Back
From: metabase:user:a0e144f2-373b-11e6-8edd-c6848980b093
Subject: FAIL Catalyst-Plugin-Authentication-Store-DBIC-0.11 v5.26.0 GNU/Linux
Date: 2017-04-22T13:34:16Z
This distribution has been tested as part of the CPAN Testers
project, supporting the Perl programming language. See
http://wiki.cpantesters.org/ for more information or email
questions to cpan-testers-discuss@perl.org
--
Dear Matt S Trout,
This is a computer-generated report for Catalyst-Plugin-Authentication-Store-DBIC-0.11
on perl 5.26.0, created by CPAN-Reporter-1.2018.
Thank you for uploading your work to CPAN. However, there was a problem
testing your distribution.
If you think this report is invalid, please consult the CPAN Testers Wiki
for suggestions on how to avoid getting FAIL reports for missing library
or binary dependencies, unsupported operating systems, and so on:
http://wiki.cpantesters.org/wiki/CPANAuthorNotes
Sections of this report:
* Tester comments
* Program output
* Prerequisites
* Environment and other context
------------------------------
TESTER COMMENTS
------------------------------
Additional comments from tester:
this report is from an automated smoke testing program
and was not reviewed by a human for accuracy
------------------------------
PROGRAM OUTPUT
------------------------------
Output from '/usr/bin/make test':
PERL_DL_NONLAZY=1 "/home/cpan1/install/bin/perl" "-MExtUtils::Command::MM" "-MTest::Harness" "-e" "undef *Test::Harness::Switches; test_harness(0, 'inc', 'blib/lib', 'blib/arch')" t/01use.t t/02pod.t t/03podcoverage.t t/04auth-clear.t t/05auth-crypted.t t/06auth-hashed.t t/06auth-salted-hash.t t/07auth-sessions-peruser.t t/07auth-sessions.t t/09authz-cdbi.t t/10authz-dbic-schema.t t/11autocreate.t
t/02pod.t .................... skipped: set TEST_POD to enable this test
t/03podcoverage.t ............ skipped: set TEST_POD to enable this test
t/01use.t .................... ok
DBD::SQLite::db do failed: attempt to write a readonly database at /home/cpan1/.cpan/build/Catalyst-Plugin-Authentication-Store-DBIC-0.11-0/t/lib/SetupDB.pm line 34.
DBD::SQLite::db do failed: attempt to write a readonly database at /home/cpan1/.cpan/build/Catalyst-Plugin-Authentication-Store-DBIC-0.11-0/t/lib/SetupDB.pm line 34.
DBD::SQLite::db do failed: attempt to write a readonly database at /home/cpan1/.cpan/build/Catalyst-Plugin-Authentication-Store-DBIC-0.11-0/t/lib/SetupDB.pm line 34.
DBD::SQLite::db do failed: attempt to write a readonly database at /home/cpan1/.cpan/build/Catalyst-Plugin-Authentication-Store-DBIC-0.11-0/t/lib/SetupDB.pm line 34.
DBD::SQLite::db do failed: attempt to write a readonly database at /home/cpan1/.cpan/build/Catalyst-Plugin-Authentication-Store-DBIC-0.11-0/t/lib/SetupDB.pm line 34.
DBD::SQLite::db do failed: attempt to write a readonly database at /home/cpan1/.cpan/build/Catalyst-Plugin-Authentication-Store-DBIC-0.11-0/t/lib/SetupDB.pm line 34.
DBD::SQLite::db do failed: attempt to write a readonly database at /home/cpan1/.cpan/build/Catalyst-Plugin-Authentication-Store-DBIC-0.11-0/t/lib/SetupDB.pm line 34.
DBD::SQLite::db do failed: attempt to write a readonly database at /home/cpan1/.cpan/build/Catalyst-Plugin-Authentication-Store-DBIC-0.11-0/t/lib/SetupDB.pm line 34.
DBD::SQLite::db do failed: no such table: user_role at /home/cpan1/.cpan/build/Catalyst-Plugin-Authentication-Store-DBIC-0.11-0/t/lib/SetupDB.pm line 34.
DBD::SQLite::db do failed: no such table: user_role at /home/cpan1/.cpan/build/Catalyst-Plugin-Authentication-Store-DBIC-0.11-0/t/lib/SetupDB.pm line 34.
DBD::SQLite::db do failed: no such table: user_role at /home/cpan1/.cpan/build/Catalyst-Plugin-Authentication-Store-DBIC-0.11-0/t/lib/SetupDB.pm line 34.
Can't use string ("HASH(0x17c2488)") as a HASH ref while "strict refs" in use at /home/cpan1/install/lib/perl5/site_perl/5.26.0/Catalyst/Component.pm line 132.
Compilation failed in require at /home/cpan1/install/lib/perl5/site_perl/5.26.0/Catalyst/Test.pm line 155.
BEGIN failed--compilation aborted at t/04auth-clear.t line 46.
# Looks like your test exited with 255 before it could output anything.
t/04auth-clear.t .............
Dubious, test returned 255 (wstat 65280, 0xff00)
Failed 6/6 subtests
DBD::SQLite::db do failed: disk I/O error at /home/cpan1/.cpan/build/Catalyst-Plugin-Authentication-Store-DBIC-0.11-0/t/lib/SetupDB.pm line 34.
DBD::SQLite::db do failed: attempt to write a readonly database at /home/cpan1/.cpan/build/Catalyst-Plugin-Authentication-Store-DBIC-0.11-0/t/lib/SetupDB.pm line 34.
DBD::SQLite::db do failed: attempt to write a readonly database at /home/cpan1/.cpan/build/Catalyst-Plugin-Authentication-Store-DBIC-0.11-0/t/lib/SetupDB.pm line 34.
DBD::SQLite::db do failed: attempt to write a readonly database at /home/cpan1/.cpan/build/Catalyst-Plugin-Authentication-Store-DBIC-0.11-0/t/lib/SetupDB.pm line 34.
DBD::SQLite::db do failed: attempt to write a readonly database at /home/cpan1/.cpan/build/Catalyst-Plugin-Authentication-Store-DBIC-0.11-0/t/lib/SetupDB.pm line 34.
DBD::SQLite::db do failed: attempt to write a readonly database at /home/cpan1/.cpan/build/Catalyst-Plugin-Authentication-Store-DBIC-0.11-0/t/lib/SetupDB.pm line 34.
DBD::SQLite::db do failed: attempt to write a readonly database at /home/cpan1/.cpan/build/Catalyst-Plugin-Authentication-Store-DBIC-0.11-0/t/lib/SetupDB.pm line 34.
DBD::SQLite::db do failed: attempt to write a readonly database at /home/cpan1/.cpan/build/Catalyst-Plugin-Authentication-Store-DBIC-0.11-0/t/lib/SetupDB.pm line 34.
Can't use string ("HASH(0x2cb68a0)") as a HASH ref while "strict refs" in use at /home/cpan1/install/lib/perl5/site_perl/5.26.0/Catalyst/Component.pm line 132.
Compilation failed in require at /home/cpan1/install/lib/perl5/site_perl/5.26.0/Catalyst/Test.pm line 155.
BEGIN failed--compilation aborted at t/06auth-hashed.t line 51.
# Looks like your test exited with 255 before it could output anything.
t/06auth-hashed.t ............
Dubious, test returned 255 (wstat 65280, 0xff00)
Failed 2/2 subtests
DBD::SQLite::db do failed: table user already exists at /home/cpan1/.cpan/build/Catalyst-Plugin-Authentication-Store-DBIC-0.11-0/t/lib/SetupDB.pm line 34.
DBD::SQLite::db do failed: table role already exists at /home/cpan1/.cpan/build/Catalyst-Plugin-Authentication-Store-DBIC-0.11-0/t/lib/SetupDB.pm line 34.
DBD::SQLite::db do failed: attempt to write a readonly database at /home/cpan1/.cpan/build/Catalyst-Plugin-Authentication-Store-DBIC-0.11-0/t/lib/SetupDB.pm line 34.
DBD::SQLite::db do failed: attempt to write a readonly database at /home/cpan1/.cpan/build/Catalyst-Plugin-Authentication-Store-DBIC-0.11-0/t/lib/SetupDB.pm line 34.
DBD::SQLite::db do failed: attempt to write a readonly database at /home/cpan1/.cpan/build/Catalyst-Plugin-Authentication-Store-DBIC-0.11-0/t/lib/SetupDB.pm line 34.
DBD::SQLite::db do failed: attempt to write a readonly database at /home/cpan1/.cpan/build/Catalyst-Plugin-Authentication-Store-DBIC-0.11-0/t/lib/SetupDB.pm line 34.
DBD::SQLite::db do failed: attempt to write a readonly database at /home/cpan1/.cpan/build/Catalyst-Plugin-Authentication-Store-DBIC-0.11-0/t/lib/SetupDB.pm line 34.
DBD::SQLite::db do failed: attempt to write a readonly database at /home/cpan1/.cpan/build/Catalyst-Plugin-Authentication-Store-DBIC-0.11-0/t/lib/SetupDB.pm line 34.
DBD::SQLite::db do failed: attempt to write a readonly database at /home/cpan1/.cpan/build/Catalyst-Plugin-Authentication-Store-DBIC-0.11-0/t/lib/SetupDB.pm line 34.
DBD::SQLite::db do failed: attempt to write a readonly database at /home/cpan1/.cpan/build/Catalyst-Plugin-Authentication-Store-DBIC-0.11-0/t/lib/SetupDB.pm line 34.
DBD::SQLite::db do failed: no such table: user_role at /home/cpan1/.cpan/build/Catalyst-Plugin-Authentication-Store-DBIC-0.11-0/t/lib/SetupDB.pm line 34.
DBD::SQLite::db do failed: no such table: user_role at /home/cpan1/.cpan/build/Catalyst-Plugin-Authentication-Store-DBIC-0.11-0/t/lib/SetupDB.pm line 34.
DBD::SQLite::db do failed: no such table: user_role at /home/cpan1/.cpan/build/Catalyst-Plugin-Authentication-Store-DBIC-0.11-0/t/lib/SetupDB.pm line 34.
Can't use string ("HASH(0x175e710)") as a HASH ref while "strict refs" in use at /home/cpan1/install/lib/perl5/site_perl/5.26.0/Catalyst/Component.pm line 132.
Compilation failed in require at /home/cpan1/install/lib/perl5/site_perl/5.26.0/Catalyst/Test.pm line 155.
BEGIN failed--compilation aborted at t/05auth-crypted.t line 46.
# Looks like your test exited with 255 before it could output anything.
t/05auth-crypted.t ...........
Dubious, test returned 255 (wstat 65280, 0xff00)
Failed 2/2 subtests
DBD::SQLite::db do failed: disk I/O error at /home/cpan1/.cpan/build/Catalyst-Plugin-Authentication-Store-DBIC-0.11-0/t/lib/SetupDB.pm line 34.
DBD::SQLite::db do failed: attempt to write a readonly database at /home/cpan1/.cpan/build/Catalyst-Plugin-Authentication-Store-DBIC-0.11-0/t/lib/SetupDB.pm line 34.
DBD::SQLite::db do failed: attempt to write a readonly database at /home/cpan1/.cpan/build/Catalyst-Plugin-Authentication-Store-DBIC-0.11-0/t/lib/SetupDB.pm line 34.
DBD::SQLite::db do failed: attempt to write a readonly database at /home/cpan1/.cpan/build/Catalyst-Plugin-Authentication-Store-DBIC-0.11-0/t/lib/SetupDB.pm line 34.
DBD::SQLite::db do failed: attempt to write a readonly database at /home/cpan1/.cpan/build/Catalyst-Plugin-Authentication-Store-DBIC-0.11-0/t/lib/SetupDB.pm line 34.
Can't use string ("HASH(0x29ac638)") as a HASH ref while "strict refs" in use at /home/cpan1/install/lib/perl5/site_perl/5.26.0/Catalyst/Component.pm line 132.
Compilation failed in require at /home/cpan1/install/lib/perl5/site_perl/5.26.0/Test/WWW/Mechanize/Catalyst.pm line 245.
Test::WWW::Mechanize::Catalyst::import("Test::WWW::Mechanize::Catalyst", "TestApp") called at t/06auth-salted-hash.t line 52
main::BEGIN() called at t/06auth-salted-hash.t line 52
eval {...} called at t/06auth-salted-hash.t line 52
BEGIN failed--compilation aborted at t/06auth-salted-hash.t line 52.
# Looks like your test exited with 255 before it could output anything.
t/06auth-salted-hash.t .......
Dubious, test returned 255 (wstat 65280, 0xff00)
Failed 2/2 subtests
DBD::SQLite::db do failed: disk I/O error at /home/cpan1/.cpan/build/Catalyst-Plugin-Authentication-Store-DBIC-0.11-0/t/lib/SetupDB.pm line 34.
DBD::SQLite::db do failed: attempt to write a readonly database at /home/cpan1/.cpan/build/Catalyst-Plugin-Authentication-Store-DBIC-0.11-0/t/lib/SetupDB.pm line 34.
DBD::SQLite::db do failed: attempt to write a readonly database at /home/cpan1/.cpan/build/Catalyst-Plugin-Authentication-Store-DBIC-0.11-0/t/lib/SetupDB.pm line 34.
DBD::SQLite::db do failed: attempt to write a readonly database at /home/cpan1/.cpan/build/Catalyst-Plugin-Authentication-Store-DBIC-0.11-0/t/lib/SetupDB.pm line 34.
DBD::SQLite::db do failed: attempt to write a readonly database at /home/cpan1/.cpan/build/Catalyst-Plugin-Authentication-Store-DBIC-0.11-0/t/lib/SetupDB.pm line 34.
DBD::SQLite::db do failed: attempt to write a readonly database at /home/cpan1/.cpan/build/Catalyst-Plugin-Authentication-Store-DBIC-0.11-0/t/lib/SetupDB.pm line 34.
DBD::SQLite::db do failed: attempt to write a readonly database at /home/cpan1/.cpan/build/Catalyst-Plugin-Authentication-Store-DBIC-0.11-0/t/lib/SetupDB.pm line 34.
DBD::SQLite::db do failed: attempt to write a readonly database at /home/cpan1/.cpan/build/Catalyst-Plugin-Authentication-Store-DBIC-0.11-0/t/lib/SetupDB.pm line 34.
DBD::SQLite::db do failed: no such table: role at /home/cpan1/.cpan/build/Catalyst-Plugin-Authentication-Store-DBIC-0.11-0/t/lib/SetupDB.pm line 34.
DBD::SQLite::db do failed: no such table: role at /home/cpan1/.cpan/build/Catalyst-Plugin-Authentication-Store-DBIC-0.11-0/t/lib/SetupDB.pm line 34.
DBD::SQLite::db do failed: no such table: user_role at /home/cpan1/.cpan/build/Catalyst-Plugin-Authentication-Store-DBIC-0.11-0/t/lib/SetupDB.pm line 34.
DBD::SQLite::db do failed: no such table: user_role at /home/cpan1/.cpan/build/Catalyst-Plugin-Authentication-Store-DBIC-0.11-0/t/lib/SetupDB.pm line 34.
DBD::SQLite::db do failed: no such table: user_role at /home/cpan1/.cpan/build/Catalyst-Plugin-Authentication-Store-DBIC-0.11-0/t/lib/SetupDB.pm line 34.
Can't use string ("HASH(0x5231f78)") as a HASH ref while "strict refs" in use at /home/cpan1/install/lib/perl5/site_perl/5.26.0/Catalyst/Component.pm line 132.
Compilation failed in require at /home/cpan1/install/lib/perl5/site_perl/5.26.0/Test/WWW/Mechanize/Catalyst.pm line 245.
Test::WWW::Mechanize::Catalyst::import("Test::WWW::Mechanize::Catalyst", "TestApp") called at t/07auth-sessions-peruser.t line 69
main::BEGIN() called at t/07auth-sessions-peruser.t line 69
eval {...} called at t/07auth-sessions-peruser.t line 69
BEGIN failed--compilation aborted at t/07auth-sessions-peruser.t line 69.
# Looks like your test exited with 255 before it could output anything.
t/07auth-sessions-peruser.t ..
Dubious, test returned 255 (wstat 65280, 0xff00)
Failed 14/14 subtests
DBD::SQLite::db do failed: disk I/O error at /home/cpan1/.cpan/build/Catalyst-Plugin-Authentication-Store-DBIC-0.11-0/t/lib/SetupDB.pm line 34.
DBD::SQLite::db do failed: attempt to write a readonly database at /home/cpan1/.cpan/build/Catalyst-Plugin-Authentication-Store-DBIC-0.11-0/t/lib/SetupDB.pm line 34.
DBD::SQLite::db do failed: attempt to write a readonly database at /home/cpan1/.cpan/build/Catalyst-Plugin-Authentication-Store-DBIC-0.11-0/t/lib/SetupDB.pm line 34.
DBD::SQLite::db do failed: attempt to write a readonly database at /home/cpan1/.cpan/build/Catalyst-Plugin-Authentication-Store-DBIC-0.11-0/t/lib/SetupDB.pm line 34.
DBD::SQLite::db do failed: attempt to write a readonly database at /home/cpan1/.cpan/build/Catalyst-Plugin-Authentication-Store-DBIC-0.11-0/t/lib/SetupDB.pm line 34.
DBD::SQLite::db do failed: attempt to write a readonly database at /home/cpan1/.cpan/build/Catalyst-Plugin-Authentication-Store-DBIC-0.11-0/t/lib/SetupDB.pm line 34.
Can't use string ("HASH(0x436be30)") as a HASH ref while "strict refs" in use at /home/cpan1/install/lib/perl5/site_perl/5.26.0/Catalyst/Component.pm line 132.
Compilation failed in require at /home/cpan1/install/lib/perl5/site_perl/5.26.0/Test/WWW/Mechanize/Catalyst.pm line 245.
Test::WWW::Mechanize::Catalyst::import("Test::WWW::Mechanize::Catalyst", "TestApp") called at t/07auth-sessions.t line 62
main::BEGIN() called at t/07auth-sessions.t line 62
eval {...} called at t/07auth-sessions.t line 62
BEGIN failed--compilation aborted at t/07auth-sessions.t line 62.
# Looks like your test exited with 255 before it could output anything.
t/07auth-sessions.t ..........
Dubious, test returned 255 (wstat 65280, 0xff00)
Failed 8/8 subtests
DBD::SQLite::db do failed: disk I/O error at /home/cpan1/.cpan/build/Catalyst-Plugin-Authentication-Store-DBIC-0.11-0/t/lib/SetupDB.pm line 34.
DBD::SQLite::db do failed: attempt to write a readonly database at /home/cpan1/.cpan/build/Catalyst-Plugin-Authentication-Store-DBIC-0.11-0/t/lib/SetupDB.pm line 34.
DBD::SQLite::db do failed: attempt to write a readonly database at /home/cpan1/.cpan/build/Catalyst-Plugin-Authentication-Store-DBIC-0.11-0/t/lib/SetupDB.pm line 34.
DBD::SQLite::db do failed: attempt to write a readonly database at /home/cpan1/.cpan/build/Catalyst-Plugin-Authentication-Store-DBIC-0.11-0/t/lib/SetupDB.pm line 34.
DBD::SQLite::db do failed: attempt to write a readonly database at /home/cpan1/.cpan/build/Catalyst-Plugin-Authentication-Store-DBIC-0.11-0/t/lib/SetupDB.pm line 34.
DBD::SQLite::db do failed: attempt to write a readonly database at /home/cpan1/.cpan/build/Catalyst-Plugin-Authentication-Store-DBIC-0.11-0/t/lib/SetupDB.pm line 34.
DBD::SQLite::db do failed: attempt to write a readonly database at /home/cpan1/.cpan/build/Catalyst-Plugin-Authentication-Store-DBIC-0.11-0/t/lib/SetupDB.pm line 34.
DBD::SQLite::db do failed: attempt to write a readonly database at /home/cpan1/.cpan/build/Catalyst-Plugin-Authentication-Store-DBIC-0.11-0/t/lib/SetupDB.pm line 34.
DBD::SQLite::db do failed: attempt to write a readonly database at /home/cpan1/.cpan/build/Catalyst-Plugin-Authentication-Store-DBIC-0.11-0/t/lib/SetupDB.pm line 34.
DBD::SQLite::db do failed: attempt to write a readonly database at /home/cpan1/.cpan/build/Catalyst-Plugin-Authentication-Store-DBIC-0.11-0/t/lib/SetupDB.pm line 34.
Can't use string ("HASH(0x3de6100)") as a HASH ref while "strict refs" in use at /home/cpan1/install/lib/perl5/site_perl/5.26.0/Catalyst/Component.pm line 132.
Compilation failed in require at /home/cpan1/install/lib/perl5/site_perl/5.26.0/Catalyst/Test.pm line 155.
BEGIN failed--compilation aborted at t/10authz-dbic-schema.t line 66.
# Looks like your test exited with 255 before it could output anything.
t/10authz-dbic-schema.t ......
Dubious, test returned 255 (wstat 65280, 0xff00)
Failed 8/8 subtests
DBD::SQLite::db do failed: disk I/O error at /home/cpan1/.cpan/build/Catalyst-Plugin-Authentication-Store-DBIC-0.11-0/t/lib/SetupDB.pm line 34.
DBD::SQLite::db do failed: attempt to write a readonly database at /home/cpan1/.cpan/build/Catalyst-Plugin-Authentication-Store-DBIC-0.11-0/t/lib/SetupDB.pm line 34.
DBD::SQLite::db do failed: attempt to write a readonly database at /home/cpan1/.cpan/build/Catalyst-Plugin-Authentication-Store-DBIC-0.11-0/t/lib/SetupDB.pm line 34.
DBD::SQLite::db do failed: attempt to write a readonly database at /home/cpan1/.cpan/build/Catalyst-Plugin-Authentication-Store-DBIC-0.11-0/t/lib/SetupDB.pm line 34.
DBD::SQLite::db do failed: attempt to write a readonly database at /home/cpan1/.cpan/build/Catalyst-Plugin-Authentication-Store-DBIC-0.11-0/t/lib/SetupDB.pm line 34.
DBD::SQLite::db do failed: attempt to write a readonly database at /home/cpan1/.cpan/build/Catalyst-Plugin-Authentication-Store-DBIC-0.11-0/t/lib/SetupDB.pm line 34.
DBD::SQLite::db do failed: attempt to write a readonly database at /home/cpan1/.cpan/build/Catalyst-Plugin-Authentication-Store-DBIC-0.11-0/t/lib/SetupDB.pm line 34.
DBD::SQLite::db do failed: attempt to write a readonly database at /home/cpan1/.cpan/build/Catalyst-Plugin-Authentication-Store-DBIC-0.11-0/t/lib/SetupDB.pm line 34.
DBD::SQLite::db do failed: no such table: role at /home/cpan1/.cpan/build/Catalyst-Plugin-Authentication-Store-DBIC-0.11-0/t/lib/SetupDB.pm line 34.
DBD::SQLite::db do failed: no such table: role at /home/cpan1/.cpan/build/Catalyst-Plugin-Authentication-Store-DBIC-0.11-0/t/lib/SetupDB.pm line 34.
DBD::SQLite::db do failed: no such table: user_role at /home/cpan1/.cpan/build/Catalyst-Plugin-Authentication-Store-DBIC-0.11-0/t/lib/SetupDB.pm line 34.
DBD::SQLite::db do failed: no such table: user_role at /home/cpan1/.cpan/build/Catalyst-Plugin-Authentication-Store-DBIC-0.11-0/t/lib/SetupDB.pm line 34.
DBD::SQLite::db do failed: no such table: user_role at /home/cpan1/.cpan/build/Catalyst-Plugin-Authentication-Store-DBIC-0.11-0/t/lib/SetupDB.pm line 34.
Can't use string ("HASH(0x2e054b8)") as a HASH ref while "strict refs" in use at /home/cpan1/install/lib/perl5/site_perl/5.26.0/Catalyst/Component.pm line 132.
Compilation failed in require at /home/cpan1/install/lib/perl5/site_perl/5.26.0/Catalyst/Test.pm line 155.
BEGIN failed--compilation aborted at t/09authz-cdbi.t line 60.
# Looks like your test exited with 255 before it could output anything.
t/09authz-cdbi.t .............
Dubious, test returned 255 (wstat 65280, 0xff00)
Failed 8/8 subtests
DBD::SQLite::db do failed: disk I/O error at /home/cpan1/.cpan/build/Catalyst-Plugin-Authentication-Store-DBIC-0.11-0/t/lib/SetupDB.pm line 34.
Can't use string ("HASH(0x2e46820)") as a HASH ref while "strict refs" in use at /home/cpan1/install/lib/perl5/site_perl/5.26.0/Catalyst/Component.pm line 132.
Compilation failed in require at /home/cpan1/install/lib/perl5/site_perl/5.26.0/Catalyst/Test.pm line 155.
BEGIN failed--compilation aborted at t/11autocreate.t line 47.
# Looks like your test exited with 255 before it could output anything.
t/11autocreate.t .............
Dubious, test returned 255 (wstat 65280, 0xff00)
Failed 2/2 subtests
Test Summary Report
-------------------
t/04auth-clear.t (Wstat: 65280 Tests: 0 Failed: 0)
Non-zero exit status: 255
Parse errors: Bad plan. You planned 6 tests but ran 0.
t/06auth-hashed.t (Wstat: 65280 Tests: 0 Failed: 0)
Non-zero exit status: 255
Parse errors: Bad plan. You planned 2 tests but ran 0.
t/05auth-crypted.t (Wstat: 65280 Tests: 0 Failed: 0)
Non-zero exit status: 255
Parse errors: Bad plan. You planned 2 tests but ran 0.
t/06auth-salted-hash.t (Wstat: 65280 Tests: 0 Failed: 0)
Non-zero exit status: 255
Parse errors: Bad plan. You planned 2 tests but ran 0.
t/07auth-sessions-peruser.t (Wstat: 65280 Tests: 0 Failed: 0)
Non-zero exit status: 255
Parse errors: Bad plan. You planned 14 tests but ran 0.
t/07auth-sessions.t (Wstat: 65280 Tests: 0 Failed: 0)
Non-zero exit status: 255
Parse errors: Bad plan. You planned 8 tests but ran 0.
t/10authz-dbic-schema.t (Wstat: 65280 Tests: 0 Failed: 0)
Non-zero exit status: 255
Parse errors: Bad plan. You planned 8 tests but ran 0.
t/09authz-cdbi.t (Wstat: 65280 Tests: 0 Failed: 0)
Non-zero exit status: 255
Parse errors: Bad plan. You planned 8 tests but ran 0.
t/11autocreate.t (Wstat: 65280 Tests: 0 Failed: 0)
Non-zero exit status: 255
Parse errors: Bad plan. You planned 2 tests but ran 0.
Files=12, Tests=4, 8 wallclock secs ( 0.04 usr 0.00 sys + 7.88 cusr 0.38 csys = 8.30 CPU)
Result: FAIL
Failed 9/12 test programs. 0/4 subtests failed.
Makefile:787: recipe for target 'test_dynamic' failed
make: *** [test_dynamic] Error 255
------------------------------
PREREQUISITES
------------------------------
Prerequisite modules loaded:
requires:
Module Need Have
-------------------------------- ---- --------
Catalyst::Model::DBIC::Schema 0 0.65
Catalyst::Plugin::Authentication 0.06 0.10023
Catalyst::Runtime 0 5.90114
Class::Accessor::Fast 0 0.34
DBIx::Class 0 0.082840
ExtUtils::MakeMaker 7.24 7.24
Set::Object 1.14 1.35
build_requires:
Module Need Have
-------------------------------- ---- --------
ExtUtils::MakeMaker 0 7.24
------------------------------
ENVIRONMENT AND OTHER CONTEXT
------------------------------
Environment variables:
AUTOMATED_TESTING = 1
HARNESS_OPTIONS = j3
LANG = en_US.UTF-8
PATH = /usr/local/bin:/usr/bin:/bin:/usr/local/games:/usr/games
PERL5LIB =
PERL5OPT =
PERL5_CPANPLUS_IS_RUNNING = 7040
PERL5_CPAN_IS_RUNNING = 7040
PERL5_CPAN_IS_RUNNING_IN_RECURSION = 28751,7040
PERL_CR_SMOKER_CURRENT = Catalyst-Plugin-Authentication-Store-DBIC-0.11
PERL_CR_SMOKER_RUNONCE = 1
PERL_EXTUTILS_AUTOINSTALL = --defaultdeps
PERL_MM_USE_DEFAULT = 1
SHELL = /bin/bash
TERM = putty-256color
Perl special variables (and OS-specific diagnostics, for MSWin32):
$^X = /home/cpan1/install/bin/perl
$UID/$EUID = 1002 / 1002
$GID = 1002 1002
$EGID = 1002 1002
Perl module toolchain versions installed:
Module Have
------------------- --------
CPAN 2.16
CPAN::Meta 2.150010
Cwd 3.62
ExtUtils::CBuilder 0.280224
ExtUtils::Command 7.24
ExtUtils::Install 2.04
ExtUtils::MakeMaker 7.24
ExtUtils::Manifest 1.70
ExtUtils::ParseXS 3.30
File::Spec 3.62
JSON 2.91_04
JSON::PP 2.27400
Module::Build 0.4222
Module::Signature 0.81
Parse::CPAN::Meta 2.150010
Test::Harness 3.39
Test::More 1.302078
YAML 1.23
YAML::Syck 1.29
version 0.9917
--
Summary of my perl5 (revision 5 version 26 subversion 0) configuration:
Commit id: f57d8456e7b8d6b2dad0bb49899cfdc68007b794
Platform:
osname=linux
osvers=3.16.0-4-amd64
archname=x86_64-linux-thread-multi
uname='linux digitalis 3.16.0-4-amd64 #1 smp debian 3.16.36-1+deb8u2 (2016-10-19) x86_64 gnulinux '
config_args='-Dusedevel -DDEBUGGING -Dusethreads -Dprefix=/home/cpan1/install -Uversiononly -des'
hint=recommended
useposix=true
d_sigaction=define
useithreads=define
usemultiplicity=define
use64bitint=define
use64bitall=define
uselongdouble=undef
usemymalloc=n
default_inc_excludes_dot=define
bincompat5005=undef
Compiler:
cc='cc'
ccflags ='-D_REENTRANT -D_GNU_SOURCE -fwrapv -DDEBUGGING -fno-strict-aliasing -pipe -fstack-protector-strong -I/usr/local/include -D_LARGEFILE_SOURCE -D_FILE_OFFSET_BITS=64 -D_FORTIFY_SOURCE=2'
optimize='-O2 -g'
cppflags='-D_REENTRANT -D_GNU_SOURCE -fwrapv -DDEBUGGING -fno-strict-aliasing -pipe -fstack-protector-strong -I/usr/local/include'
ccversion=''
gccversion='4.9.2'
gccosandvers=''
intsize=4
longsize=8
ptrsize=8
doublesize=8
byteorder=12345678
doublekind=3
d_longlong=define
longlongsize=8
d_longdbl=define
longdblsize=16
longdblkind=3
ivtype='long'
ivsize=8
nvtype='double'
nvsize=8
Off_t='off_t'
lseeksize=8
alignbytes=8
prototype=define
Linker and Libraries:
ld='cc'
ldflags =' -fstack-protector-strong -L/usr/local/lib'
libpth=/usr/local/lib /usr/lib/gcc/x86_64-linux-gnu/4.9/include-fixed /usr/include/x86_64-linux-gnu /usr/lib /lib/x86_64-linux-gnu /lib/../lib /usr/lib/x86_64-linux-gnu /usr/lib/../lib /lib /lib64 /usr/lib64
libs=-lpthread -lnsl -ldl -lm -lcrypt -lutil -lc
perllibs=-lpthread -lnsl -ldl -lm -lcrypt -lutil -lc
libc=libc-2.19.so
so=so
useshrplib=false
libperl=libperl.a
gnulibc_version='2.19'
Dynamic Linking:
dlsrc=dl_dlopen.xs
dlext=so
d_dlsymun=undef
ccdlflags='-Wl,-E'
cccdlflags='-fPIC'
lddlflags='-shared -O2 -g -L/usr/local/lib -fstack-protector-strong'
Characteristics of this binary (from libperl):
Compile-time options:
DEBUGGING
HAS_TIMES
MULTIPLICITY
PERLIO_LAYERS
PERL_COPY_ON_WRITE
PERL_DONT_CREATE_GVSV
PERL_IMPLICIT_CONTEXT
PERL_MALLOC_WRAP
PERL_OP_PARENT
PERL_PRESERVE_IVUV
PERL_TRACK_MEMPOOL
PERL_USE_DEVEL
USE_64_BIT_ALL
USE_64_BIT_INT
USE_ITHREADS
USE_LARGE_FILES
USE_LOCALE
USE_LOCALE_COLLATE
USE_LOCALE_CTYPE
USE_LOCALE_NUMERIC
USE_LOCALE_TIME
USE_PERLIO
USE_PERL_ATOF
USE_REENTRANT_API
Built under linux
Compiled at Apr 11 2017 21:42:25
%ENV:
PERL5LIB=""
PERL5OPT=""
PERL5_CPANPLUS_IS_RUNNING="7040"
PERL5_CPAN_IS_RUNNING="7040"
PERL5_CPAN_IS_RUNNING_IN_RECURSION="28751,7040"
PERL_CR_SMOKER_CURRENT="Catalyst-Plugin-Authentication-Store-DBIC-0.11"
PERL_CR_SMOKER_RUNONCE="1"
PERL_EXTUTILS_AUTOINSTALL="--defaultdeps"
PERL_MM_USE_DEFAULT="1"
@INC:
/home/cpan1/install/lib/perl5/site_perl/5.26.0/x86_64-linux-thread-multi
/home/cpan1/install/lib/perl5/site_perl/5.26.0
/home/cpan1/install/lib/perl5/5.26.0/x86_64-linux-thread-multi
/home/cpan1/install/lib/perl5/5.26.0