Report for Email-Address-List-0.02

Back
From: metabase:user:31d414ea-2aae-11df-837a-5e0a49663a4f
Subject: FAIL Email-Address-List-0.02 v5.14.4 GNU/Linux
Date: 2014-01-29T18:08:40Z

This distribution has been tested as part of the CPAN Testers
project, supporting the Perl programming language.  See
http://wiki.cpantesters.org/ for more information or email
questions to cpan-testers-discuss@perl.org


--
Dear Alex Vandiver,

This is a computer-generated report for Email-Address-List-0.02
on perl 5.14.4, created by CPAN-Reporter-1.2009.

Thank you for uploading your work to CPAN.  However, there was a problem
testing your distribution.

If you think this report is invalid, please consult the CPAN Testers Wiki
for suggestions on how to avoid getting FAIL reports for missing library
or binary dependencies, unsupported operating systems, and so on:

http://wiki.cpantesters.org/wiki/CPANAuthorNotes

Sections of this report:

    * Tester comments
    * Program output
    * Prerequisites
    * Environment and other context

------------------------------
TESTER COMMENTS
------------------------------

Additional comments from tester:

this report is from an automated smoke testing program
and was not reviewed by a human for accuracy

------------------------------
PROGRAM OUTPUT
------------------------------

Output from '/usr/bin/make test':

PERL_DL_NONLAZY=1 /home/david/cpantesting/perl-5.14.4/bin/perl "-MExtUtils::Command::MM" "-e" "test_harness(0, 'inc', 'blib/lib', 'blib/arch')" t/*.t

#   Failed test 'use Email::Address::List;'
#   at t/basics.t line 3.
#     Tried to use 'Email::Address::List'.
#     Error:  Can't locate Email/Address.pm in @INC (@INC contains: /home/david/cpantesting/perl-5.14.4/.cpan/build/Email-Address-List-0.02-eFSz9w/inc /home/david/cpantesting/perl-5.14.4/.cpan/build/Email-Address-List-0.02-eFSz9w/blib/lib /home/david/cpantesting/perl-5.14.4/.cpan/build/Email-Address-List-0.02-eFSz9w/blib/arch /home/david/cpantesting/perl-5.14.4/lib/site_perl/5.14.4/x86_64-linux-thread-multi /home/david/cpantesting/perl-5.14.4/lib/site_perl/5.14.4 /home/david/cpantesting/perl-5.14.4/lib/5.14.4/x86_64-linux-thread-multi /home/david/cpantesting/perl-5.14.4/lib/5.14.4 .) at /home/david/cpantesting/perl-5.14.4/.cpan/build/Email-Address-List-0.02-eFSz9w/blib/lib/Email/Address/List.pm line 6.
# BEGIN failed--compilation aborted at /home/david/cpantesting/perl-5.14.4/.cpan/build/Email-Address-List-0.02-eFSz9w/blib/lib/Email/Address/List.pm line 6.
# Compilation failed in require at (eval 4) line 2.
# BEGIN failed--compilation aborted at (eval 4) line 2.
Can't locate object method "parse" via package "Email::Address::List" at t/basics.t line 6.
# Looks like you planned 3 tests but ran 1.
# Looks like you failed 1 test of 1 run.
# Looks like your test exited with 255 just after 1.
t/basics.t ............... 
Dubious, test returned 255 (wstat 65280, 0xff00)
Failed 3/3 subtests 

#   Failed test 'use Email::Address::List;'
#   at t/invalid.t line 3.
#     Tried to use 'Email::Address::List'.
#     Error:  Can't locate Email/Address.pm in @INC (@INC contains: /home/david/cpantesting/perl-5.14.4/.cpan/build/Email-Address-List-0.02-eFSz9w/inc /home/david/cpantesting/perl-5.14.4/.cpan/build/Email-Address-List-0.02-eFSz9w/blib/lib /home/david/cpantesting/perl-5.14.4/.cpan/build/Email-Address-List-0.02-eFSz9w/blib/arch /home/david/cpantesting/perl-5.14.4/lib/site_perl/5.14.4/x86_64-linux-thread-multi /home/david/cpantesting/perl-5.14.4/lib/site_perl/5.14.4 /home/david/cpantesting/perl-5.14.4/lib/5.14.4/x86_64-linux-thread-multi /home/david/cpantesting/perl-5.14.4/lib/5.14.4 .) at /home/david/cpantesting/perl-5.14.4/.cpan/build/Email-Address-List-0.02-eFSz9w/blib/lib/Email/Address/List.pm line 6.
# BEGIN failed--compilation aborted at /home/david/cpantesting/perl-5.14.4/.cpan/build/Email-Address-List-0.02-eFSz9w/blib/lib/Email/Address/List.pm line 6.
# Compilation failed in require at (eval 4) line 2.
# BEGIN failed--compilation aborted at (eval 4) line 2.
Can't locate object method "parse" via package "Email::Address::List" at t/invalid.t line 24.
# Looks like you planned 4 tests but ran 1.
# Looks like you failed 1 test of 1 run.
# Looks like your test exited with 255 just after 1.
t/invalid.t .............. 
Dubious, test returned 255 (wstat 65280, 0xff00)
Failed 4/4 subtests 
Can't locate Email/Address.pm in @INC (@INC contains: /home/david/cpantesting/perl-5.14.4/.cpan/build/Email-Address-List-0.02-eFSz9w/inc /home/david/cpantesting/perl-5.14.4/.cpan/build/Email-Address-List-0.02-eFSz9w/blib/lib /home/david/cpantesting/perl-5.14.4/.cpan/build/Email-Address-List-0.02-eFSz9w/blib/arch /home/david/cpantesting/perl-5.14.4/lib/site_perl/5.14.4/x86_64-linux-thread-multi /home/david/cpantesting/perl-5.14.4/lib/site_perl/5.14.4 /home/david/cpantesting/perl-5.14.4/lib/5.14.4/x86_64-linux-thread-multi /home/david/cpantesting/perl-5.14.4/lib/5.14.4 .) at /home/david/cpantesting/perl-5.14.4/.cpan/build/Email-Address-List-0.02-eFSz9w/blib/lib/Email/Address/List.pm line 6.
BEGIN failed--compilation aborted at /home/david/cpantesting/perl-5.14.4/.cpan/build/Email-Address-List-0.02-eFSz9w/blib/lib/Email/Address/List.pm line 6.
Compilation failed in require at t/pathological.t line 3.
BEGIN failed--compilation aborted at t/pathological.t line 3.
# Looks like your test exited with 2 before it could output anything.
t/pathological.t ......... 
Dubious, test returned 2 (wstat 512, 0x200)
Failed 1/1 subtests 

#   Failed test 'use Email::Address::List;'
#   at t/random.combinations.t line 7.
#     Tried to use 'Email::Address::List'.
#     Error:  Can't locate Email/Address.pm in @INC (@INC contains: /home/david/cpantesting/perl-5.14.4/.cpan/build/Email-Address-List-0.02-eFSz9w/inc /home/david/cpantesting/perl-5.14.4/.cpan/build/Email-Address-List-0.02-eFSz9w/blib/lib /home/david/cpantesting/perl-5.14.4/.cpan/build/Email-Address-List-0.02-eFSz9w/blib/arch /home/david/cpantesting/perl-5.14.4/lib/site_perl/5.14.4/x86_64-linux-thread-multi /home/david/cpantesting/perl-5.14.4/lib/site_perl/5.14.4 /home/david/cpantesting/perl-5.14.4/lib/5.14.4/x86_64-linux-thread-multi /home/david/cpantesting/perl-5.14.4/lib/5.14.4 .) at /home/david/cpantesting/perl-5.14.4/.cpan/build/Email-Address-List-0.02-eFSz9w/blib/lib/Email/Address/List.pm line 6.
# BEGIN failed--compilation aborted at /home/david/cpantesting/perl-5.14.4/.cpan/build/Email-Address-List-0.02-eFSz9w/blib/lib/Email/Address/List.pm line 6.
# Compilation failed in require at (eval 9) line 2.
# BEGIN failed--compilation aborted at (eval 9) line 2.
# srand is 19612
Can't locate object method "parse" via package "Email::Address::List" at t/random.combinations.t line 28.
# Tests were run but no plan was declared and done_testing() was not seen.
t/random.combinations.t .. 
Dubious, test returned 255 (wstat 65280, 0xff00)
Failed 1/1 subtests 

#   Failed test 'use Email::Address::List;'
#   at t/single.suit.t line 7.
#     Tried to use 'Email::Address::List'.
#     Error:  Can't locate Email/Address.pm in @INC (@INC contains: /home/david/cpantesting/perl-5.14.4/.cpan/build/Email-Address-List-0.02-eFSz9w/inc /home/david/cpantesting/perl-5.14.4/.cpan/build/Email-Address-List-0.02-eFSz9w/blib/lib /home/david/cpantesting/perl-5.14.4/.cpan/build/Email-Address-List-0.02-eFSz9w/blib/arch /home/david/cpantesting/perl-5.14.4/lib/site_perl/5.14.4/x86_64-linux-thread-multi /home/david/cpantesting/perl-5.14.4/lib/site_perl/5.14.4 /home/david/cpantesting/perl-5.14.4/lib/5.14.4/x86_64-linux-thread-multi /home/david/cpantesting/perl-5.14.4/lib/5.14.4 .) at /home/david/cpantesting/perl-5.14.4/.cpan/build/Email-Address-List-0.02-eFSz9w/blib/lib/Email/Address/List.pm line 6.
# BEGIN failed--compilation aborted at /home/david/cpantesting/perl-5.14.4/.cpan/build/Email-Address-List-0.02-eFSz9w/blib/lib/Email/Address/List.pm line 6.
# Compilation failed in require at (eval 9) line 2.
# BEGIN failed--compilation aborted at (eval 9) line 2.
Can't locate object method "parse" via package "Email::Address::List" at t/single.suit.t line 18.
# Tests were run but no plan was declared and done_testing() was not seen.
t/single.suit.t .......... 
Dubious, test returned 255 (wstat 65280, 0xff00)
Failed 1/1 subtests 

Test Summary Report
-------------------
t/basics.t             (Wstat: 65280 Tests: 1 Failed: 1)
  Failed test:  1
  Non-zero exit status: 255
  Parse errors: Bad plan.  You planned 3 tests but ran 1.
t/invalid.t            (Wstat: 65280 Tests: 1 Failed: 1)
  Failed test:  1
  Non-zero exit status: 255
  Parse errors: Bad plan.  You planned 4 tests but ran 1.
t/pathological.t       (Wstat: 512 Tests: 0 Failed: 0)
  Non-zero exit status: 2
  Parse errors: Bad plan.  You planned 1 tests but ran 0.
t/random.combinations.t (Wstat: 65280 Tests: 1 Failed: 1)
  Failed test:  1
  Non-zero exit status: 255
  Parse errors: No plan found in TAP output
t/single.suit.t        (Wstat: 65280 Tests: 1 Failed: 1)
  Failed test:  1
  Non-zero exit status: 255
  Parse errors: No plan found in TAP output
Files=5, Tests=4,  1 wallclock secs ( 0.02 usr  0.02 sys +  0.08 cusr  0.02 csys =  0.14 CPU)
Result: FAIL
Failed 5/5 test programs. 4/4 subtests failed.
make: *** [test_dynamic] Error 255

------------------------------
PREREQUISITES
------------------------------

Prerequisite modules loaded:

build_requires:

    Module              Need Have   
    ------------------- ---- -------
    ExtUtils::MakeMaker 6.36 6.57_05

configure_requires:

    Module              Need Have   
    ------------------- ---- -------
    ExtUtils::MakeMaker 6.36 6.57_05


------------------------------
ENVIRONMENT AND OTHER CONTEXT
------------------------------

Environment variables:

    AUTOMATED_TESTING = 1
    PATH = /usr/local/bin:/usr/bin:/bin:/usr/games
    PERL = 5.14.4
    PERL5LIB = 
    PERL5OPT = 
    PERL5_CPANPLUS_IS_RUNNING = 6740
    PERL5_CPAN_IS_RUNNING = 6740
    PERLVER = 5.14.4
    PERL_INLINE_DIRECTORY = /home/david/.Inline-5.14.4
    PERL_MM_USE_DEFAULT = 1
    SHELL = /bin/bash
    TERM = screen

Perl special variables (and OS-specific diagnostics, for MSWin32):

    $^X = /home/david/cpantesting/perl-5.14.4/bin/perl
    $UID/$EUID = 1000 / 1000
    $GID = 1000 1000
    $EGID = 1000 1000

Perl module toolchain versions installed:

    Module              Have     
    ------------------- ---------
    CPAN                1.9600_01
    CPAN::Meta          2.110440 
    Cwd                 3.36     
    ExtUtils::CBuilder  0.280203 
    ExtUtils::Command   1.17     
    ExtUtils::Install   1.56     
    ExtUtils::MakeMaker 6.57_05  
    ExtUtils::Manifest  1.58     
    ExtUtils::ParseXS   2.2210   
    File::Spec          3.33     
    JSON                2.53     
    JSON::PP            2.27105  
    Module::Build       0.4204   
    Module::Signature   n/a      
    Parse::CPAN::Meta   1.4401   
    Test::Harness       3.30     
    Test::More          0.98     
    YAML                n/a      
    YAML::Syck          n/a      
    version             0.88     


--

Summary of my perl5 (revision 5 version 14 subversion 4) configuration:
   
  Platform:
    osname=linux, osvers=3.2.0-4-amd64, archname=x86_64-linux-thread-multi
    uname='linux pigsty.barnyard.co.uk 3.2.0-4-amd64 #1 smp debian 3.2.35-2 x86_64 gnulinux '
    config_args='-de -Dprefix=/home/david/cpantesting/perl-5.14.4 -Dusethreads -Duse64bitall'
    hint=recommended, useposix=true, d_sigaction=define
    useithreads=define, usemultiplicity=define
    useperlio=define, d_sfio=undef, uselargefiles=define, usesocks=undef
    use64bitint=define, use64bitall=define, uselongdouble=undef
    usemymalloc=n, bincompat5005=undef
  Compiler:
    cc='cc', ccflags ='-D_REENTRANT -D_GNU_SOURCE -fno-strict-aliasing -pipe -fstack-protector -I/usr/local/include -D_LARGEFILE_SOURCE -D_FILE_OFFSET_BITS=64',
    optimize='-O2',
    cppflags='-D_REENTRANT -D_GNU_SOURCE -fno-strict-aliasing -pipe -fstack-protector -I/usr/local/include'
    ccversion='', gccversion='4.1.2 20061115 (prerelease) (Debian 4.1.1-21)', gccosandvers=''
    intsize=4, longsize=8, ptrsize=8, doublesize=8, byteorder=12345678
    d_longlong=define, longlongsize=8, d_longdbl=define, longdblsize=16
    ivtype='long', ivsize=8, nvtype='double', nvsize=8, Off_t='off_t', lseeksize=8
    alignbytes=8, prototype=define
  Linker and Libraries:
    ld='cc', ldflags =' -fstack-protector -L/usr/local/lib'
    libpth=/usr/local/lib /lib /usr/lib /lib64 /usr/lib64
    libs=-lnsl -lgdbm -ldb -ldl -lm -lcrypt -lutil -lpthread -lc -lgdbm_compat
    perllibs=-lnsl -ldl -lm -lcrypt -lutil -lpthread -lc
    libc=/lib/libc-2.3.6.so, so=so, useshrplib=false, libperl=libperl.a
    gnulibc_version='2.3.6'
  Dynamic Linking:
    dlsrc=dl_dlopen.xs, dlext=so, d_dlsymun=undef, ccdlflags='-Wl,-E'
    cccdlflags='-fPIC', lddlflags='-shared -O2 -L/usr/local/lib -fstack-protector'


Characteristics of this binary (from libperl): 
  Compile-time options: MULTIPLICITY PERL_DONT_CREATE_GVSV
                        PERL_IMPLICIT_CONTEXT PERL_MALLOC_WRAP
                        PERL_PRESERVE_IVUV USE_64_BIT_ALL USE_64_BIT_INT
                        USE_ITHREADS USE_LARGE_FILES USE_PERLIO USE_PERL_ATOF
                        USE_REENTRANT_API
  Built under linux
  Compiled at Mar 22 2013 21:25:13
  %ENV:
    PERL="5.14.4"
    PERL5LIB=""
    PERL5OPT=""
    PERL5_CPANPLUS_IS_RUNNING="6740"
    PERL5_CPAN_IS_RUNNING="6740"
    PERLVER="5.14.4"
    PERL_INLINE_DIRECTORY="/home/david/.Inline-5.14.4"
    PERL_MM_USE_DEFAULT="1"
  @INC:
    /home/david/cpantesting/perl-5.14.4/lib/site_perl/5.14.4/x86_64-linux-thread-multi
    /home/david/cpantesting/perl-5.14.4/lib/site_perl/5.14.4
    /home/david/cpantesting/perl-5.14.4/lib/5.14.4/x86_64-linux-thread-multi
    /home/david/cpantesting/perl-5.14.4/lib/5.14.4
    .