Report for Apache-ASP-2.61

Back
From: metabase:user:20a45eae-6c1a-1014-abaf-4bc2b30e56df
Subject: FAIL Apache-ASP-2.61 v5.10.0 Windows (Cygwin)
Date: 2011-02-19T15:52:54Z

This distribution has been tested as part of the CPAN Testers
project, supporting the Perl programming language.  See
http://wiki.cpantesters.org/ for more information or email
questions to cpan-testers-discuss@perl.org


--
Dear Joshua Chamas,

This is a computer-generated report for Apache-ASP-2.61
on perl 5.10.0, created by CPAN-Reporter-1.1803.

Thank you for uploading your work to CPAN.  However, there was a problem
testing your distribution.

If you think this report is invalid, please consult the CPAN Testers Wiki
for suggestions on how to avoid getting FAIL reports for missing library
or binary dependencies, unsupported operating systems, and so on:

http://wiki.cpantesters.org/wiki/CPANAuthorNotes

Sections of this report:

    * Tester comments
    * Program output
    * Prerequisites
    * Environment and other context

------------------------------
TESTER COMMENTS
------------------------------

Additional comments from tester:

this report is from an automated smoke testing program
and was not reviewed by a human for accuracy

------------------------------
PROGRAM OUTPUT
------------------------------

Output from '/usr/bin/make test':

PERL_DL_NONLAZY=1 /opt/perl/inst/perl-5.10.0-cygwin-64int/bin/perl5.10.0.exe "-MExtUtils::Command::MM" "-e" "test_harness(0, 'blib/lib', 'blib/arch')" t/*.t
t/application.t .......... ok
t/asp-perl1.t ............ ok
t/asp-perl2.t ............ ok
t/asp_object.t ........... ok
t/cache.t ................ ok
t/cgi_headers.t .......... ok
t/closure.t .............. ok
t/collection.t ........... ok
t/collectionitem.t ....... ok
t/cookies.t .............. ok
t/end.t .................. ok
t/general.t .............. ok
t/global_event_end.t ..... ok
t/include.t .............. ok
t/include_change.t ....... ok
t/include_dir_error.t .... ok
t/include_runtime.t ...... ok
t/inode_names.t .......... ok
t/load.t ................. ok
t/long_names.t ........... ok
t/loops.t ................ ok
t/mail_error.t ........... ok
t/no_cache.t ............. ok
t/raw.t .................. ok
t/raw_include.t .......... ok
t/reload_global_asa.t .... ok
t/req_params_none.t ...... ok
t/request.t .............. ok
t/response.t ............. ok
t/response_end.t ......... ok
t/same_name.t ............ ok
t/server.t ............... ok
t/server_mail.t .......... skipped: (no reason given)
t/server_transfer.t ...... ok
t/session.t .............. ok
t/session_events.t ....... ok
t/session_query_parse.t .. ok
t/session_serialize.t .... ok
t/share.t ................ ok
t/stat_inc.t ............. 
No subtests run 
t/strict_error.t ......... ok
t/taint_check.t .......... ok
t/unique_packages.t ...... ok
t/xmlsubs.t .............. ok
t/xmlsubs_aspargs.t ...... ok
t/xmlsubs_perlargs.t ..... ok
t/xmlsubsmatch.t ......... ok

Test Summary Report
-------------------
t/stat_inc.t           (Wstat: 139 Tests: 0 Failed: 0)
  Non-zero wait status: 139
  Parse errors: No plan found in TAP output
Files=47, Tests=339, 79 wallclock secs ( 0.08 usr  0.20 sys + 12.17 cusr 16.79 csys = 29.24 CPU)
Result: FAIL
Failed 1/47 test programs. 0/339 subtests failed.
make: *** [test_dynamic] Error 255

------------------------------
PREREQUISITES
------------------------------

Prerequisite modules loaded:

requires:

    Module         Need Have 
    -------------- ---- -----
    Carp           0    1.08 
    Class::Struct  0    0.63 
    Data::Dumper   0    2.128
    Digest::MD5    0    2.51 
    Fcntl          0    1.06 
    File::Basename 0    2.76 
    MLDBM          0    2.04 
    MLDBM::Sync    0    0.30 
    SDBM_File      0    1.06 


------------------------------
ENVIRONMENT AND OTHER CONTEXT
------------------------------

Environment variables:

    AUTHOR_TESTING = 1
    AUTOMATED_TESTING = 1
    COMSPEC = C:\WINDOWS\system32\cmd.exe
    NUMBER_OF_PROCESSORS = 4
    PATH = /opt/perl/inst/perl-5.10.0-cygwin-64int/local/bin:/opt/perl/inst/perl-5.10.0-cygwin-64int/bin:/usr/local/bin:/usr/bin
    PERL5LIB = /opt/perl/src/.cpan-5.10.0-cygwin-64int/build/Data-ParseBinary-0.3-q2Ar7Z/blib/arch:/opt/perl/src/.cpan-5.10.0-cygwin-64int/build/Data-ParseBinary-0.3-q2Ar7Z/blib/lib:/opt/perl/src/.cpan-5.10.0-cygwin-64int/build/Data-ParseBinary-0.2901-SVneGy/blib/arch:/opt/perl/src/.cpan-5.10.0-cygwin-64int/build/Data-ParseBinary-0.2901-SVneGy/blib/lib:/opt/perl/src/.cpan-5.10.0-cygwin-64int/build/Data-ParseBinary-0.29-eiVePO/blib/arch:/opt/perl/src/.cpan-5.10.0-cygwin-64int/build/Data-ParseBinary-0.29-eiVePO/blib/lib:/opt/perl/src/.cpan-5.10.0-cygwin-64int/build/Data-ParseBinary-0.28-30yUrH/blib/arch:/opt/perl/src/.cpan-5.10.0-cygwin-64int/build/Data-ParseBinary-0.28-30yUrH/blib/lib:/opt/perl/inst/perl-5.10.0-cygwin-64int/local/lib/site_perl:/opt/perl/inst/perl-5.10.0-cygwin-64int/local/lib/perl5:/opt/perl/inst/perl-5.10.0-cygwin-64int/local/lib
    PERL5OPT = 
    PERL5_CPANPLUS_IS_RUNNING = 3020
    PERL5_CPAN_IS_RUNNING = 3020
    PERL_EXTUTILS_AUTOINSTALL = 1
    PERL_MM_USE_DEFAULT = 1
    PERL_TEST_CRITIC = 1
    PROCESSOR_IDENTIFIER = x86 Family 6 Model 37 Stepping 5, GenuineIntel
    TEMP = /cygdrive/c/DOCUME~1/ospja/LOKALE~1/Temp
    TERM = cygwin

Perl special variables (and OS-specific diagnostics, for MSWin32):

    $^X = /opt/perl/inst/perl-5.10.0-cygwin-64int/bin/perl5.10.0
    $UID/$EUID = 22755 / 22755
    $GID = 10513 544 545 555 43588 44771 44776 47153 45205 10513 51781 18818 43044 30568 43061 36594 18761 56667 12652 12669 12778 42734 20077 51528 11073 51645 61702 17963 51289 43366 55368 57206 20667 20955 49381 50556 23333 65644 65646 51916 51926 51837 45099 30321 49625 31369 45094
    $EGID = 10513 544 545 555 43588 44771 44776 47153 45205 10513 51781 18818 43044 30568 43061 36594 18761 56667 12652 12669 12778 42734 20077 51528 11073 51645 61702 17963 51289 43366 55368 57206 20667 20955 49381 50556 23333 65644 65646 51916 51926 51837 45099 30321 49625 31369 45094

Perl module toolchain versions installed:

    Module              Have  
    ------------------- ------
    CPAN                1.9402
    Cwd                 3.33  
    ExtUtils::CBuilder  0.2802
    ExtUtils::Command   1.16  
    ExtUtils::Install   1.54  
    ExtUtils::MakeMaker 6.56  
    ExtUtils::Manifest  1.58  
    ExtUtils::ParseXS   2.2206
    File::Spec          3.33  
    Module::Build       0.3607
    Module::Signature   0.66  
    Test::Harness       3.22  
    Test::More          0.96  
    YAML                0.72  
    YAML::Syck          1.17  
    version             0.88  


--

Summary of my perl5 (revision 5 version 10 subversion 0) configuration:
  Platform:
    osname=cygwin, osvers=1.7.7(0.23053), archname=cygwin-64int
    uname='cygwin_nt-5.1 los061 1.7.7(0.23053) 2010-08-31 09:58 i686 cygwin '
    config_args='-de -Dcc=gcc -Dprefix=/opt/perl/inst/perl-5.10.0-cygwin-64int -Dperladmin=pjacklam@online.no -Dusedevel -Dmksymlinks -Uusethreads -Uusemultiplicity -Duse64bitint'
    hint=recommended, useposix=true, d_sigaction=define
    useithreads=undef, usemultiplicity=undef
    useperlio=define, d_sfio=undef, uselargefiles=define, usesocks=undef
    use64bitint=define, use64bitall=undef, uselongdouble=undef
    usemymalloc=y, bincompat5005=undef
  Compiler:
    cc='gcc', ccflags ='-DPERL_USE_SAFE_PUTENV -U__STRICT_ANSI__ -fno-strict-aliasing -pipe',
    optimize='-O2',
    cppflags='-DPERL_USE_SAFE_PUTENV -U__STRICT_ANSI__ -fno-strict-aliasing -pipe'
    ccversion='', gccversion='4.3.4 20090804 (release) 1', gccosandvers=''
    intsize=4, longsize=4, ptrsize=4, doublesize=8, byteorder=12345678
    d_longlong=define, longlongsize=8, d_longdbl=define, longdblsize=12
    ivtype='long long', ivsize=8, nvtype='double', nvsize=8, Off_t='off_t', lseeksize=8
    alignbytes=8, prototype=define
  Linker and Libraries:
    ld='g++', ldflags =' -Wl,--enable-auto-import -Wl,--export-all-symbols -Wl,--stack,8388608 -Wl,--enable-auto-image-base -Wl,--enable-auto-import -L/usr/local/lib'
    libpth=/usr/local/lib /usr/lib /lib
    libs=-lgdbm -ldb -ldl -lcrypt -lgdbm_compat
    perllibs=-ldl -lcrypt -lgdbm_compat
    libc=/usr/lib/libc.a, so=dll, useshrplib=true, libperl=libperl.a
    gnulibc_version=''
  Dynamic Linking:
    dlsrc=dl_dlopen.xs, dlext=dll, d_dlsymun=undef, ccdlflags=' -s'
    cccdlflags=' ', lddlflags=' --shared  -Wl,--enable-auto-import -Wl,--export-all-symbols -Wl,--stack,8388608 -Wl,--enable-auto-image-base -Wl,--enable-auto-import -L/usr/local/lib'


Characteristics of this binary (from libperl): 
  Compile-time options: MYMALLOC PERL_DONT_CREATE_GVSV PERL_MALLOC_WRAP
                        PERL_USE_SAFE_PUTENV USE_64_BIT_INT USE_LARGE_FILES
                        USE_PERLIO
  Built under cygwin
  Compiled at Dec  8 2010 14:47:26
  %ENV:
    PERL5LIB="/opt/perl/src/.cpan-5.10.0-cygwin-64int/build/Data-ParseBinary-0.3-q2Ar7Z/blib/arch:/opt/perl/src/.cpan-5.10.0-cygwin-64int/build/Data-ParseBinary-0.3-q2Ar7Z/blib/lib:/opt/perl/src/.cpan-5.10.0-cygwin-64int/build/Data-ParseBinary-0.2901-SVneGy/blib/arch:/opt/perl/src/.cpan-5.10.0-cygwin-64int/build/Data-ParseBinary-0.2901-SVneGy/blib/lib:/opt/perl/src/.cpan-5.10.0-cygwin-64int/build/Data-ParseBinary-0.29-eiVePO/blib/arch:/opt/perl/src/.cpan-5.10.0-cygwin-64int/build/Data-ParseBinary-0.29-eiVePO/blib/lib:/opt/perl/src/.cpan-5.10.0-cygwin-64int/build/Data-ParseBinary-0.28-30yUrH/blib/arch:/opt/perl/src/.cpan-5.10.0-cygwin-64int/build/Data-ParseBinary-0.28-30yUrH/blib/lib:/opt/perl/inst/perl-5.10.0-cygwin-64int/local/lib/site_perl:/opt/perl/inst/perl-5.10.0-cygwin-64int/local/lib/perl5:/opt/perl/inst/perl-5.10.0-cygwin-64int/local/lib"
    PERL5OPT=""
    PERL5_CPANPLUS_IS_RUNNING="3020"
    PERL5_CPAN_IS_RUNNING="3020"
    PERL_EXTUTILS_AUTOINSTALL="1"
    PERL_MM_USE_DEFAULT="1"
    PERL_TEST_CRITIC="1"
    CYGWIN="codepage:utf8 nodosfilewarning"
  @INC:
    /opt/perl/src/.cpan-5.10.0-cygwin-64int/build/Data-ParseBinary-0.3-q2Ar7Z/blib/arch
    /opt/perl/src/.cpan-5.10.0-cygwin-64int/build/Data-ParseBinary-0.3-q2Ar7Z/blib/lib
    /opt/perl/src/.cpan-5.10.0-cygwin-64int/build/Data-ParseBinary-0.2901-SVneGy/blib/arch
    /opt/perl/src/.cpan-5.10.0-cygwin-64int/build/Data-ParseBinary-0.2901-SVneGy/blib/lib
    /opt/perl/src/.cpan-5.10.0-cygwin-64int/build/Data-ParseBinary-0.29-eiVePO/blib/arch
    /opt/perl/src/.cpan-5.10.0-cygwin-64int/build/Data-ParseBinary-0.29-eiVePO/blib/lib
    /opt/perl/src/.cpan-5.10.0-cygwin-64int/build/Data-ParseBinary-0.28-30yUrH/blib/arch
    /opt/perl/src/.cpan-5.10.0-cygwin-64int/build/Data-ParseBinary-0.28-30yUrH/blib/lib
    /opt/perl/inst/perl-5.10.0-cygwin-64int/local/lib/site_perl/5.10.0/cygwin-64int
    /opt/perl/inst/perl-5.10.0-cygwin-64int/local/lib/site_perl/5.10.0
    /opt/perl/inst/perl-5.10.0-cygwin-64int/local/lib/site_perl
    /opt/perl/inst/perl-5.10.0-cygwin-64int/local/lib/perl5/cygwin-64int
    /opt/perl/inst/perl-5.10.0-cygwin-64int/local/lib/perl5
    /opt/perl/inst/perl-5.10.0-cygwin-64int/local/lib/5.10.0/cygwin-64int
    /opt/perl/inst/perl-5.10.0-cygwin-64int/local/lib/5.10.0
    /opt/perl/inst/perl-5.10.0-cygwin-64int/local/lib
    /opt/perl/inst/perl-5.10.0-cygwin-64int/lib/5.10.0/cygwin-64int
    /opt/perl/inst/perl-5.10.0-cygwin-64int/lib/5.10.0
    /opt/perl/inst/perl-5.10.0-cygwin-64int/lib/site_perl/5.10.0/cygwin-64int
    /opt/perl/inst/perl-5.10.0-cygwin-64int/lib/site_perl/5.10.0
    .