Back
From: metabase:user:30977d10-2aae-11df-837a-5e0a49663a4f
Subject: FAIL Web-Scraper-0.38 v5.25.11 SunOS/Solaris
Date: 2017-04-25T02:10:42Z
This distribution has been tested as part of the CPAN Testers
project, supporting the Perl programming language. See
http://wiki.cpantesters.org/ for more information or email
questions to cpan-testers-discuss@perl.org
--
Dear Tatsuhiko Miyagawa,
This is a computer-generated report for Web-Scraper-0.38
on perl 5.25.11, created by CPAN-Reporter-1.2018.
Thank you for uploading your work to CPAN. However, there was a problem
testing your distribution.
If you think this report is invalid, please consult the CPAN Testers Wiki
for suggestions on how to avoid getting FAIL reports for missing library
or binary dependencies, unsupported operating systems, and so on:
http://wiki.cpantesters.org/wiki/CPANAuthorNotes
Sections of this report:
* Tester comments
* Program output
* Prerequisites
* Environment and other context
------------------------------
TESTER COMMENTS
------------------------------
Additional comments from tester:
this report is from an automated smoke testing program
and was not reviewed by a human for accuracy
------------------------------
PROGRAM OUTPUT
------------------------------
Output from './Build test':
Subroutine _xml_escape_text redefined at /home/stro/perl/5.25.11m/lib/site_perl/5.25.11/HTML/TreeBuilder/XPath.pm line 375.
t/00_compile.t .......... ok
Subroutine _xml_escape_text redefined at /home/stro/perl/5.25.11m/lib/site_perl/5.25.11/HTML/TreeBuilder/XPath.pm line 375.
t/01_process.t .......... ok
Subroutine _xml_escape_text redefined at /home/stro/perl/5.25.11m/lib/site_perl/5.25.11/HTML/TreeBuilder/XPath.pm line 375.
t/02_process_multi.t .... ok
Subroutine _xml_escape_text redefined at /home/stro/perl/5.25.11m/lib/site_perl/5.25.11/HTML/TreeBuilder/XPath.pm line 375.
t/03_scraper_nest.t ..... ok
Subroutine _xml_escape_text redefined at /home/stro/perl/5.25.11m/lib/site_perl/5.25.11/HTML/TreeBuilder/XPath.pm line 375.
t/04_callback.t ......... ok
Subroutine _xml_escape_text redefined at /home/stro/perl/5.25.11m/lib/site_perl/5.25.11/HTML/TreeBuilder/XPath.pm line 375.
t/05_process_first.t .... ok
Subroutine _xml_escape_text redefined at /home/stro/perl/5.25.11m/lib/site_perl/5.25.11/HTML/TreeBuilder/XPath.pm line 375.
t/06_define.t ........... ok
Subroutine _xml_escape_text redefined at /home/stro/perl/5.25.11m/lib/site_perl/5.25.11/HTML/TreeBuilder/XPath.pm line 375.
t/07-live.t ............. skipped: LIVE_TEST not enabled
Subroutine _xml_escape_text redefined at /home/stro/perl/5.25.11m/lib/site_perl/5.25.11/HTML/TreeBuilder/XPath.pm line 375.
t/08-leak.t ............. skipped: LEAK_TEST is not defined
Subroutine _xml_escape_text redefined at /home/stro/perl/5.25.11m/lib/site_perl/5.25.11/HTML/TreeBuilder/XPath.pm line 375.
t/09-process_hash.t ..... ok
Subroutine _xml_escape_text redefined at /home/stro/perl/5.25.11m/lib/site_perl/5.25.11/HTML/TreeBuilder/XPath.pm line 375.
t/11_absolute.t ......... ok
Subroutine _xml_escape_text redefined at /home/stro/perl/5.25.11m/lib/site_perl/5.25.11/HTML/TreeBuilder/XPath.pm line 375.
t/12_html.t ............. ok
Subroutine _xml_escape_text redefined at /home/stro/perl/5.25.11m/lib/site_perl/5.25.11/HTML/TreeBuilder/XPath.pm line 375.
t/13_textnode.t ......... ok
Subroutine _xml_escape_text redefined at /home/stro/perl/5.25.11m/lib/site_perl/5.25.11/HTML/TreeBuilder/XPath.pm line 375.
t/14_absolute_nested.t .. ok
Subroutine _xml_escape_text redefined at /home/stro/perl/5.25.11m/lib/site_perl/5.25.11/HTML/TreeBuilder/XPath.pm line 375.
t/15_absolute_hash.t .... ok
Subroutine _xml_escape_text redefined at /home/stro/perl/5.25.11m/lib/site_perl/5.25.11/HTML/TreeBuilder/XPath.pm line 375.
t/16_filter.t ........... ok
Subroutine _xml_escape_text redefined at /home/stro/perl/5.25.11m/lib/site_perl/5.25.11/HTML/TreeBuilder/XPath.pm line 375.
t/17_filter_loop.t ...... ok
Subroutine _xml_escape_text redefined at /home/stro/perl/5.25.11m/lib/site_perl/5.25.11/HTML/TreeBuilder/XPath.pm line 375.
t/18_http_response.t .... skipped: LIVE_TEST not enabled
Subroutine _xml_escape_text redefined at /home/stro/perl/5.25.11m/lib/site_perl/5.25.11/HTML/TreeBuilder/XPath.pm line 375.
t/19_decode_content.t ... skipped: LIVE_TEST not enabled
Subroutine _xml_escape_text redefined at /home/stro/perl/5.25.11m/lib/site_perl/5.25.11/HTML/TreeBuilder/XPath.pm line 375.
t/20_comment_nodes.t .... skipped: Please upgrade HTML::TreeBuilder::XPath and HTML::TreeBuilder::LibXML modules for comment nodes supporting
Subroutine _xml_escape_text redefined at /home/stro/perl/5.25.11m/lib/site_perl/5.25.11/HTML/TreeBuilder/XPath.pm line 375.
t/21_html5.t ............ ok
Subroutine _xml_escape_text redefined at /home/stro/perl/5.25.11m/lib/site_perl/5.25.11/HTML/TreeBuilder/XPath.pm line 375.
t/22_filter_regex.t ..... ok
# Failed test 'Subroutine _xml_escape_text redefined at /home/stro/perl/5.25.11m/lib/site_perl/5.25.11/HTML/TreeBuilder/XPath.pm line 375.
# '
# at t/redefine.t line 3.
# Looks like you failed 1 test of 2.
t/redefine.t ............
Dubious, test returned 1 (wstat 256, 0x100)
Failed 1/2 subtests
t/release-pod-syntax.t .. skipped: these tests are for release candidate testing
t/xml-simple.t .......... skipped: Test requires module 'HTML::TreeBuilder::LibXML' but it's not found
Test Summary Report
-------------------
t/redefine.t (Wstat: 256 Tests: 2 Failed: 1)
Failed test: 1
Non-zero exit status: 1
Files=25, Tests=43, 25 wallclock secs ( 0.49 usr 0.31 sys + 18.33 cusr 3.85 csys = 22.98 CPU)
Result: FAIL
------------------------------
PREREQUISITES
------------------------------
Prerequisite modules loaded:
requires:
Module Need Have
------------------------ -------- --------
HTML::Entities 0 3.69
HTML::Selector::XPath 0.03 0.23
HTML::Tagset 0 3.20
HTML::TreeBuilder 3.23 5.04
HTML::TreeBuilder::XPath 0.08 0.14
LWP 5.827 6.24
perl 5.008001 5.025011
Scalar::Util 0 1.46_02
UNIVERSAL::require 0 0.18
URI 0 1.71
XML::XPathEngine 0.08 0.14
YAML 0 1.23
build_requires:
Module Need Have
------------------------ -------- --------
ExtUtils::MakeMaker 6.59 7.24
Test::Base 0 0.88
Test::More 0 1.302083
Test::Requires 0 0.10
configure_requires:
Module Need Have
------------------------ -------- --------
Module::Build::Tiny 0.039 0.039
------------------------------
ENVIRONMENT AND OTHER CONTEXT
------------------------------
Environment variables:
AUTOMATED_TESTING = 1
LANG = en_US.UTF-8
PATH = /usr/gnu/bin:/usr/bin:/usr/sbin:/sbin:/usr/sfw/bin:
PERL5LIB =
PERL5OPT =
PERL5_CPANPLUS_IS_RUNNING = 9197
PERL5_CPAN_IS_RUNNING = 9197
PERL5_CPAN_IS_RUNNING_IN_RECURSION = 6076,9197
PERL_CR_SMOKER_CURRENT = Novel-Robot-0.37
PERL_EXTUTILS_AUTOINSTALL = --defaultdeps
PERL_MM_USE_DEFAULT = 1
PERL_USE_UNSAFE_INC = 1
SHELL = /bin/bash
TERM = xterm
Perl special variables (and OS-specific diagnostics, for MSWin32):
$^X = /home/stro/perl/5.25.11m/bin/perl
$UID/$EUID = 101 / 101
$GID = 10 10
$EGID = 10 10
Perl module toolchain versions installed:
Module Have
------------------- ----------
CPAN 2.17
CPAN::Meta 2.150010
Cwd 3.67
ExtUtils::CBuilder 0.280225
ExtUtils::Command 7.24
ExtUtils::Install 2.04
ExtUtils::MakeMaker 7.24
ExtUtils::Manifest 1.70
ExtUtils::ParseXS 3.34
File::Spec 3.67
JSON 2.90
JSON::PP 2.27400_02
Module::Build 0.4222
Module::Signature n/a
Parse::CPAN::Meta 2.150010
Test::Harness 3.38
Test::More 1.302083
YAML 1.23
YAML::Syck 1.29
version 0.9917
--
Summary of my perl5 (revision 5 version 25 subversion 11) configuration:
Platform:
osname=solaris
osvers=2.11
archname=i86pc-solaris-multi
uname='sunos vm-openindiana-001 5.11 illumos-2816291 i86pc i386 i86pc '
config_args='-Dcc=gcc'
hint=previous
useposix=true
d_sigaction=define
useithreads=undef
usemultiplicity=define
use64bitint=undef
use64bitall=undef
uselongdouble=undef
usemymalloc=n
default_inc_excludes_dot=define
bincompat5005=undef
Compiler:
cc='gcc'
ccflags ='-fno-strict-aliasing -pipe -I/usr/gnu/include -D_LARGEFILE_SOURCE -D_FILE_OFFSET_BITS=64 -DPERL_USE_SAFE_PUTENV'
optimize='-O'
cppflags='-fno-strict-aliasing -pipe -I/usr/gnu/include'
ccversion=''
gccversion='3.4.3 (csl-sol210-3_4-20050802)'
gccosandvers='solaris2.11'
intsize=4
longsize=4
ptrsize=4
doublesize=8
byteorder=1234
doublekind=3
d_longlong=define
longlongsize=8
d_longdbl=define
longdblsize=12
longdblkind=3
ivtype='long'
ivsize=4
nvtype='double'
nvsize=8
Off_t='off_t'
lseeksize=8
alignbytes=4
prototype=define
Linker and Libraries:
ld='gcc'
ldflags =' -L/usr/gnu/lib '
libpth=/usr/gcc/3.4/lib /usr/lib /usr/gnu/lib /usr/ccs/lib /usr/gcc/3.4/lib /usr/lib
libs=-lpthread -lsocket -lnsl -lgdbm -ldb -ldl -lm -lc
perllibs=-lpthread -lsocket -lnsl -ldl -lm -lc
libc=/lib/libc.so
so=so
useshrplib=true
libperl=libperl.so
gnulibc_version=''
Dynamic Linking:
dlsrc=dl_dlopen.xs
dlext=so
d_dlsymun=undef
ccdlflags=' -R /home/stro/perl/5.25.11m/lib/5.25.11/i86pc-solaris-multi/CORE'
cccdlflags='-fPIC'
lddlflags='-shared -L/usr/gnu/lib'
Characteristics of this binary (from libperl):
Compile-time options:
HAS_TIMES
MULTIPLICITY
PERLIO_LAYERS
PERL_COPY_ON_WRITE
PERL_DONT_CREATE_GVSV
PERL_HASH_FUNC_ONE_AT_A_TIME_HARD
PERL_IMPLICIT_CONTEXT
PERL_MALLOC_WRAP
PERL_OP_PARENT
PERL_PRESERVE_IVUV
PERL_USE_SAFE_PUTENV
USE_LARGE_FILES
USE_LOCALE
USE_LOCALE_COLLATE
USE_LOCALE_CTYPE
USE_LOCALE_NUMERIC
USE_LOCALE_TIME
USE_PERLIO
USE_PERL_ATOF
Built under solaris
Compiled at Apr 4 2017 11:41:36
%ENV:
PERL5LIB=""
PERL5OPT=""
PERL5_CPANPLUS_IS_RUNNING="9197"
PERL5_CPAN_IS_RUNNING="9197"
PERL5_CPAN_IS_RUNNING_IN_RECURSION="6076,9197"
PERL_CR_SMOKER_CURRENT="Novel-Robot-0.37"
PERL_EXTUTILS_AUTOINSTALL="--defaultdeps"
PERL_MM_USE_DEFAULT="1"
PERL_USE_UNSAFE_INC="1"
@INC:
/home/stro/perl/5.25.11m/lib/site_perl/5.25.11/i86pc-solaris-multi
/home/stro/perl/5.25.11m/lib/site_perl/5.25.11
/home/stro/perl/5.25.11m/lib/5.25.11/i86pc-solaris-multi
/home/stro/perl/5.25.11m/lib/5.25.11
.