Report for B-Utils-0.17

Back
From: metabase:user:30f0bd62-2aae-11df-837a-5e0a49663a4f
Subject: FAIL B-Utils-0.17 v5.14.2 MirOS BSD
Date: 2011-12-08T20:29:53Z

This distribution has been tested as part of the CPAN Testers
project, supporting the Perl programming language.  See
http://wiki.cpantesters.org/ for more information or email
questions to cpan-testers-discuss@perl.org


--
Dear Joshua ben Jore,

This is a computer-generated report for B-Utils-0.17
on perl 5.14.2, created by CPAN-Reporter-1.2003.

Thank you for uploading your work to CPAN.  However, there was a problem
testing your distribution.

If you think this report is invalid, please consult the CPAN Testers Wiki
for suggestions on how to avoid getting FAIL reports for missing library
or binary dependencies, unsupported operating systems, and so on:

http://wiki.cpantesters.org/wiki/CPANAuthorNotes

Sections of this report:

    * Tester comments
    * Program output
    * Prerequisites
    * Environment and other context

------------------------------
TESTER COMMENTS
------------------------------

Additional comments from tester:

this report is from an automated smoke testing program
and was not reviewed by a human for accuracy

------------------------------
PROGRAM OUTPUT
------------------------------

Output from '/usr/bin/make test':

PERL_DL_NONLAZY=1 /home/sts/cpansmoke/perl-5.14.2/bin/perl "-MExtUtils::Command::MM" "-e" "test_harness(0, 'blib/lib', 'blib/arch')" t/*.t t/*/*.t
t/10use.t ................ ok
t/11export.t ............. ok
t/release-pod-syntax.t ... skipped: these tests are for release candidate testing
t/utils/20all_starts.t ... ok
t/utils/21all_roots.t .... ok
t/utils/22anon_subs.t .... ok
Name "main::empty_array" used only once: possible typo at t/utils/30parent.t line 1.

#   Failed test 'nextstate-COP=(0xa04c3940) has a parent'
#   at t/utils/30parent.t line 49.

#   Failed test 'nextstate-COP=(0xa04c3940) has the *right* parent'
#   at t/utils/30parent.t line 59.

#   Failed test 'null-UNOP=(0xaa748140) has a parent'
#   at t/utils/30parent.t line 49.

#   Failed test 'null-UNOP=(0xaa748140) has the *right* parent'
#   at t/utils/30parent.t line 59.

#   Failed test 'and-LOGOP=(0xaa748480) has a parent'
#   at t/utils/30parent.t line 49.

#   Failed test 'and-LOGOP=(0xaa748480) has the *right* parent'
#   at t/utils/30parent.t line 59.

#   Failed test 'pushmark-OP=(0xaa748380) has a parent'
#   at t/utils/30parent.t line 49.

#   Failed test 'pushmark-OP=(0xaa748380) has the *right* parent'
#   at t/utils/30parent.t line 59.

#   Failed test 'pushmark-OP=(0xaa748240) has a parent'
#   at t/utils/30parent.t line 49.

#   Failed test 'pushmark-OP=(0xaa748240) has the *right* parent'
#   at t/utils/30parent.t line 59.

#   Failed test 'nextstate-COP=(0x9d86e200) has a parent'
#   at t/utils/30parent.t line 49.

#   Failed test 'nextstate-COP=(0x9d86e200) has the *right* parent'
#   at t/utils/30parent.t line 59.

#   Failed test 'leaveloop-BINOP=(0xaa748340) has a parent'
#   at t/utils/30parent.t line 49.

#   Failed test 'leaveloop-BINOP=(0xaa748340) has the *right* parent'
#   at t/utils/30parent.t line 59.

#   Failed test 'enteriter-LOOP=(0xa5a12ec0) has a parent'
#   at t/utils/30parent.t line 49.

#   Failed test 'enteriter-LOOP=(0xa5a12ec0) has the *right* parent'
#   at t/utils/30parent.t line 59.

#   Failed test 'null-OP=(0xaa748660) has a parent'
#   at t/utils/30parent.t line 49.

#   Failed test 'null-OP=(0xaa748660) has the *right* parent'
#   at t/utils/30parent.t line 59.

#   Failed test 'pushmark-OP=(0xaa7484e0) has a parent'
#   at t/utils/30parent.t line 49.

#   Failed test 'pushmark-OP=(0xaa7484e0) has the *right* parent'
#   at t/utils/30parent.t line 59.

#   Failed test 'nextstate-COP=(0x9d86e8c0) has a parent'
#   at t/utils/30parent.t line 49.

#   Failed test 'nextstate-COP=(0x9d86e8c0) has the *right* parent'
#   at t/utils/30parent.t line 59.

#   Failed test 'sassign-BINOP=(0xaa7486c0) has a parent'
#   at t/utils/30parent.t line 49.

#   Failed test 'sassign-BINOP=(0xaa7486c0) has the *right* parent'
#   at t/utils/30parent.t line 59.

#   Failed test 'const-SVOP=(0xaa7488a0) has a parent'
#   at t/utils/30parent.t line 49.

#   Failed test 'const-SVOP=(0xaa7488a0) has the *right* parent'
#   at t/utils/30parent.t line 59.

#   Failed test 'nextstate-COP=(0x9d86e380) has a parent'
#   at t/utils/30parent.t line 49.

#   Failed test 'nextstate-COP=(0x9d86e380) has the *right* parent'
#   at t/utils/30parent.t line 59.

#   Failed test 'leave-LISTOP=(0xaa748600) has a parent'
#   at t/utils/30parent.t line 49.

#   Failed test 'leave-LISTOP=(0xaa748600) has the *right* parent'
#   at t/utils/30parent.t line 59.

#   Failed test 'enter-OP=(0xaa748b80) has a parent'
#   at t/utils/30parent.t line 49.

#   Failed test 'enter-OP=(0xaa748b80) has the *right* parent'
#   at t/utils/30parent.t line 59.

#   Failed test 'entersub-UNOP=(0xaa748920) has a parent'
#   at t/utils/30parent.t line 49.

#   Failed test 'entersub-UNOP=(0xaa748920) has the *right* parent'
#   at t/utils/30parent.t line 59.

#   Failed test 'pushmark-OP=(0xaa7489e0) has a parent'
#   at t/utils/30parent.t line 49.

#   Failed test 'pushmark-OP=(0xaa7489e0) has the *right* parent'
#   at t/utils/30parent.t line 59.

#   Failed test 'pushmark-OP=(0xaa748520) has a parent'
#   at t/utils/30parent.t line 49.

#   Failed test 'pushmark-OP=(0xaa748520) has the *right* parent'
#   at t/utils/30parent.t line 59.

#   Failed test 'nextstate-COP=(0x9d86e840) has a parent'
#   at t/utils/30parent.t line 49.

#   Failed test 'nextstate-COP=(0x9d86e840) has the *right* parent'
#   at t/utils/30parent.t line 59.

#   Failed test 'padsv-OP=(0xaa748b00) has a parent'
#   at t/utils/30parent.t line 49.

#   Failed test 'padsv-OP=(0xaa748b00) has the *right* parent'
#   at t/utils/30parent.t line 59.

#   Failed test 'unstack-OP=(0xaa748e60) has a parent'
#   at t/utils/30parent.t line 49.

#   Failed test 'unstack-OP=(0xaa748e60) has the *right* parent'
#   at t/utils/30parent.t line 59.

#   Failed test 'leaveloop-BINOP=(0xaa748b40) has a parent'
#   at t/utils/30parent.t line 49.

#   Failed test 'leaveloop-BINOP=(0xaa748b40) has the *right* parent'
#   at t/utils/30parent.t line 59.

#   Failed test 'enterloop-LOOP=(0xa04c3f00) has a parent'
#   at t/utils/30parent.t line 49.

#   Failed test 'enterloop-LOOP=(0xa04c3f00) has the *right* parent'
#   at t/utils/30parent.t line 59.

#   Failed test 'nextstate-COP=(0x9d86ec00) has a parent'
#   at t/utils/30parent.t line 49.

#   Failed test 'nextstate-COP=(0x9d86ec00) has the *right* parent'
#   at t/utils/30parent.t line 59.

#   Failed test 'enteriter-LOOP=(0x9d86e440) has a parent'
#   at t/utils/30parent.t line 49.

#   Failed test 'enteriter-LOOP=(0x9d86e440) has the *right* parent'
#   at t/utils/30parent.t line 59.

#   Failed test 'null-OP=(0xaa748e40) has a parent'
#   at t/utils/30parent.t line 49.

#   Failed test 'null-OP=(0xaa748e40) has the *right* parent'
#   at t/utils/30parent.t line 59.
# Looks like you failed 54 tests of 103.
t/utils/30parent.t ....... 
Dubious, test returned 54 (wstat 13824, 0x3600)
Failed 54/103 subtests 
t/utils/31oldname.t ...... skipped: No tests written yet.
t/utils/32kids.t ......... skipped: No tests written yet.
t/utils/33ancestors.t .... skipped: No tests written yet.
t/utils/34descendants.t .. skipped: No tests written yet.
t/utils/35siblings.t ..... skipped: No tests written yet.
t/utils/36previous.t ..... skipped: No tests written yet.
t/utils/37stringify.t .... skipped: No tests written yet.
t/utils/40walk.t ......... skipped: No tests written yet.
t/utils/41walkfilt.t ..... skipped: No tests written yet.
t/utils/42all.t .......... skipped: No tests written yet.
t/utils/43allfilt.t ...... skipped: No tests written yet.
t/utils/44optrep.t ....... skipped: No tests written yet.
t/utils/50carp.t ......... skipped: No tests written yet.
t/utils/51croak.t ........ skipped: No tests written yet.

Test Summary Report
-------------------
t/utils/30parent.t     (Wstat: 13824 Tests: 103 Failed: 54)
  Failed tests:  4-9, 14-25, 34-41, 44-49, 56-57, 60-61
                66-77, 86-87, 90-93
  Non-zero exit status: 54
Files=21, Tests=127,  2 wallclock secs ( 0.14 usr  0.06 sys +  1.03 cusr  0.23 csys =  1.46 CPU)
Result: FAIL
Failed 1/21 test programs. 54/127 subtests failed.
*** Error code 255

Stop in /home/sts/cpansmoke/perl-5.14.2/cpan/build/B-Utils-0.17-ppRysE (line 960 of Makefile).

------------------------------
PREREQUISITES
------------------------------

Prerequisite modules loaded:

requires:

    Module              Need  Have    
    ------------------- ----- --------
    Exporter            0     5.64_03 
    ExtUtils::CBuilder  0     0.280203
    perl                5.006 5.014002
    Scalar::Util        0     1.23    
    Task::Weaken        0     1.04    
    Test::More          0     0.98    

build_requires:

    Module              Need  Have    
    ------------------- ----- --------
    ExtUtils::MakeMaker 0     6.57_05 

configure_requires:

    Module              Need  Have    
    ------------------- ----- --------
    ExtUtils::CBuilder  0     0.280203
    ExtUtils::Depends   0.301 0.304   


------------------------------
ENVIRONMENT AND OTHER CONTEXT
------------------------------

Environment variables:

    AUTOMATED_TESTING = 1
    LC_CTYPE = en_US.UTF-8
    PATH = /home/sts/bin:/home/sts/.etc/bin:/usr/local/bin:/usr/mpkg/bin:/usr/bin:/bin:/usr/X11R6/bin:/usr/sbin:/sbin:/usr/mpkg/sbin:/usr/games
    PERL5LIB = /home/sts/cpansmoke/perl-5.14.2/cpan/build/Task-Weaken-1.04-7dzofb/blib/arch:/home/sts/cpansmoke/perl-5.14.2/cpan/build/Task-Weaken-1.04-7dzofb/blib/lib:/home/sts/cpansmoke/perl-5.14.2/cpan/build/ExtUtils-Depends-0.304-wnwzvN/blib/arch:/home/sts/cpansmoke/perl-5.14.2/cpan/build/ExtUtils-Depends-0.304-wnwzvN/blib/lib:/home/sts/cpansmoke/perl-5.14.2/cpan/build/JSON-2.53-h6zxvP/blib/arch:/home/sts/cpansmoke/perl-5.14.2/cpan/build/JSON-2.53-h6zxvP/blib/lib:/home/sts/cpansmoke/perl-5.14.2/cpan/build/JSON-XS-2.32-bsM1BK/blib/arch:/home/sts/cpansmoke/perl-5.14.2/cpan/build/JSON-XS-2.32-bsM1BK/blib/lib:/home/sts/cpansmoke/perl-5.14.2/cpan/build/common-sense-3.4-hTew0v/blib/arch:/home/sts/cpansmoke/perl-5.14.2/cpan/build/common-sense-3.4-hTew0v/blib/lib:/home/sts/cpansmoke/perl-5.14.2/cpan/build/Object-AUTHORITY-0.003-Du0J0V/blib/arch:/home/sts/cpansmoke/perl-5.14.2/cpan/build/Object-AUTHORITY-0.003-Du0J0V/blib/lib:/home/sts/cpansmoke/perl-5.14.2/cpan/build/Sub-Name-0.05-M5haZi/blib/arch:/home/sts/cpansmoke/perl-5.14.2/cpan/build/Sub-Name-0.05-M5haZi/blib/lib:/home/sts/cpansmoke/perl-5.14.2/cpan/build/Test-Exception-0.31-9YqiAe/blib/arch:/home/sts/cpansmoke/perl-5.14.2/cpan/build/Test-Exception-0.31-9YqiAe/blib/lib:/home/sts/cpansmoke/perl-5.14.2/cpan/build/Sub-Uplevel-0.22-wkvDEa/blib/arch:/home/sts/cpansmoke/perl-5.14.2/cpan/build/Sub-Uplevel-0.22-wkvDEa/blib/lib
    PERL5OPT = 
    PERL5_CPANPLUS_IS_RUNNING = 24989
    PERL5_CPAN_IS_RUNNING = 24989
    PERL5_CPAN_IS_RUNNING_IN_RECURSION = 12304,24989
    PERL_CR_SMOKER_CURRENT = JSON-JOM-Plugins-YAML-0.002
    PERL_EXTUTILS_AUTOINSTALL = --defaultdeps
    PERL_MM_USE_DEFAULT = 1
    SHELL = /bin/mksh
    TERM = screen
    TMPDIR = /home/sts/cpansmoke/tmp

Perl special variables (and OS-specific diagnostics, for MSWin32):

    $^X = /home/sts/cpansmoke/perl-5.14.2/bin/perl
    $UID/$EUID = 3000 / 3000
    $GID = 3000 3000 0 9 20
    $EGID = 3000 3000 0 9 20

Perl module toolchain versions installed:

    Module              Have    
    ------------------- --------
    CPAN                1.9800  
    CPAN::Meta          2.110440
    Cwd                 3.36    
    ExtUtils::CBuilder  0.280203
    ExtUtils::Command   1.17    
    ExtUtils::Install   1.56    
    ExtUtils::MakeMaker 6.57_05 
    ExtUtils::Manifest  1.58    
    ExtUtils::ParseXS   2.2210  
    File::Spec          3.33    
    JSON                2.53    
    JSON::PP            2.27105 
    Module::Build       0.3800  
    Module::Signature   n/a     
    Parse::CPAN::Meta   1.4401  
    Test::Harness       3.23    
    Test::More          0.98    
    YAML                n/a     
    YAML::Syck          n/a     
    version             0.88    


--

Summary of my perl5 (revision 5 version 14 subversion 2) configuration:
   
  Platform:
    osname=mirbsd, osvers=10, archname=MirBSD.i386-mirbsd-thread-multi
    uname='mirbsd cpansmoke8 10 kv#10uaf-20110818 generic#1330 i386 '
    config_args='-des -Dusethreads -Dprefix=/home/sts/cpansmoke/perl-5.14.2'
    hint=recommended, useposix=true, d_sigaction=define
    useithreads=define, usemultiplicity=define
    useperlio=define, d_sfio=undef, uselargefiles=define, usesocks=undef
    use64bitint=undef, use64bitall=undef, uselongdouble=undef
    usemymalloc=n, bincompat5005=undef
  Compiler:
    cc='mgcc', ccflags ='-pthread -fhonour-copts -I/usr/mpkg/include -I/usr/local/include',
    optimize='-O2',
    cppflags='-fhonour-copts -I/usr/mpkg/include -pthread -fhonour-copts -I/usr/mpkg/include -I/usr/local/include'
    ccversion='', gccversion='3.4.6 (propolice; gpc; MirOS 0AAB)', gccosandvers='mirbsd10'
    intsize=4, longsize=4, ptrsize=4, doublesize=8, byteorder=1234
    d_longlong=define, longlongsize=8, d_longdbl=define, longdblsize=12
    ivtype='long', ivsize=4, nvtype='double', nvsize=8, Off_t='off_t', lseeksize=8
    alignbytes=4, prototype=define
  Linker and Libraries:
    ld='mgcc', ldflags ='-pthread -Wl,-E  -L/usr/mpkg/lib -L/usr/local/lib'
    libpth=/usr/mpkg/lib /usr/local/lib /usr/lib
    libs=-lm -lutil -lc
    perllibs=-lm -lutil -lc
    libc=/usr/lib/libc.so.41.9, so=so, useshrplib=false, libperl=libperl.a
    gnulibc_version=''
  Dynamic Linking:
    dlsrc=dl_dlopen.xs, dlext=so, d_dlsymun=undef, ccdlflags=' '
    cccdlflags='-DPIC -fPIC ', lddlflags='-shared -fPIC  -L/usr/mpkg/lib -L/usr/local/lib'


Characteristics of this binary (from libperl): 
  Compile-time options: MULTIPLICITY PERL_DONT_CREATE_GVSV
                        PERL_IMPLICIT_CONTEXT PERL_MALLOC_WRAP
                        PERL_PRESERVE_IVUV USE_ITHREADS USE_LARGE_FILES
                        USE_PERLIO USE_PERL_ATOF USE_REENTRANT_API
  Built under mirbsd
  Compiled at Dec  7 2011 21:53:16
  %ENV:
    PERL5LIB="/home/sts/cpansmoke/perl-5.14.2/cpan/build/Task-Weaken-1.04-7dzofb/blib/arch:/home/sts/cpansmoke/perl-5.14.2/cpan/build/Task-Weaken-1.04-7dzofb/blib/lib:/home/sts/cpansmoke/perl-5.14.2/cpan/build/ExtUtils-Depends-0.304-wnwzvN/blib/arch:/home/sts/cpansmoke/perl-5.14.2/cpan/build/ExtUtils-Depends-0.304-wnwzvN/blib/lib:/home/sts/cpansmoke/perl-5.14.2/cpan/build/JSON-2.53-h6zxvP/blib/arch:/home/sts/cpansmoke/perl-5.14.2/cpan/build/JSON-2.53-h6zxvP/blib/lib:/home/sts/cpansmoke/perl-5.14.2/cpan/build/JSON-XS-2.32-bsM1BK/blib/arch:/home/sts/cpansmoke/perl-5.14.2/cpan/build/JSON-XS-2.32-bsM1BK/blib/lib:/home/sts/cpansmoke/perl-5.14.2/cpan/build/common-sense-3.4-hTew0v/blib/arch:/home/sts/cpansmoke/perl-5.14.2/cpan/build/common-sense-3.4-hTew0v/blib/lib:/home/sts/cpansmoke/perl-5.14.2/cpan/build/Object-AUTHORITY-0.003-Du0J0V/blib/arch:/home/sts/cpansmoke/perl-5.14.2/cpan/build/Object-AUTHORITY-0.003-Du0J0V/blib/lib:/home/sts/cpansmoke/perl-5.14.2/cpan/build/Sub-Name-0.05-M5haZi/blib/arch:/home/sts/cpansmoke/perl-5.14.2/cpan/build/Sub-Name-0.05-M5haZi/blib/lib:/home/sts/cpansmoke/perl-5.14.2/cpan/build/Test-Exception-0.31-9YqiAe/blib/arch:/home/sts/cpansmoke/perl-5.14.2/cpan/build/Test-Exception-0.31-9YqiAe/blib/lib:/home/sts/cpansmoke/perl-5.14.2/cpan/build/Sub-Uplevel-0.22-wkvDEa/blib/arch:/home/sts/cpansmoke/perl-5.14.2/cpan/build/Sub-Uplevel-0.22-wkvDEa/blib/lib"
    PERL5OPT=""
    PERL5_CPANPLUS_IS_RUNNING="24989"
    PERL5_CPAN_IS_RUNNING="24989"
    PERL5_CPAN_IS_RUNNING_IN_RECURSION="12304,24989"
    PERL_CR_SMOKER_CURRENT="JSON-JOM-Plugins-YAML-0.002"
    PERL_EXTUTILS_AUTOINSTALL="--defaultdeps"
    PERL_MM_USE_DEFAULT="1"
  @INC:
    /home/sts/cpansmoke/perl-5.14.2/cpan/build/Task-Weaken-1.04-7dzofb/blib/arch
    /home/sts/cpansmoke/perl-5.14.2/cpan/build/Task-Weaken-1.04-7dzofb/blib/lib
    /home/sts/cpansmoke/perl-5.14.2/cpan/build/ExtUtils-Depends-0.304-wnwzvN/blib/arch
    /home/sts/cpansmoke/perl-5.14.2/cpan/build/ExtUtils-Depends-0.304-wnwzvN/blib/lib
    /home/sts/cpansmoke/perl-5.14.2/cpan/build/JSON-2.53-h6zxvP/blib/arch
    /home/sts/cpansmoke/perl-5.14.2/cpan/build/JSON-2.53-h6zxvP/blib/lib
    /home/sts/cpansmoke/perl-5.14.2/cpan/build/JSON-XS-2.32-bsM1BK/blib/arch
    /home/sts/cpansmoke/perl-5.14.2/cpan/build/JSON-XS-2.32-bsM1BK/blib/lib
    /home/sts/cpansmoke/perl-5.14.2/cpan/build/common-sense-3.4-hTew0v/blib/arch
    /home/sts/cpansmoke/perl-5.14.2/cpan/build/common-sense-3.4-hTew0v/blib/lib
    /home/sts/cpansmoke/perl-5.14.2/cpan/build/Object-AUTHORITY-0.003-Du0J0V/blib/arch
    /home/sts/cpansmoke/perl-5.14.2/cpan/build/Object-AUTHORITY-0.003-Du0J0V/blib/lib
    /home/sts/cpansmoke/perl-5.14.2/cpan/build/Sub-Name-0.05-M5haZi/blib/arch
    /home/sts/cpansmoke/perl-5.14.2/cpan/build/Sub-Name-0.05-M5haZi/blib/lib
    /home/sts/cpansmoke/perl-5.14.2/cpan/build/Test-Exception-0.31-9YqiAe/blib/arch
    /home/sts/cpansmoke/perl-5.14.2/cpan/build/Test-Exception-0.31-9YqiAe/blib/lib
    /home/sts/cpansmoke/perl-5.14.2/cpan/build/Sub-Uplevel-0.22-wkvDEa/blib/arch
    /home/sts/cpansmoke/perl-5.14.2/cpan/build/Sub-Uplevel-0.22-wkvDEa/blib/lib
    /home/sts/cpansmoke/perl-5.14.2/lib/site_perl/5.14.2/MirBSD.i386-mirbsd-thread-multi
    /home/sts/cpansmoke/perl-5.14.2/lib/site_perl/5.14.2
    /home/sts/cpansmoke/perl-5.14.2/lib/5.14.2/MirBSD.i386-mirbsd-thread-multi
    /home/sts/cpansmoke/perl-5.14.2/lib/5.14.2
    .