Test-Wrapper v0.3.0 Perl 5 v5.24.3 OpenBSD.amd64-openbsd

Status
Fail
From
Alceu Rodrigues de Freitas Junior
Dist
Test-Wrapper v0.3.0
Platform
Perl 5 v5.24.3 OpenBSD.amd64-openbsd
Date
2017-12-04 13:59:48
ID
63e1fbe2-d8fb-11e7-ba38-f3948ca18d22
This distribution has been tested as part of the CPAN Testers
project, supporting the Perl programming language.  See
http://wiki.cpantesters.org/ for more information or email
questions to cpan-testers-discuss@perl.org


--
Dear Yanick Champoux,

This is a computer-generated report for Test-Wrapper-0.3.0
on perl 5.24.3, created by CPAN-Reporter-1.2018.

Thank you for uploading your work to CPAN.  However, there was a problem
testing your distribution.

If you think this report is invalid, please consult the CPAN Testers Wiki
for suggestions on how to avoid getting FAIL reports for missing library
or binary dependencies, unsupported operating systems, and so on:

http://wiki.cpantesters.org/wiki/CPANAuthorNotes

Sections of this report:

    * Tester comments
    * Program output
    * Prerequisites
    * Environment and other context

------------------------------
TESTER COMMENTS
------------------------------

Additional comments from tester:

this report is from an automated smoke testing program
and was not reviewed by a human for accuracy

------------------------------
PROGRAM OUTPUT
------------------------------

Output from './Build test':

t/00-compile.t ................ ok
# 
# 
# Generated by Dist::Zilla::Plugin::ReportVersions::Tiny v1.10
# perl: 5.024003 (wanted 5.006) on openbsd from /home/bar/perl5/perlbrew/perls/perl-5.24.3/bin/perl
# 
# File::Spec                                    => 3.62       (want any version)
# IO::Handle                                    => 1.35       (want any version)
# IPC::Open3                                    => 1.20       (want any version)
# Module::Build                                 => 0.4224     (want 0.3601) 
# Moose                                         => 2.2009     (want any version)
# Moose::Exporter                               => 2.2009     (want any version)
# Test::Builder                                 => 1.302120   (want any version)
# Test::More                                    => 1.302120   (want 0.88)   
# overload                                      => 1.26       (want any version)
# strict                                        => 1.11       (want any version)
# warnings                                      => 1.36       (want any version)
# 
# Thanks for using my code.  I hope it works for you.
# If not, please try and include this output in the bug report.
# That will help me reproduce the issue and solve your problem.
# 
t/000-report-versions-tiny.t .. ok

You have loaded versions of test modules known to have problems with Test2.
This could explain some test failures.
 * Module 'Test::Wrapper' is known to be broken in version 0.3.0 and below, newer versions have not been tested. You have: 0.3.0

t/no-interference.t ........... 
Dubious, test returned 1 (wstat 256, 0x100)
Failed 3/4 subtests 

You have loaded versions of test modules known to have problems with Test2.
This could explain some test failures.
 * Module 'Test::Wrapper' is known to be broken in version 0.3.0 and below, newer versions have not been tested. You have: 0.3.0

t/test-wrap.t ................. 
Dubious, test returned 3 (wstat 768, 0x300)
Failed 7/7 subtests 

Test Summary Report
-------------------
t/no-interference.t         (Wstat: 256 Tests: 1 Failed: 0)
  Non-zero exit status: 1
  Parse errors: Bad plan.  You planned 4 tests but ran 1.
t/test-wrap.t               (Wstat: 768 Tests: 0 Failed: 0)
  Non-zero exit status: 3
  Parse errors: Bad plan.  You planned 7 tests but ran 0.
Files=4, Tests=3,  2 wallclock secs ( 0.03 usr  0.02 sys +  1.38 cusr  0.35 csys =  1.78 CPU)
Result: FAIL
Failed 2/4 test programs. 0/3 subtests failed.

------------------------------
PREREQUISITES
------------------------------

Prerequisite modules loaded:

requires:

    Module          Need   Have    
    --------------- ------ --------
    Moose           0      2.2009  
    Moose::Exporter 0      2.2009  
    overload        0      1.26    
    Test::Builder   0      1.302120
    warnings        0      1.36    

build_requires:

    Module          Need   Have    
    --------------- ------ --------
    File::Spec      0      3.62    
    IO::Handle      0      1.35    
    IPC::Open3      0      1.20    
    Module::Build   0.3601 0.4224  
    perl            5.006  5.024003
    strict          0      1.11    
    Test::More      0.88   1.302120

configure_requires:

    Module          Need   Have    
    --------------- ------ --------
    Module::Build   0.3601 0.4224  


------------------------------
ENVIRONMENT AND OTHER CONTEXT
------------------------------

Environment variables:

    AUTOMATED_TESTING = 1
    PATH = /home/bar/perl5/perlbrew/bin:/home/bar/perl5/perlbrew/perls/perl-5.24.3/bin:/home/bar/bin:/sbin:/usr/sbin:/bin:/usr/bin:/usr/X11R6/bin:/usr/local/sbin:/usr/local/bin
    PERL5LIB = 
    PERL5OPT = 
    PERL5_CPANPLUS_IS_RUNNING = 26092
    PERL5_CPAN_IS_RUNNING = 26092
    PERL5_CPAN_IS_RUNNING_IN_RECURSION = 77229,26092
    PERLBREW_BASHRC_VERSION = 0.80
    PERLBREW_HOME = /home/bar/.perlbrew
    PERLBREW_MANPATH = /home/bar/perl5/perlbrew/perls/perl-5.24.3/man
    PERLBREW_PATH = /home/bar/perl5/perlbrew/bin:/home/bar/perl5/perlbrew/perls/perl-5.24.3/bin
    PERLBREW_PERL = perl-5.24.3
    PERLBREW_ROOT = /home/bar/perl5/perlbrew
    PERLBREW_VERSION = 0.80
    PERL_CR_SMOKER_CURRENT = Test-Wrapper-0.3.0
    PERL_EXTUTILS_AUTOINSTALL = --defaultdeps
    PERL_MM_USE_DEFAULT = 1
    PERL_USE_UNSAFE_INC = 1
    SHELL = /usr/local/bin/bash
    TERM = xterm

Perl special variables (and OS-specific diagnostics, for MSWin32):

    $^X = /home/bar/perl5/perlbrew/perls/perl-5.24.3/bin/perl
    $UID/$EUID = 1002 / 1002
    $GID = 1002 1002 1001
    $EGID = 1002 1002 1001

Perl module toolchain versions installed:

    Module              Have    
    ------------------- --------
    CPAN                2.20    
    CPAN::Meta          2.150010
    Cwd                 3.62    
    ExtUtils::CBuilder  0.280230
    ExtUtils::Command   7.31_05 
    ExtUtils::Install   2.14    
    ExtUtils::MakeMaker 7.31_05 
    ExtUtils::Manifest  1.70    
    ExtUtils::ParseXS   3.35    
    File::Spec          3.62    
    JSON                2.97000 
    JSON::PP            2.97000 
    Module::Build       0.4224  
    Module::Signature   0.81    
    Parse::CPAN::Meta   2.150010
    Test::Harness       3.39    
    Test::More          1.302120
    YAML                1.24    
    YAML::Syck          1.30    
    version             0.9918  


--

Summary of my perl5 (revision 5 version 24 subversion 3) configuration:
   
  Platform:
    osname=openbsd, osvers=6.1, archname=OpenBSD.amd64-openbsd
    uname='openbsd cpansmoker.my.domain 6.1 generic.mp#20 amd64 '
    config_args='-de -Dprefix=/home/bar/perl5/perlbrew/perls/perl-5.24.3 -Aeval:scriptdir=/home/bar/perl5/perlbrew/perls/perl-5.24.3/bin'
    hint=recommended, useposix=true, d_sigaction=define
    useithreads=undef, usemultiplicity=undef
    use64bitint=define, use64bitall=define, uselongdouble=undef
    usemymalloc=n, bincompat5005=undef
  Compiler:
    cc='cc', ccflags ='-fno-strict-aliasing -pipe -fstack-protector-strong -I/usr/local/include -D_FORTIFY_SOURCE=2',
    optimize='-O2',
    cppflags='-fno-strict-aliasing -pipe -fstack-protector-strong -I/usr/local/include'
    ccversion='', gccversion='4.2.1 20070719 ', gccosandvers='openbsd6.1'
    intsize=4, longsize=8, ptrsize=8, doublesize=8, byteorder=12345678, doublekind=3
    d_longlong=define, longlongsize=8, d_longdbl=define, longdblsize=16, longdblkind=3
    ivtype='long', ivsize=8, nvtype='double', nvsize=8, Off_t='off_t', lseeksize=8
    alignbytes=8, prototype=define
  Linker and Libraries:
    ld='cc', ldflags ='-Wl,-E  -fstack-protector-strong -L/usr/local/lib'
    libpth=/usr/lib /usr/local/lib
    libs=-lpthread -lm -lutil -lc
    perllibs=-lpthread -lm -lutil -lc
    libc=/usr/lib/libc.so.89.3, so=so, useshrplib=false, libperl=libperl.a
    gnulibc_version=''
  Dynamic Linking:
    dlsrc=dl_dlopen.xs, dlext=so, d_dlsymun=undef, ccdlflags=' '
    cccdlflags='-DPIC -fPIC ', lddlflags='-shared -fPIC  -L/usr/local/lib -fstack-protector-strong'


Characteristics of this binary (from libperl): 
  Compile-time options: HAS_TIMES PERLIO_LAYERS PERL_COPY_ON_WRITE
                        PERL_DONT_CREATE_GVSV
                        PERL_HASH_FUNC_ONE_AT_A_TIME_HARD PERL_MALLOC_WRAP
                        PERL_PRESERVE_IVUV USE_64_BIT_ALL USE_64_BIT_INT
                        USE_LARGE_FILES USE_LOCALE USE_LOCALE_COLLATE
                        USE_LOCALE_CTYPE USE_LOCALE_NUMERIC USE_LOCALE_TIME
                        USE_PERLIO USE_PERL_ATOF
  Locally applied patches:
	Devel::PatchPerl 1.48
  Built under openbsd
  Compiled at Nov 10 2017 21:17:21
  %ENV:
    PERL5LIB=""
    PERL5OPT=""
    PERL5_CPANPLUS_IS_RUNNING="26092"
    PERL5_CPAN_IS_RUNNING="26092"
    PERL5_CPAN_IS_RUNNING_IN_RECURSION="77229,26092"
    PERLBREW_BASHRC_VERSION="0.80"
    PERLBREW_HOME="/home/bar/.perlbrew"
    PERLBREW_MANPATH="/home/bar/perl5/perlbrew/perls/perl-5.24.3/man"
    PERLBREW_PATH="/home/bar/perl5/perlbrew/bin:/home/bar/perl5/perlbrew/perls/perl-5.24.3/bin"
    PERLBREW_PERL="perl-5.24.3"
    PERLBREW_ROOT="/home/bar/perl5/perlbrew"
    PERLBREW_VERSION="0.80"
    PERL_CR_SMOKER_CURRENT="Test-Wrapper-0.3.0"
    PERL_EXTUTILS_AUTOINSTALL="--defaultdeps"
    PERL_MM_USE_DEFAULT="1"
    PERL_USE_UNSAFE_INC="1"
  @INC:
    /home/bar/perl5/perlbrew/perls/perl-5.24.3/lib/site_perl/5.24.3/OpenBSD.amd64-openbsd
    /home/bar/perl5/perlbrew/perls/perl-5.24.3/lib/site_perl/5.24.3
    /home/bar/perl5/perlbrew/perls/perl-5.24.3/lib/5.24.3/OpenBSD.amd64-openbsd
    /home/bar/perl5/perlbrew/perls/perl-5.24.3/lib/5.24.3
    .