Time-Format v1.16 Perl 5 v5.18.2 MSWin32-x86-multi-thread

Status
Fail
From
Alexandr Ciornii (CHORNY)
Dist
Time-Format v1.16
Platform
Perl 5 v5.18.2 MSWin32-x86-multi-thread
Date
2020-02-20 18:11:09
ID
64123575-6bfa-1014-ad8c-a11a2ab2b1c5
This distribution has been tested as part of the CPAN Testers
project, supporting the Perl programming language.  See
http://wiki.cpantesters.org/ for more information or email
questions to cpan-testers-discuss@perl.org


--
Dear Eric J. Roode,

This is a computer-generated report for Time-Format-1.16
on perl 5.18.2, created by CPAN-Reporter-1.2018.

Thank you for uploading your work to CPAN.  However, there was a problem
testing your distribution.

If you think this report is invalid, please consult the CPAN Testers Wiki
for suggestions on how to avoid getting FAIL reports for missing library
or binary dependencies, unsupported operating systems, and so on:

http://wiki.cpantesters.org/wiki/CPANAuthorNotes

Sections of this report:

    * Tester comments
    * Program output
    * Prerequisites
    * Environment and other context

------------------------------
TESTER COMMENTS
------------------------------

Additional comments from tester:

this report is from an automated smoke testing program
and was not reviewed by a human for accuracy

------------------------------
PROGRAM OUTPUT
------------------------------

Output from 'C:\strawberry182\perl\bin\perl.exe ./Build test':

t\0-signature.t .. ok
t\1-load.t ....... ok
# Cannot determine locale; falling back to English.
t\DateManip.t .... ok
# Cannot determine locale; falling back to English.
t\DateTime.t ..... ok
t\die.t .......... ok

#   Failed test 'Example 12'
#   at t\doc.t line 88.
#          got: '÷åòâåðã Èþíü 05, 2003'
#     expected: 'Thursday June 05, 2003'

#   Failed test 'POSIX 1'
#   at t\doc.t line 97.
#          got: 'POSIXish: âòîðíèê, Äåêàáðü 12, 1995'
#     expected: 'POSIXish: Tuesday, December 12, 1995'

#   Failed test 'POSIX 2'
#   at t\doc.t line 98.
#          got: 'POSIXish: ÷åòâåðã, Èþíü 05, 2003'
#     expected: 'POSIXish: Thursday, June 05, 2003'
# Looks like you failed 3 tests of 26.
t\doc.t .......... 
Dubious, test returned 3 (wstat 768, 0x300)
Failed 3/26 subtests 
t\epoch.t ........ ok
t\export1.t ...... ok
t\export2.t ...... ok
t\export3.t ...... ok
# Cannot determine locale; falling back to English.
t\funcs.t ........ ok
t\locale.t ....... ok
t\manip.t ........ ok
t\msec.t ......... ok
t\past.t ......... ok
# Cannot determine locale; falling back to English.
t\quot.t ......... ok
t\strftime.t ..... ok
# Cannot determine locale; falling back to English.
t\string.t ....... ok
# Cannot determine locale; falling back to English.
t\time.t ......... ok
t\verysmall.t .... ok
# Cannot determine locale; falling back to English.
t\xs_DateTime.t .. ok
# Cannot determine locale; falling back to English.
t\xs_doc.t ....... ok
# Cannot determine locale; falling back to English.
t\xs_funcs.t ..... ok
t\xs_locale.t .... ok
# Cannot determine locale; falling back to English.
t\xs_quot.t ...... ok
# Cannot determine locale; falling back to English.
t\xs_time.t ...... ok

Test Summary Report
-------------------
t\doc.t        (Wstat: 768 Tests: 26 Failed: 3)
  Failed tests:  22-24
  Non-zero exit status: 3
Files=26, Tests=533, 13 wallclock secs ( 0.16 usr +  0.09 sys =  0.25 CPU)
Result: FAIL
Failed 1/26 test programs. 3/533 subtests failed.

------------------------------
PREREQUISITES
------------------------------

Prerequisite modules loaded:

requires:

    Module        Need   Have    
    ------------- ------ --------
    perl          v5.6.1 5.018002
    Time::Local   1.07   1.2300  

build_requires:

    Module        Need   Have    
    ------------- ------ --------
    FindBin       0      1.51    
    Symbol        0      1.07    
    Test::Simple  0.40   1.001002

configure_requires:

    Module        Need   Have    
    ------------- ------ --------
    Module::Build 0.4    0.4203  


------------------------------
ENVIRONMENT AND OTHER CONTEXT
------------------------------

Environment variables:

    AUTOMATED_TESTING = 1
    COMSPEC = C:\WINDOWS\system32\cmd.exe
    NUMBER_OF_PROCESSORS = 1
    PATH = C:\WINDOWS\system32;C:\WINDOWS;C:\WINDOWS\System32\Wbem;C:\strawberry182\c\bin;C:\strawberry182\perl\site\bin;C:\strawberry182\perl\bin
    PERL5LIB = 
    PERL5OPT = 
    PERL5_CPANPLUS_IS_RUNNING = 1508
    PERL5_CPAN_IS_RUNNING = 1508
    PERL5_CPAN_IS_RUNNING_IN_RECURSION = 1628,1508
    PERL_CR_SMOKER_CURRENT = Time-Format-1.16
    PERL_CR_SMOKER_RUNONCE = 1
    PERL_EXTUTILS_AUTOINSTALL = --defaultdeps
    PERL_HASH_SEED = 0x11111111
    PERL_MM_USE_DEFAULT = 1
    PROCESSOR_IDENTIFIER = x86 Family 18 Model 1 Stepping 0, AuthenticAMD
    TEMP = C:\DOCUME~1\c\LOCALS~1\Temp
    TERM = dumb

Perl special variables (and OS-specific diagnostics, for MSWin32):

    $^X = C:\strawberry182\perl\bin\perl.exe
    $UID/$EUID = 0 / 0
    $GID = 0
    $EGID = 0
    Win32::GetOSName = WinXP/.Net
    Win32::GetOSVersion = Service Pack 3, 5, 1, 2600, 2, 3, 0, 256, 1
    Win32::FsType = NTFS
    Win32::IsAdminUser = 1

Perl module toolchain versions installed:

    Module              Have    
    ------------------- --------
    CPAN                2.16    
    CPAN::Meta          2.133380
    Cwd                 3.40    
    ExtUtils::CBuilder  0.280212
    ExtUtils::Command   1.18    
    ExtUtils::Install   1.59    
    ExtUtils::MakeMaker 6.84    
    ExtUtils::Manifest  1.63    
    ExtUtils::ParseXS   3.22    
    File::Spec          3.40    
    JSON                2.90    
    JSON::PP            2.27203 
    Module::Build       0.4203  
    Module::Signature   n/a     
    Parse::CPAN::Meta   1.4414  
    Test::Harness       3.30    
    Test::More          1.001002
    YAML                0.90    
    YAML::Syck          1.27    
    version             0.9904  


--

Summary of my perl5 (revision 5 version 18 subversion 2) configuration:
   
  Platform:
    osname=MSWin32, osvers=6.2, archname=MSWin32-x86-multi-thread
    uname='Win32 strawberry-perl-no64 5.18.2.1 #1 Tue Jan  7 19:43:33 2014 i386'
    config_args='undef'
    hint=recommended, useposix=true, d_sigaction=undef
    useithreads=define, usemultiplicity=define
    useperlio=define, d_sfio=undef, uselargefiles=define, usesocks=undef
    use64bitint=undef, use64bitall=undef, uselongdouble=undef
    usemymalloc=n, bincompat5005=undef
  Compiler:
    cc='gcc', ccflags =' -s -O2 -DWIN32  -DPERL_TEXTMODE_SCRIPTS -DPERL_IMPLICIT_CONTEXT -DPERL_IMPLICIT_SYS -DUSE_PERLIO -fno-strict-aliasing -mms-bitfields',
    optimize='-s -O2',
    cppflags='-DWIN32'
    ccversion='', gccversion='4.7.3', gccosandvers=''
    intsize=4, longsize=4, ptrsize=4, doublesize=8, byteorder=1234
    d_longlong=define, longlongsize=8, d_longdbl=define, longdblsize=12
    ivtype='long', ivsize=4, nvtype='double', nvsize=8, Off_t='long long', lseeksize=8
    alignbytes=8, prototype=define
  Linker and Libraries:
    ld='g++', ldflags ='-s -L"C:\strawberry182\perl\lib\CORE" -L"C:\strawberry182\c\lib"'
    libpth=C:\strawberry182\c\lib C:\strawberry182\c\i686-w64-mingw32\lib C:\strawberry182\c\lib\gcc\i686-w64-mingw32\4.7.3
    libs=-lmoldname -lkernel32 -luser32 -lgdi32 -lwinspool -lcomdlg32 -ladvapi32 -lshell32 -lole32 -loleaut32 -lnetapi32 -luuid -lws2_32 -lmpr -lwinmm -lversion -lodbc32 -lodbccp32 -lcomctl32
    perllibs=-lmoldname -lkernel32 -luser32 -lgdi32 -lwinspool -lcomdlg32 -ladvapi32 -lshell32 -lole32 -loleaut32 -lnetapi32 -luuid -lws2_32 -lmpr -lwinmm -lversion -lodbc32 -lodbccp32 -lcomctl32
    libc=, so=dll, useshrplib=true, libperl=libperl518.a
    gnulibc_version=''
  Dynamic Linking:
    dlsrc=dl_win32.xs, dlext=dll, d_dlsymun=undef, ccdlflags=' '
    cccdlflags=' ', lddlflags='-mdll -s -L"C:\strawberry182\perl\lib\CORE" -L"C:\strawberry182\c\lib"'


Characteristics of this binary (from libperl): 
  Compile-time options: HAS_TIMES HAVE_INTERP_INTERN MULTIPLICITY
                        PERLIO_LAYERS PERL_DONT_CREATE_GVSV
                        PERL_HASH_FUNC_ONE_AT_A_TIME_HARD
                        PERL_IMPLICIT_CONTEXT PERL_IMPLICIT_SYS
                        PERL_MALLOC_WRAP PERL_PRESERVE_IVUV PERL_SAWAMPERSAND
                        USE_ITHREADS USE_LARGE_FILES USE_LOCALE
                        USE_LOCALE_COLLATE USE_LOCALE_CTYPE
                        USE_LOCALE_NUMERIC USE_PERLIO USE_PERL_ATOF
  Built under MSWin32
  Compiled at Jan  7 2014 19:51:54
  %ENV:
    PERL5_CPANPLUS_IS_RUNNING="1508"
    PERL5_CPAN_IS_RUNNING="1508"
    PERL5_CPAN_IS_RUNNING_IN_RECURSION="1628,1508"
    PERL_CR_SMOKER_CURRENT="Time-Format-1.16"
    PERL_CR_SMOKER_RUNONCE="1"
    PERL_EXTUTILS_AUTOINSTALL="--defaultdeps"
    PERL_HASH_SEED="0x11111111"
    PERL_MM_USE_DEFAULT="1"
  @INC:
    C:/strawberry182/perl/site/lib
    C:/strawberry182/perl/vendor/lib
    C:/strawberry182/perl/lib
    .