Signature-Attribute-Checked v0.06 Perl 5 v5.41.4 darwin-2level

Status
Fail
From
David Cantrell (DCANTRELL)
Dist
Signature-Attribute-Checked v0.06
Platform
Perl 5 v5.41.4 darwin-2level
Date
2024-09-14 23:45:16
ID
64a64b3e-72f3-11ef-9fbe-ade91472c3b4
This distribution has been tested as part of the CPAN Testers
project, supporting the Perl programming language.  See
http://wiki.cpantesters.org/ for more information or email
questions to cpan-testers-discuss@perl.org


--
Dear Paul Evans,

This is a computer-generated report for Signature-Attribute-Checked-0.06
on perl 5.41.4, created by CPAN-Reporter-1.2020.

Thank you for uploading your work to CPAN.  However, there was a problem
testing your distribution.

If you think this report is invalid, please consult the CPAN Testers Wiki
for suggestions on how to avoid getting FAIL reports for missing library
or binary dependencies, unsupported operating systems, and so on:

http://wiki.cpantesters.org/wiki/CPANAuthorNotes

Sections of this report:

    * Tester comments
    * Program output
    * Prerequisites
    * Environment and other context

------------------------------
TESTER COMMENTS
------------------------------

Additional comments from tester:

this report is from an automated smoke testing program
and was not reviewed by a human for accuracy

------------------------------
PROGRAM OUTPUT
------------------------------

Output from './Build test':

t/00use.t ............... ok
Argument "zero" isn't numeric in addition (+) at t/01positional.t line 17.

# Failed test 'f_as_package with string throws'
# at t/01positional.t line 26.
# +---------+----+---------------------------------------------------------+
# | GOT     | OP | CHECK                                                   |
# +---------+----+---------------------------------------------------------+
# | <UNDEF> | =~ | (?^u:^Parameter \$x requires a value satisfying Numeric |
# |         |    | al )                                                    |
# +---------+----+---------------------------------------------------------+

# Failed test 'f_as_object with string throws'
# at t/01positional.t line 43.
# +---------+----+---------------------------------------------------------+
# | GOT     | OP | CHECK                                                   |
# +---------+----+---------------------------------------------------------+
# | <UNDEF> | =~ | (?^u:^Parameter \$x requires a value satisfying ArrayRe |
# |         |    | f )                                                     |
# +---------+----+---------------------------------------------------------+
# Seeded srand with seed '20240915' from local date.
t/01positional.t ........ 
Dubious, test returned 2 (wstat 512, 0x200)
Failed 2/8 subtests 

# Failed test 'f_as_package with string throws'
# at t/02named.t line 25.
# +---------+----+---------------------------------------------------------+
# | GOT     | OP | CHECK                                                   |
# +---------+----+---------------------------------------------------------+
# | <UNDEF> | =~ | (?^u:^Named parameter :\$y requires a value satisfying  |
# |         |    | Numerical )                                             |
# +---------+----+---------------------------------------------------------+
# Seeded srand with seed '20240915' from local date.
t/02named.t ............. 
Dubious, test returned 1 (wstat 256, 0x100)
Failed 1/4 subtests 
Argument "zero" isn't numeric in addition (+) at t/10checks.t line 15.

# Failed test 'f with string throws'
# at t/10checks.t line 24.
# +---------+----+-------------------------------------------------------+
# | GOT     | OP | CHECK                                                 |
# +---------+----+-------------------------------------------------------+
# | <UNDEF> | =~ | (?^u:^Parameter \$x requires a value satisfying Num ) |
# +---------+----+-------------------------------------------------------+

# Failed test 'g with string throws'
# at t/10checks.t line 37.
# +---------+----+---------------------------------------------------------+
# | GOT     | OP | CHECK                                                   |
# +---------+----+---------------------------------------------------------+
# | <UNDEF> | =~ | (?^u:^Parameter \$x requires a value satisfying Maybe\( |
# |         |    | Num\) )                                                 |
# +---------+----+---------------------------------------------------------+
# Seeded srand with seed '20240915' from local date.
t/10checks.t ............ 
Dubious, test returned 2 (wstat 512, 0x200)
Failed 2/6 subtests 
t/20types-standard.t .... skipped: Types::Standard is not available
# Data::Checks 0.10, Signature::Attribute::Checked 0.06

# Failed test 'rejects undefined argument'
# at t/80checks+signature.t line 31.
# Seeded srand with seed '20240915' from local date.
t/80checks+signature.t .. 
Dubious, test returned 1 (wstat 256, 0x100)
Failed 1/2 subtests 
t/99pod.t ............... ok

Test Summary Report
-------------------
t/01positional.t      (Wstat: 512 (exited 2) Tests: 8 Failed: 2)
  Failed tests:  3, 5
  Non-zero exit status: 2
t/02named.t           (Wstat: 256 (exited 1) Tests: 4 Failed: 1)
  Failed test:  2
  Non-zero exit status: 1
t/10checks.t          (Wstat: 512 (exited 2) Tests: 6 Failed: 2)
  Failed tests:  3, 6
  Non-zero exit status: 2
t/80checks+signature.t (Wstat: 256 (exited 1) Tests: 2 Failed: 1)
  Failed test:  2
  Non-zero exit status: 1
Files=7, Tests=22,  1 wallclock secs ( 0.04 usr  0.03 sys +  1.14 cusr  0.27 csys =  1.48 CPU)
Result: FAIL
Failed 4/7 test programs. 6/22 subtests failed.

------------------------------
PREREQUISITES
------------------------------

Prerequisite modules loaded:

requires:

    Module                      Need   Have    
    --------------------------- ------ --------
    Data::Checks                0.09   0.10    
    perl                        5.026  5.041004
    XS::Parse::Sublike          0.19   0.23_002

build_requires:

    Module                      Need   Have    
    --------------------------- ------ --------
    ExtUtils::CBuilder          0      0.280240
    Test2::V0                   0      1.302201

configure_requires:

    Module                      Need   Have    
    --------------------------- ------ --------
    Data::Checks                0.09   0.10    
    Module::Build               0.4004 0.4234  
    XS::Parse::Sublike::Builder 0.19   0.23_002


------------------------------
ENVIRONMENT AND OTHER CONTEXT
------------------------------

Environment variables:

    AUTOMATED_TESTING = 1
    NONINTERACTIVE_TESTING = 1
    PATH = /Users/cpantesting/perl5/perlbrew/bin:/Users/cpantesting/perl5/perlbrew/perls/perl-5.32.0/bin:/usr/local/bin:/System/Cryptexes/App/usr/bin:/usr/bin:/bin:/usr/sbin:/sbin:/var/run/com.apple.security.cryptexd/codex.system/bootstrap/usr/local/bin:/var/run/com.apple.security.cryptexd/codex.system/bootstrap/usr/bin:/var/run/com.apple.security.cryptexd/codex.system/bootstrap/usr/appleinternal/bin:/Library/Apple/usr/bin:/Users/cpantesting/.cargo/bin
    PERL = blead
    PERL5LIB = 
    PERL5OPT = 
    PERL5_CPANPLUS_IS_RUNNING = 93013
    PERL5_CPAN_IS_RUNNING = 93013
    PERLBREW_HOME = /Users/cpantesting/.perlbrew
    PERLBREW_MANPATH = /Users/cpantesting/perl5/perlbrew/perls/perl-5.32.0/man
    PERLBREW_PATH = /Users/cpantesting/perl5/perlbrew/bin:/Users/cpantesting/perl5/perlbrew/perls/perl-5.32.0/bin
    PERLBREW_PERL = perl-5.32.0
    PERLBREW_ROOT = /Users/cpantesting/perl5/perlbrew
    PERLBREW_SHELLRC_VERSION = 0.94
    PERLBREW_VERSION = 0.94
    PERLVER = blead
    PERL_INLINE_DIRECTORY = /Users/cpantesting/.Inline-blead
    PERL_MM_USE_DEFAULT = 1
    PERL_USE_UNSAFE_INC = 0
    SHELL = /bin/bash
    TERM = screen

Perl special variables (and OS-specific diagnostics, for MSWin32):

    $^X = /Users/cpantesting/cpantesting/perl-blead/bin/perl5.41.4
    $UID/$EUID = 503 / 503
    $GID = 20 20 12 61 703 702 701 100
    $EGID = 20 20 12 61 703 702 701 100

Perl module toolchain versions installed:

    Module              Have    
    ------------------- --------
    CPAN                2.37    
    CPAN::Meta          2.150010
    Cwd                 3.92    
    ExtUtils::CBuilder  0.280240
    ExtUtils::Command   7.70    
    ExtUtils::Install   2.22    
    ExtUtils::MakeMaker 7.70    
    ExtUtils::Manifest  1.75    
    ExtUtils::ParseXS   3.54    
    File::Spec          3.93    
    JSON                4.10    
    JSON::PP            4.16    
    Module::Build       0.4234  
    Module::Signature   n/a     
    Parse::CPAN::Meta   2.150010
    Test2               1.302201
    Test::Harness       3.50    
    Test::More          1.302201
    YAML                1.31    
    YAML::Syck          n/a     
    version             0.9930  


--

Summary of my perl5 (revision 5 version 41 subversion 4) configuration:
  Commit id: 7a7a2e6eeef63435cb4670e19dbefae4f9d25e6a
  Platform:
    osname=darwin
    osvers=23.6.0
    archname=darwin-2level
    uname='darwin harrow.local 23.6.0 darwin kernel version 23.6.0: mon jul 29 21:13:00 pdt 2024; root:xnu-10063.141.2~1release_x86_64 x86_64 '
    config_args='-de -Dprefix=/Users/cpantesting/cpantesting/perl-blead -Dusedevel'
    hint=recommended
    useposix=true
    d_sigaction=define
    useithreads=undef
    usemultiplicity=undef
    use64bitint=define
    use64bitall=define
    uselongdouble=undef
    usemymalloc=n
    default_inc_excludes_dot=define
  Compiler:
    cc='cc'
    ccflags ='-fno-common -DPERL_DARWIN -mmacosx-version-min=14.6 -DNO_THREAD_SAFE_QUERYLOCALE -DNO_POSIX_2008_LOCALE -DHAS_BROKEN_LANGINFO_CODESET -fno-strict-aliasing -pipe -fstack-protector-strong -I/usr/local/include'
    optimize='-O3'
    cppflags='-fno-common -DPERL_DARWIN -mmacosx-version-min=14.6 -DNO_THREAD_SAFE_QUERYLOCALE -DNO_POSIX_2008_LOCALE -DHAS_BROKEN_LANGINFO_CODESET -fno-strict-aliasing -pipe -fstack-protector-strong -I/usr/local/include'
    ccversion=''
    gccversion='Apple LLVM 15.0.0 (clang-1500.3.9.4)'
    gccosandvers=''
    intsize=4
    longsize=8
    ptrsize=8
    doublesize=8
    byteorder=12345678
    doublekind=3
    d_longlong=define
    longlongsize=8
    d_longdbl=define
    longdblsize=16
    longdblkind=3
    ivtype='long'
    ivsize=8
    nvtype='double'
    nvsize=8
    Off_t='off_t'
    lseeksize=8
    alignbytes=8
    prototype=define
  Linker and Libraries:
    ld='cc'
    ldflags =' -mmacosx-version-min=14.6 -fstack-protector-strong -L/usr/local/lib'
    libpth=/usr/local/lib /Applications/Xcode.app/Contents/Developer/Toolchains/XcodeDefault.xctoolchain/usr/lib/clang/15.0.0/lib /Applications/Xcode.app/Contents/Developer/Platforms/MacOSX.platform/Developer/SDKs/MacOSX.sdk/usr/lib /Applications/Xcode.app/Contents/Developer/Toolchains/XcodeDefault.xctoolchain/usr/lib /usr/lib
    libs= 
    perllibs=
    libc=
    so=dylib
    useshrplib=false
    libperl=libperl.a
    gnulibc_version=''
  Dynamic Linking:
    dlsrc=dl_dlopen.xs
    dlext=bundle
    d_dlsymun=undef
    ccdlflags=' '
    cccdlflags=' '
    lddlflags=' -mmacosx-version-min=14.6 -bundle -undefined dynamic_lookup -L/usr/local/lib -fstack-protector-strong'


Characteristics of this binary (from libperl): 
  Compile-time options:
    HAS_LONG_DOUBLE
    HAS_STRTOLD
    HAS_TIMES
    PERLIO_LAYERS
    PERL_COPY_ON_WRITE
    PERL_DONT_CREATE_GVSV
    PERL_HASH_FUNC_SIPHASH13
    PERL_HASH_USE_SBOX32
    PERL_MALLOC_WRAP
    PERL_OP_PARENT
    PERL_PRESERVE_IVUV
    PERL_USE_DEVEL
    PERL_USE_SAFE_PUTENV
    USE_64_BIT_ALL
    USE_64_BIT_INT
    USE_LARGE_FILES
    USE_LOCALE
    USE_LOCALE_COLLATE
    USE_LOCALE_CTYPE
    USE_LOCALE_NUMERIC
    USE_LOCALE_TIME
    USE_PERLIO
    USE_PERL_ATOF
  Built under darwin
  Compiled at Sep 13 2024 17:57:33
  %ENV:
    PERL="blead"
    PERL5LIB=""
    PERL5OPT=""
    PERL5_CPANPLUS_IS_RUNNING="93013"
    PERL5_CPAN_IS_RUNNING="93013"
    PERLBREW_HOME="/Users/cpantesting/.perlbrew"
    PERLBREW_MANPATH="/Users/cpantesting/perl5/perlbrew/perls/perl-5.32.0/man"
    PERLBREW_PATH="/Users/cpantesting/perl5/perlbrew/bin:/Users/cpantesting/perl5/perlbrew/perls/perl-5.32.0/bin"
    PERLBREW_PERL="perl-5.32.0"
    PERLBREW_ROOT="/Users/cpantesting/perl5/perlbrew"
    PERLBREW_SHELLRC_VERSION="0.94"
    PERLBREW_VERSION="0.94"
    PERLVER="blead"
    PERL_INLINE_DIRECTORY="/Users/cpantesting/.Inline-blead"
    PERL_MM_USE_DEFAULT="1"
    PERL_USE_UNSAFE_INC="0"
  @INC:
    /Users/cpantesting/cpantesting/perl-blead/lib/site_perl/5.41.4/darwin-2level
    /Users/cpantesting/cpantesting/perl-blead/lib/site_perl/5.41.4
    /Users/cpantesting/cpantesting/perl-blead/lib/5.41.4/darwin-2level
    /Users/cpantesting/cpantesting/perl-blead/lib/5.41.4