ack vv3.7.0 Perl 5 v5.14.4 OpenBSD.amd64-openbsd

Status
Fail
From
Chris Williams (BINGOS)
Dist
ack vv3.7.0
Platform
Perl 5 v5.14.4 OpenBSD.amd64-openbsd
Date
2024-09-07 20:33:08
ID
64f0ccae-6d58-11ef-98b0-b3c3213a625c
This distribution has been tested as part of the CPAN Testers
project, supporting the Perl programming language.  See
http://wiki.cpantesters.org/ for more information or email
questions to cpan-testers-discuss@perl.org


--

Dear Andy Lester,

This is a computer-generated error report created automatically by
CPANPLUS, version 0.9914. Testers personal comments may appear
at the end of this report.


Thank you for uploading your work to CPAN.  However, it appears that
there were some problems testing your distribution.

TEST RESULTS:

Below is the error stack from stage 'make test':

"/home/cpan/pit/bare/perl-5.14.4/bin/perl" t/runtests.pl 0 0 "blib/lib" "blib/arch" t/*.t
Running tests on blib/script/ack, ACK_TEST_STANDALONE=0
# Testing ack v3.7.0 under Perl v5.14.4, /home/cpan/pit/bare/perl-5.14.4/bin/perl
# Using File::Next 1.18
# Using File::Spec 3.75
# Using Getopt::Long 2.38
# Using Pod::Perldoc 3.28
# Using Pod::Text 3.15
# Using Pod::Usage 1.36
# Using Term::ANSIColor 3.00
# Using Test::Harness 3.48
# Using Test::More 1.302200
# PATH=/home/cpan/pit/bare/conf/perl-5.14.4/.cpanplus/5.14.4/build/pWjtwm4jff/ack-v3.7.0/blib/script:/home/cpan/bin:/bin:/sbin:/usr/bin:/usr/sbin:/usr/X11R6/bin:/usr/local/bin:/usr/local/sbin
t/00-load.t .................. ok
t/ack-1.t .................... ok
t/ack-c.t .................... ok
t/ack-color.t ................ ok
t/ack-column.t ............... ok
t/ack-create-ackrc.t ......... ok
t/ack-dump.t ................. ok
t/ack-f.t .................... ok
t/ack-files-from.t ........... ok
t/ack-g.t .................... ok
t/ack-group.t ................ skipped: You need to install IO::Pty to run this test
t/ack-h.t .................... ok
t/ack-help-types.t ........... ok
t/ack-help.t ................. ok
t/ack-i.t .................... ok
t/ack-ignore-dir.t ........... ok
t/ack-ignore-file.t .......... ok
t/ack-k.t .................... ok
t/ack-l.t .................... ok
t/ack-m.t .................... ok
# 794

#   Failed test 'Manual should be between 900-2000 lines long but is actually 794 long'
#   at t/ack-man.t line 23.
# --man start=[
#   'NAME',
#   '    ack - grep-like text finder',
#   '',
#   'SYNOPSIS',
#   '        ack [options] PATTERN [FILE...]',
#   '        ack -f [options] [DIRECTORY...]',
#   '',
#   'DESCRIPTION',
#   '    ack is designed as an alternative to grep for programmers.',
#   '',
#   '    ack searches the named input FILEs or DIRECTORYs for lines containing a match to the given PATTERN. By default, ack prints the matching lines. If no FILE or DIRECTORY is given, the current directory will be searched.',
#   '',
#   '    PATTERN is a Perl regular expression. Perl regular expressions are commonly found in other programming languages, but for the particulars of their behavior, please consult perlreref <https://perldoc.perl.org/perlreref.html>. If you don\'t know how to use regular',
#   '    expression but are interested in learning, you may consult perlretut <https://perldoc.perl.org/perlretut.html>. If you do not need or want ack to use regular expressions, please see the "-Q"/"--literal" option.',
#   '',
#   '    Ack can also list files that would be searched, without actually searching them, to let you take advantage of ack\'s file-type filtering capabilities.',
#   '',
#   'FILE SELECTION',
#   '    If files are not specified for searching, either on the command line or piped in with the "-x" option, ack delves into subdirectories selecting files for searching.',
#   ''
# ]
# --man end=[
#   '',
#   '    Thanks to everyone who has contributed to ack in any way, including Thomas Gossler, Kieran Mace, Volker Glave, Axel Beckert, Eric Pement, Gabor Szabo, Frieder Bluemle, Grzegorz Kaczmarczyk, Dan Book, Tomasz Konojacki, Salomon Smeke, M. Scott Ford, Anders Eriksson,',
#   '    H.Merijn Brand, Duke Leto, Gerhard Poul, Ethan Mallove, Marek Kubica, Ray Donnelly, Nikolaj Schumacher, Ed Avis, Nick Morrott, Austin Chamberlin, Varadinsky, Sébastien Feugère, Jakub Wilk, Pete Houston, Stephen Thirlwall, Jonah Bishop, Chris Rebert, Denis Howe, Raúl',
#   '    Gundín, James McCoy, Daniel Perrett, Steven Lee, Jonathan Perret, Fraser Tweedale, Raál Gundán, Steffen Jaeckel, Stephan Hohe, Michael Beijen, Alexandr Ciornii, Christian Walde, Charles Lee, Joe McMahon, John Warwick, David Steinbrunner, Kara Martens, Volodymyr',
#   '    Medvid, Ron Savage, Konrad Borowski, Dale Sedivic, Michael McClimon, Andrew Black, Ralph Bodenner, Shaun Patterson, Ryan Olson, Shlomi Fish, Karen Etheridge, Olivier Mengue, Matthew Wild, Scott Kyle, Nick Hooey, Bo Borgerson, Mark Szymanski, Marq Schneider, Packy',
#   '    Anderson, JR Boyens, Dan Sully, Ryan Niebur, Kent Fredric, Mike Morearty, Ingmar Vanhassel, Eric Van Dewoestine, Sitaram Chamarty, Adam James, Richard Carlsson, Pedro Melo, AJ Schuster, Phil Jackson, Michael Schwern, Jan Dubois, Christopher J. Madsen, Matthew',
#   '    Wickline, David Dyck, Jason Porritt, Jjgod Jiang, Thomas Klausner, Uri Guttman, Peter Lewis, Kevin Riggle, Ori Avtalion, Torsten Blix, Nigel Metheringham, Gábor Szabó, Tod Hagan, Michael Hendricks, Ævar Arnfjörð Bjarmason, Piers Cawley, Stephen Steneker, Elias',
#   '    Lutfallah, Mark Leighton Fisher, Matt Diephouse, Christian Jaeger, Bill Sully, Bill Ricker, David Golden, Nilson Santos F. Jr, Elliot Shank, Merijn Broeren, Uwe Voelker, Rick Scott, Ask Bjørn Hansen, Jerry Gay, Will Coleda, Mike O\'Regan, Slaven Rezić, Mark Stosberg,',
#   '    David Alan Pisoni, Adriano Ferreira, James Keenan, Leland Johnson, Ricardo Signes, Pete Krawczyk and Rob Hoelz.',
#   '',
#   'AUTHOR',
#   '    Andy Lester, "<andy at petdance.com>"',
#   '',
#   'COPYRIGHT & LICENSE',
#   '    Copyright 2005-2023 Andy Lester.',
#   '',
#   '    This program is free software; you can redistribute it and/or modify it under the terms of the Artistic License v2.0.',
#   '',
#   '    See https://www.perlfoundation.org/artistic-license-20.html or the LICENSE.md file that comes with the ack distribution.',
#   ''
# ]

#   Failed test 'Nothing in STDERR'
#   at t/ack-man.t line 33.
# [
#   'stty: TIOCGETD: Operation not supported by device'
# ]
# Looks like you failed 2 tests of 2.
t/ack-man.t .................. 
Dubious, test returned 2 (wstat 512, 0x200)
Failed 2/2 subtests 
t/ack-match.t ................ ok
t/ack-n.t .................... ok
t/ack-o.t .................... ok
t/ack-output.t ............... ok
t/ack-pager.t ................ skipped: You need to install IO::Pty to run this test
t/ack-passthru.t ............. ok
t/ack-print0.t ............... ok
t/ack-proximate.t ............ ok
t/ack-Q.t .................... ok
cannot chdir to child for /tmp/N3t6s8nisS/foo: Permission denied at /home/cpan/pit/bare/perl-5.14.4/lib/site_perl/5.14.4/File/Temp.pm line 2643
cannot remove directory for /tmp/N3t6s8nisS: Directory not empty at /home/cpan/pit/bare/perl-5.14.4/lib/site_perl/5.14.4/File/Temp.pm line 2643
t/ack-s.t .................... ok
t/ack-show-types.t ........... ok
t/ack-type-del.t ............. ok
t/ack-type.t ................. ok
t/ack-underline.t ............ ok
t/ack-v.t .................... ok
t/ack-version.t .............. ok
t/ack-w.t .................... ok
t/ack-x.t .................... ok
t/anchored.t ................. ok
t/bad-ackrc-opt.t ............ ok
t/basic.t .................... ok
t/command-line-files.t ....... ok
t/config-backwards-compat.t .. ok
t/config-finder.t ............ ok
t/config-loader.t ............ ok
t/context-with-newlines.t .... ok
t/context.t .................. ok
t/default-filter.t ........... ok
t/double-hyphen.t ............ ok
t/empty-lines.t .............. ok
t/exit-code.t ................ ok
t/ext-filter.t ............... ok
t/file-iterator.t ............ ok
t/file-permission.t .......... ok
t/filetype-detection.t ....... ok
t/filetypes.t ................ ok
t/filter.t ................... ok
t/firstlinematch-filter.t .... ok
t/forbidden-options.t ........ ok
t/from-stdin.t ............... ok
t/highlighting.t ............. ok
t/illegal-regex.t ............ ok
t/incomplete-last-line.t ..... ok
t/interactive.t .............. skipped: You need to install IO::Pty to run this test

    #   Failed test 'Should have no output to stderr: ack --env --man'
    #   at t/invalid-ackrc.t line 78.
    #          got: '1'
    #     expected: '0'
    # STDERR:
    # stty: TIOCGETD: Operation not supported by device
    # Looks like you failed 1 test of 2.

#   Failed test 'Check --env --man'
#   at t/invalid-ackrc.t line 83.
# Looks like you failed 1 test of 3.
t/invalid-ackrc.t ............ 
Dubious, test returned 1 (wstat 256, 0x100)
Failed 1/3 subtests 
t/invalid-options.t .......... ok
t/inverted-file-filter.t ..... ok
t/is-filter.t ................ ok
t/line-endings.t ............. ok
t/longopts.t ................. ok
t/lowercase.t ................ ok
t/match-filter.t ............. ok
t/multiple-captures.t ........ ok
t/mutex-options.t ............ ok
t/named-pipes.t .............. ok
t/needs-line-scan.t .......... ok
t/noackrc.t .................. ok
t/noenv.t .................... ok
t/prescan-line-boundaries.t .. ok
t/process-substitution.t ..... ok
t/trailing-whitespace.t ...... ok
t/zero.t ..................... ok

Test Summary Report
-------------------
t/ack-man.t                (Wstat: 512 (exited 2) Tests: 2 Failed: 2)
  Failed tests:  1-2
  Non-zero exit status: 2
t/invalid-ackrc.t          (Wstat: 256 (exited 1) Tests: 3 Failed: 1)
  Failed test:  3
  Non-zero exit status: 1
Files=83, Tests=921, 94 wallclock secs ( 0.95 usr  0.29 sys + 71.45 cusr 19.75 csys = 92.44 CPU)
Result: FAIL
Failed 2/83 test programs. 3/921 subtests failed.
*** Error 255 in /home/cpan/pit/bare/conf/perl-5.14.4/.cpanplus/5.14.4/build/pWjtwm4jff/ack-v3.7.0 (Makefile:1057 'test_classic')


PREREQUISITES:

Here is a list of prerequisites you specified and versions we
managed to load:

	  Module Name                        Have     Want
	  Cwd                                3.75     3.00
	  ExtUtils::MakeMaker                7.70        0
	  File::Basename                     2.82  1.00015
	  File::Next                         1.18     1.18
	  File::Spec                         3.75     3.00
	  File::Temp                       0.2311     0.19
	  Getopt::Long                       2.38     2.38
	  List::Util                         1.23        0
	  Pod::Perldoc                       3.28     3.20
	  Pod::Text                          3.15        0
	  Pod::Usage                         1.36     1.26
	  Scalar::Util                       1.23        0
	  Term::ANSIColor                    3.00     1.10
	  Test::Harness                      3.48     2.50
	  Test::More                     1.302200     0.98
	  Text::ParseWords                   3.27      3.1
	  filetest                           1.02        0
	  if                               0.0601        0
	  parent                            0.225        0
	  version                          0.9932        0

Perl module toolchain versions installed:
	Module Name                        Have
	CPANPLUS                         0.9914
	CPANPLUS::Dist::Build              0.90
	Cwd                                3.75
	ExtUtils::CBuilder             0.280236
	ExtUtils::Command                  7.70
	ExtUtils::Install                  2.22
	ExtUtils::MakeMaker                7.70
	ExtUtils::Manifest                 1.75
	ExtUtils::ParseXS                  3.51
	File::Spec                         3.75
	Module::Build                    0.4234
	Pod::Parser                        1.37
	Pod::Simple                        3.16
	Test2                          1.302200
	Test::Harness                      3.48
	Test::More                     1.302200
	version                          0.9932

******************************** NOTE ********************************
The comments above are created mechanically, possibly without manual
checking by the sender.  As there are many people performing automatic
tests on each upload to CPAN, it is likely that you will receive
identical messages about the same problem.

If you believe that the message is mistaken, please reply to the first
one with correction and/or additional informations, and do not take
it personally.  We appreciate your patience. :)
**********************************************************************

Additional comments:


This report was machine-generated by CPANPLUS::Dist::YACSmoke 1.08.
Powered by minismokebox version 0.68

CPANPLUS is prefering Build.PL

------------------------------
ENVIRONMENT AND OTHER CONTEXT
------------------------------

Environment variables:

    AUTOMATED_TESTING = 1
    NONINTERACTIVE_TESTING = 1
    PATH = /home/cpan/pit/bare/conf/perl-5.14.4/.cpanplus/5.14.4/build/pWjtwm4jff/ack-v3.7.0/blib/script:/home/cpan/bin:/bin:/sbin:/usr/bin:/usr/sbin:/usr/X11R6/bin:/usr/local/bin:/usr/local/sbin
    PERL5LIB = /home/cpan/pit/jail/gAyyaFQyRP/lib/perl5:/home/cpan/pit/bare/conf/perl-5.14.4/.cpanplus/5.14.4/build/pWjtwm4jff/ack-v3.7.0/blib/lib:/home/cpan/pit/bare/conf/perl-5.14.4/.cpanplus/5.14.4/build/pWjtwm4jff/ack-v3.7.0/blib/arch
    PERL5_CPANPLUS_IS_RUNNING = 70505
    PERL5_CPANPLUS_IS_VERSION = 0.9914
    PERL5_MINISMOKEBOX = 0.68
    PERL5_YACSMOKE_BASE = /home/cpan/pit/bare/conf/perl-5.14.4
    PERL_EXTUTILS_AUTOINSTALL = --defaultdeps
    PERL_LOCAL_LIB_ROOT = /home/cpan/pit/jail/gAyyaFQyRP
    PERL_MB_OPT = --install_base "/home/cpan/pit/jail/gAyyaFQyRP"
    PERL_MM_OPT = INSTALL_BASE=/home/cpan/pit/jail/gAyyaFQyRP
    PERL_MM_USE_DEFAULT = 1
    PERL_USE_UNSAFE_INC = 1
    SHELL = /usr/local/bin/bash
    TERM = screen.xterm-256color

Perl special variables (and OS-specific diagnostics, for MSWin32):

    Perl: $^X = /home/cpan/pit/bare/perl-5.14.4/bin/perl
    UID:  $<  = 1001
    EUID: $>  = 1001
    GID:  $(  = 1001 1001
    EGID: $)  = 1001 1001


-------------------------------


--

Summary of my perl5 (revision 5 version 14 subversion 4) configuration:
   
  Platform:
    osname=openbsd, osvers=7.3, archname=OpenBSD.amd64-openbsd
    uname='openbsd overture.bingosnet.co.uk 7.3 generic#1072 amd64 '
    config_args='-des -Dprefix=/home/cpan/pit/bare/perl-5.14.4'
    hint=recommended, useposix=true, d_sigaction=define
    useithreads=undef, usemultiplicity=undef
    useperlio=define, d_sfio=undef, uselargefiles=define, usesocks=undef
    use64bitint=define, use64bitall=define, uselongdouble=undef
    usemymalloc=n, bincompat5005=undef
  Compiler:
    cc='cc', ccflags ='-fno-strict-aliasing -pipe -fstack-protector -I/usr/local/include',
    optimize='-O2',
    cppflags='-fno-strict-aliasing -pipe -fstack-protector -I/usr/local/include'
    ccversion='', gccversion='OpenBSD Clang 13.0.0', gccosandvers=''
    intsize=4, longsize=8, ptrsize=8, doublesize=8, byteorder=12345678
    d_longlong=define, longlongsize=8, d_longdbl=define, longdblsize=16
    ivtype='long', ivsize=8, nvtype='double', nvsize=8, Off_t='off_t', lseeksize=8
    alignbytes=8, prototype=define
  Linker and Libraries:
    ld='cc', ldflags ='-Wl,-E  -fstack-protector -L/usr/local/lib'
    libpth=/usr/local/lib /usr/lib
    libs=-lgdbm -lm -lutil -lc
    perllibs=-lm -lutil -lc
    libc=/usr/lib/libc.so.97.0, so=so, useshrplib=false, libperl=libperl.a
    gnulibc_version=''
  Dynamic Linking:
    dlsrc=dl_dlopen.xs, dlext=so, d_dlsymun=undef, ccdlflags=' '
    cccdlflags='-DPIC -fPIC ', lddlflags='-shared -fPIC  -L/usr/local/lib -fstack-protector'


Characteristics of this binary (from libperl): 
  Compile-time options: PERL_DONT_CREATE_GVSV PERL_MALLOC_WRAP
                        PERL_PRESERVE_IVUV USE_64_BIT_ALL USE_64_BIT_INT
                        USE_LARGE_FILES USE_PERLIO USE_PERL_ATOF
  Locally applied patches:
	Devel::PatchPerl 2.08
  Built under openbsd
  Compiled at May 29 2023 17:22:37
  %ENV:
    PERL5LIB="/home/cpan/pit/jail/gAyyaFQyRP/lib/perl5:/home/cpan/pit/bare/conf/perl-5.14.4/.cpanplus/5.14.4/build/pWjtwm4jff/ack-v3.7.0/blib/lib:/home/cpan/pit/bare/conf/perl-5.14.4/.cpanplus/5.14.4/build/pWjtwm4jff/ack-v3.7.0/blib/arch"
    PERL5_CPANPLUS_IS_RUNNING="70505"
    PERL5_CPANPLUS_IS_VERSION="0.9914"
    PERL5_MINISMOKEBOX="0.68"
    PERL5_YACSMOKE_BASE="/home/cpan/pit/bare/conf/perl-5.14.4"
    PERL_EXTUTILS_AUTOINSTALL="--defaultdeps"
    PERL_LOCAL_LIB_ROOT="/home/cpan/pit/jail/gAyyaFQyRP"
    PERL_MB_OPT="--install_base "/home/cpan/pit/jail/gAyyaFQyRP""
    PERL_MM_OPT="INSTALL_BASE=/home/cpan/pit/jail/gAyyaFQyRP"
    PERL_MM_USE_DEFAULT="1"
    PERL_USE_UNSAFE_INC="1"
  @INC:
    /home/cpan/pit/jail/gAyyaFQyRP/lib/perl5/5.14.4/OpenBSD.amd64-openbsd
    /home/cpan/pit/jail/gAyyaFQyRP/lib/perl5/5.14.4
    /home/cpan/pit/jail/gAyyaFQyRP/lib/perl5/OpenBSD.amd64-openbsd
    /home/cpan/pit/jail/gAyyaFQyRP/lib/perl5
    /home/cpan/pit/bare/conf/perl-5.14.4/.cpanplus/5.14.4/build/pWjtwm4jff/ack-v3.7.0/blib/lib
    /home/cpan/pit/bare/conf/perl-5.14.4/.cpanplus/5.14.4/build/pWjtwm4jff/ack-v3.7.0/blib/arch
    /home/cpan/pit/bare/perl-5.14.4/lib/site_perl/5.14.4/OpenBSD.amd64-openbsd
    /home/cpan/pit/bare/perl-5.14.4/lib/site_perl/5.14.4
    /home/cpan/pit/bare/perl-5.14.4/lib/5.14.4/OpenBSD.amd64-openbsd
    /home/cpan/pit/bare/perl-5.14.4/lib/5.14.4
    .