Report for Filter-Crypto-2.02

Back
From: metabase:user:e099aa30-bf4f-11e0-b0bb-a7aeb748a6a7
Subject: FAIL Filter-Crypto-2.02 v5.16.2 Mac OS X
Date: 2013-02-15T00:41:13Z

This distribution has been tested as part of the CPAN Testers
project, supporting the Perl programming language.  See
http://wiki.cpantesters.org/ for more information or email
questions to cpan-testers-discuss@perl.org


--
Dear Steve Hay,

This is a computer-generated report for Filter-Crypto-2.02
on perl 5.16.2, created by CPAN-Reporter-1.2009.

Thank you for uploading your work to CPAN.  However, there was a problem
testing your distribution.

If you think this report is invalid, please consult the CPAN Testers Wiki
for suggestions on how to avoid getting FAIL reports for missing library
or binary dependencies, unsupported operating systems, and so on:

http://wiki.cpantesters.org/wiki/CPANAuthorNotes

Sections of this report:

    * Tester comments
    * Program output
    * Prerequisites
    * Environment and other context

------------------------------
TESTER COMMENTS
------------------------------

Additional comments from tester:

none provided

------------------------------
PROGRAM OUTPUT
------------------------------

Output from '/usr/bin/make test':

PERL_DL_NONLAZY=1 /usr/local/bin/perl "-MExtUtils::Command::MM" "-e" "test_harness(0, 'inc', 'blib/lib', 'blib/arch')" t/01_constants.t t/02_function.t t/03_script.t t/04_par.t t/05_errstr.t t/06_pod.t
t/01_constants.t .. ok
t/02_function.t ... ok

#   Failed test '... and output correct file path'
#   at t/03_script.t line 270.
#          got: '/var/root/.cpan/build/Filter-Crypto-2.02-77YEIx/test.pl'
#     expected: '/private/var/root/.cpan/build/Filter-Crypto-2.02-77YEIx/test.pl'

#   Failed test '... and output correct file path'
#   at t/03_script.t line 338.
#          got: '/var/root/.cpan/build/Filter-Crypto-2.02-77YEIx/test.pl: OK'
#     expected: '/private/var/root/.cpan/build/Filter-Crypto-2.02-77YEIx/test.pl: OK'
# Looks like you failed 2 tests of 99.
t/03_script.t ..... 
Dubious, test returned 2 (wstat 512, 0x200)
Failed 2/99 subtests 
t/04_par.t ........ skipped: PAR::Filter required to test PAR::Filter::Crypto
t/05_errstr.t ..... ok
t/06_pod.t ........ ok

Test Summary Report
-------------------
t/03_script.t   (Wstat: 512 Tests: 99 Failed: 2)
  Failed tests:  26, 42
  Non-zero exit status: 2
Files=6, Tests=409, 13 wallclock secs ( 0.13 usr  0.02 sys + 10.47 cusr  1.62 csys = 12.24 CPU)
Result: FAIL
Failed 1/6 test programs. 2/409 subtests failed.
make: *** [test_dynamic] Error 255

------------------------------
PREREQUISITES
------------------------------

Prerequisite modules loaded:

requires:

    Module                Need  Have     
    --------------------- ----- ---------
    Archive::Zip          0     1.30     
    blib                  0     1.06     
    Exporter              0     5.66     
    Fcntl                 0     1.11     
    File::Temp            0     0.22_90  
    perl                  5.006 5.016002 
    Scalar::Util          0     1.27     
    Test::More            0     0.98     
    Test::Pod             1.00  1.45     
    Text::ParseWords      0     3.27     
    XSLoader              0     0.16     

build_requires:

    Module                Need  Have     
    --------------------- ----- ---------
    blib                  0     1.06     
    Carp                  0     1.26     
    Config                0     0        
    constant              0     1.25     
    Cwd                   0     3.40     
    ExtUtils::MakeMaker   6.59  6.64     
    File::Basename        0     2.84     
    File::Copy            0     2.23     
    File::Find            0     1.20     
    File::Path            0     2.09     
    File::Spec            0     3.40     
    File::Spec::Functions 0     3.40     
    FindBin               0     1.51     
    Getopt::Long          0     2.38     
    parent                0     0.225    
    Pod::Usage            1.15  1.61     
    strict                0     1.07     
    Test::More            0     0.98     
    Text::Wrap            0     2012.0818
    vars                  0     1.02     
    warnings              0     1.13     

configure_requires:

    Module                Need  Have     
    --------------------- ----- ---------
    Carp                  0     1.26     
    Config                0     0        
    constant              0     1.25     
    Cwd                   0     3.40     
    ExtUtils::MakeMaker   6.59  6.64     
    File::Basename        0     2.84     
    File::Copy            0     2.23     
    File::Find            0     1.20     
    File::Path            0     2.09     
    File::Spec            0     3.40     
    File::Spec::Functions 0     3.40     
    FindBin               0     1.51     
    Getopt::Long          0     2.38     
    parent                0     0.225    
    Pod::Usage            1.15  1.61     
    strict                0     1.07     
    Text::Wrap            0     2012.0818
    vars                  0     1.02     
    warnings              0     1.13     


------------------------------
ENVIRONMENT AND OTHER CONTEXT
------------------------------

Environment variables:

    PATH = /usr/local/apache/bin:/usr/local/bin:/Developer/usr/bin:/usr/bin:/bin:/usr/sbin:/sbin:/usr/local/bin:/opt/X11/bin
    PERL5LIB = 
    PERL5OPT = 
    PERL5_CPANPLUS_IS_RUNNING = 19465
    PERL5_CPAN_IS_RUNNING = 19465
    PERL5_CPAN_IS_RUNNING_IN_RECURSION = 12137,19465
    SHELL = /bin/tcsh
    TERM = xterm

Perl special variables (and OS-specific diagnostics, for MSWin32):

    $^X = /usr/local/bin/perl
    $UID/$EUID = 0 / 0
    $GID = 0 0 1 2 3 4 5 8 9 12 20 29 61 80
    $EGID = 0 0 1 2 3 4 5 8 9 12 20 29 61 80

Perl module toolchain versions installed:

    Module              Have    
    ------------------- --------
    CPAN                1.9800  
    CPAN::Meta          2.120921
    Cwd                 3.40    
    ExtUtils::CBuilder  0.280206
    ExtUtils::Command   1.17    
    ExtUtils::Install   1.58    
    ExtUtils::MakeMaker 6.64    
    ExtUtils::Manifest  1.61    
    ExtUtils::ParseXS   3.16    
    File::Spec          3.40    
    JSON                2.53    
    JSON::PP            2.27200 
    Module::Build       0.4003  
    Module::Signature   0.69    
    Parse::CPAN::Meta   1.4404  
    Test::Harness       3.26    
    Test::More          0.98    
    YAML                0.84    
    YAML::Syck          1.22    
    version             0.9901  


--

Summary of my perl5 (revision 5 version 16 subversion 2) configuration:
   
  Platform:
    osname=darwin, osvers=12.2.0, archname=darwin-2level
    uname='darwin tucumcari.local 12.2.0 darwin kernel version 12.2.0: sat aug 25 00:48:52 pdt 2012; root:xnu-2050.18.24~1release_x86_64 x86_64 '
    config_args='-Dprefix=/usr/local'
    hint=recommended, useposix=true, d_sigaction=define
    useithreads=undef, usemultiplicity=undef
    useperlio=define, d_sfio=undef, uselargefiles=define, usesocks=undef
    use64bitint=define, use64bitall=define, uselongdouble=undef
    usemymalloc=n, bincompat5005=undef
  Compiler:
    cc='gcc', ccflags ='-fno-common -DPERL_DARWIN -fno-strict-aliasing -pipe -fstack-protector -I/usr/local/include -I/opt/local/include',
    optimize='-O3',
    cppflags='-fno-common -DPERL_DARWIN -fno-strict-aliasing -pipe -fstack-protector -I/usr/local/include -I/opt/local/include'
    ccversion='', gccversion='4.2.1 (Based on Apple Inc. build 5658) (LLVM build 2336.11.00)', gccosandvers=''
    intsize=4, longsize=8, ptrsize=8, doublesize=8, byteorder=12345678
    d_longlong=define, longlongsize=8, d_longdbl=define, longdblsize=16
    ivtype='long', ivsize=8, nvtype='double', nvsize=8, Off_t='off_t', lseeksize=8
    alignbytes=8, prototype=define
  Linker and Libraries:
    ld='env MACOSX_DEPLOYMENT_TARGET=10.3 gcc', ldflags =' -fstack-protector -L/usr/local/lib -L/opt/local/lib'
    libpth=/usr/local/lib /opt/local/lib /usr/lib
    libs=-lgdbm -ldbm -ldl -lm -lutil -lc
    perllibs=-ldl -lm -lutil -lc
    libc=, so=dylib, useshrplib=false, libperl=libperl.a
    gnulibc_version=''
  Dynamic Linking:
    dlsrc=dl_dlopen.xs, dlext=bundle, d_dlsymun=undef, ccdlflags=' '
    cccdlflags=' ', lddlflags=' -bundle -undefined dynamic_lookup -L/usr/local/lib -L/opt/local/lib -fstack-protector'


Characteristics of this binary (from libperl): 
  Compile-time options: HAS_TIMES PERLIO_LAYERS PERL_DONT_CREATE_GVSV
                        PERL_MALLOC_WRAP PERL_PRESERVE_IVUV USE_64_BIT_ALL
                        USE_64_BIT_INT USE_LARGE_FILES USE_LOCALE
                        USE_LOCALE_COLLATE USE_LOCALE_CTYPE
                        USE_LOCALE_NUMERIC USE_PERLIO USE_PERL_ATOF
  Built under darwin
  Compiled at Nov 12 2012 14:22:51
  %ENV:
    PERL5LIB=""
    PERL5OPT=""
    PERL5_CPANPLUS_IS_RUNNING="19465"
    PERL5_CPAN_IS_RUNNING="19465"
    PERL5_CPAN_IS_RUNNING_IN_RECURSION="12137,19465"
  @INC:
    /usr/local/lib/perl5/site_perl/5.16.2/darwin-2level
    /usr/local/lib/perl5/site_perl/5.16.2
    /usr/local/lib/perl5/5.16.2/darwin-2level
    /usr/local/lib/perl5/5.16.2
    .