Report for SOAP-Transport-TCP-0.715

Back
From: metabase:user:30f4dfbe-2aae-11df-837a-5e0a49663a4f
Subject: FAIL SOAP-Transport-TCP-0.715 v5.12.5 Mac OS X
Date: 2013-05-20T22:41:24Z

This distribution has been tested as part of the CPAN Testers
project, supporting the Perl programming language.  See
http://wiki.cpantesters.org/ for more information or email
questions to cpan-testers-discuss@perl.org


--
Dear Martin Kutter,

This is a computer-generated report for SOAP-Transport-TCP-0.715
on perl 5.12.5, created by CPAN-Reporter-1.2010.

Thank you for uploading your work to CPAN.  However, there was a problem
testing your distribution.

If you think this report is invalid, please consult the CPAN Testers Wiki
for suggestions on how to avoid getting FAIL reports for missing library
or binary dependencies, unsupported operating systems, and so on:

http://wiki.cpantesters.org/wiki/CPANAuthorNotes

Sections of this report:

    * Tester comments
    * Program output
    * Prerequisites
    * Environment and other context

------------------------------
TESTER COMMENTS
------------------------------

Additional comments from tester:

this report is from an automated smoke testing program
and was not reviewed by a human for accuracy

------------------------------
PROGRAM OUTPUT
------------------------------

Output from './Build test':

t/096_characters.t .... skipped: (no reason given)
t/097_kwalitee.t ...... skipped: (no reason given)
t/098_pod.t ........... skipped: (no reason given)
t/099_pod_coverage.t .. skipped: (no reason given)

#   Failed test 'use SOAP::Transport::TCP;'
#   at t/TCP.t line 4.
#     Tried to use 'SOAP::Transport::TCP'.
#     Error:  Can't locate IO/SessionData.pm in @INC (@INC contains: /Users/hornenj/.cpan/build/SOAP-Transport-TCP-0.715-a7HAJH/blib/lib /Users/hornenj/.cpan/build/SOAP-Transport-TCP-0.715-a7HAJH/blib/arch /Users/hornenj/perl5/perlbrew/perls/perl-5.12.5/lib/site_perl/5.12.5/darwin-2level /Users/hornenj/perl5/perlbrew/perls/perl-5.12.5/lib/site_perl/5.12.5 /Users/hornenj/perl5/perlbrew/perls/perl-5.12.5/lib/5.12.5/darwin-2level /Users/hornenj/perl5/perlbrew/perls/perl-5.12.5/lib/5.12.5 .) at /Users/hornenj/.cpan/build/SOAP-Transport-TCP-0.715-a7HAJH/blib/lib/SOAP/Transport/TCP.pm line 20.
# BEGIN failed--compilation aborted at /Users/hornenj/.cpan/build/SOAP-Transport-TCP-0.715-a7HAJH/blib/lib/SOAP/Transport/TCP.pm line 20.
# Compilation failed in require at (eval 4) line 2.
# BEGIN failed--compilation aborted at (eval 4) line 2.
Can't locate object method "new" via package "SOAP::Transport::TCP::Client" (perhaps you forgot to load "SOAP::Transport::TCP::Client"?) at t/TCP.t line 8.
# Looks like you planned 7 tests but ran 1.
# Looks like you failed 1 test of 1 run.
# Looks like your test exited with 255 just after 1.
t/TCP.t ............... 
Dubious, test returned 255 (wstat 65280, 0xff00)
Failed 7/7 subtests 

Test Summary Report
-------------------
t/TCP.t             (Wstat: 65280 Tests: 1 Failed: 1)
  Failed test:  1
  Non-zero exit status: 255
  Parse errors: Bad plan.  You planned 7 tests but ran 1.
Files=5, Tests=1,  0 wallclock secs ( 0.02 usr  0.01 sys +  0.03 cusr  0.01 csys =  0.07 CPU)
Result: FAIL
Failed 1/5 test programs. 1/1 subtests failed.

------------------------------
PREREQUISITES
------------------------------

Prerequisite modules loaded:

requires:

    Module        Need     Have    
    ------------- -------- --------
    IO::File      0        1.14    
    Net::FTP      0        2.77    
    perl          v5.6.2   5.012005
    SOAP::Lite    0.714    0.715   

build_requires:

    Module        Need     Have    
    ------------- -------- --------
    Test::More    0        0.98    

configure_requires:

    Module        Need     Have    
    ------------- -------- --------
    Module::Build 0.340201 0.4005  


------------------------------
ENVIRONMENT AND OTHER CONTEXT
------------------------------

Environment variables:

    AUTOMATED_TESTING = 1
    LC_ALL = POSIX
    LD_LIBRARY_PATH = :/net/traces01.be-md.ncbi.nlm.nih.gov/trace_software/vdb/mac/release/x86_64/lib
    PATH = /Users/hornenj/perl5/perlbrew/bin:/Users/hornenj/perl5/perlbrew/perls/perl-5.12.5/bin:/Users/hornenj/perl5/perlbrew/bin:/Users/hornenj/perl5/perlbrew/perls/perl-5.18.0/bin:/sw/lib/perl5/ExtUtils:/sw/bin:/sw/sbin:/am/ncbiapdata/bin:/usr/bin:/bin:/usr/X11R6/bin:/Users/hornenj/bin:/netopt/ncbi_tools/bin:/usr/local/ncbi/blast/bin:/net/traces01.be-md.ncbi.nlm.nih.gov/trace_software/vdb/mac/release/x86_64/bin
    PERL5LIB = 
    PERL5OPT = 
    PERL5_CPANPLUS_IS_RUNNING = 87091
    PERL5_CPAN_IS_RUNNING = 87091
    PERL5_MINISMOKEBOX = 0.56
    PERLBREW_BASHRC_VERSION = 0.63
    PERLBREW_HOME = /Users/hornenj/.perlbrew
    PERLBREW_MANPATH = /Users/hornenj/perl5/perlbrew/perls/perl-5.12.5/man
    PERLBREW_PATH = /Users/hornenj/perl5/perlbrew/bin:/Users/hornenj/perl5/perlbrew/perls/perl-5.12.5/bin
    PERLBREW_PERL = perl-5.12.5
    PERLBREW_ROOT = /Users/hornenj/perl5/perlbrew
    PERLBREW_VERSION = 0.63
    PERL_EXTUTILS_AUTOINSTALL = --defaultdeps
    PERL_MM_USE_DEFAULT = 1
    SHELL = /bin/bash
    TERM = xterm
    TMPDIR = /var/folders/pz/pd7y1qjs6s3cbk170cw50fjc000c61/T/
    VERSIONER_PERL_PREFER_32_BIT = no
    VERSIONER_PERL_VERSION = 5.12
    ac_cv_path_INTLTOOL_PERL = /usr/bin/perl

Perl special variables (and OS-specific diagnostics, for MSWin32):

    $^X = /Users/hornenj/perl5/perlbrew/perls/perl-5.12.5/bin/perl
    $UID/$EUID = 12481 / 12481
    $GID = 14 14 527 241 223 206 402 12 62 204
    $EGID = 14 14 527 241 223 206 402 12 62 204

Perl module toolchain versions installed:

    Module              Have    
    ------------------- --------
    CPAN                2.00    
    CPAN::Meta          2.130880
    Cwd                 3.40    
    ExtUtils::CBuilder  0.280205
    ExtUtils::Command   1.17    
    ExtUtils::Install   1.55    
    ExtUtils::MakeMaker 6.66    
    ExtUtils::Manifest  1.61    
    ExtUtils::ParseXS   3.18    
    File::Spec          3.40    
    JSON                2.57    
    JSON::PP            2.27202 
    Module::Build       0.4005  
    Module::Signature   n/a     
    Parse::CPAN::Meta   1.4404  
    Test::Harness       3.28    
    Test::More          0.98    
    YAML                0.84    
    YAML::Syck          1.25    
    version             0.9902  


--

Summary of my perl5 (revision 5 version 12 subversion 5) configuration:
   
  Platform:
    osname=darwin, osvers=12.2.1, archname=darwin-2level
    uname='darwin ncbimac2008.ncbi.nlm.nih.gov 12.2.1 darwin kernel version 12.2.1: thu oct 18 12:13:47 pdt 2012; root:xnu-2050.20.9~1release_x86_64 x86_64 '
    config_args='-de -Dprefix=/Users/hornenj/perl5/perlbrew/perls/perl-5.12.5'
    hint=recommended, useposix=true, d_sigaction=define
    useithreads=undef, usemultiplicity=undef
    useperlio=define, d_sfio=undef, uselargefiles=define, usesocks=undef
    use64bitint=define, use64bitall=define, uselongdouble=undef
    usemymalloc=n, bincompat5005=undef
  Compiler:
    cc='cc', ccflags ='-fno-common -DPERL_DARWIN -no-cpp-precomp -fno-strict-aliasing -pipe -fstack-protector',
    optimize='-O3',
    cppflags='-no-cpp-precomp -fno-common -DPERL_DARWIN -no-cpp-precomp -fno-strict-aliasing -pipe -fstack-protector'
    ccversion='', gccversion='4.2.1 Compatible Apple LLVM 4.2 (clang-425.0.24)', gccosandvers=''
    intsize=4, longsize=8, ptrsize=8, doublesize=8, byteorder=12345678
    d_longlong=define, longlongsize=8, d_longdbl=define, longdblsize=16
    ivtype='long', ivsize=8, nvtype='double', nvsize=8, Off_t='off_t', lseeksize=8
    alignbytes=8, prototype=define
  Linker and Libraries:
    ld='env MACOSX_DEPLOYMENT_TARGET=10.3 cc', ldflags =' -fstack-protector'
    libpth=/usr/lib
    libs=-ldbm -ldl -lm -lutil -lc
    perllibs=-ldl -lm -lutil -lc
    libc=, so=dylib, useshrplib=false, libperl=libperl.a
    gnulibc_version=''
  Dynamic Linking:
    dlsrc=dl_dlopen.xs, dlext=bundle, d_dlsymun=undef, ccdlflags=' '
    cccdlflags=' ', lddlflags=' -bundle -undefined dynamic_lookup -fstack-protector'


Characteristics of this binary (from libperl): 
  Compile-time options: PERL_DONT_CREATE_GVSV PERL_MALLOC_WRAP USE_64_BIT_ALL
                        USE_64_BIT_INT USE_LARGE_FILES USE_PERLIO
                        USE_PERL_ATOF
  Built under darwin
  Compiled at Mar  5 2013 11:08:14
  %ENV:
    PERL5LIB=""
    PERL5OPT=""
    PERL5_CPANPLUS_IS_RUNNING="87091"
    PERL5_CPAN_IS_RUNNING="87091"
    PERL5_MINISMOKEBOX="0.56"
    PERLBREW_BASHRC_VERSION="0.63"
    PERLBREW_HOME="/Users/hornenj/.perlbrew"
    PERLBREW_MANPATH="/Users/hornenj/perl5/perlbrew/perls/perl-5.12.5/man"
    PERLBREW_PATH="/Users/hornenj/perl5/perlbrew/bin:/Users/hornenj/perl5/perlbrew/perls/perl-5.12.5/bin"
    PERLBREW_PERL="perl-5.12.5"
    PERLBREW_ROOT="/Users/hornenj/perl5/perlbrew"
    PERLBREW_VERSION="0.63"
    PERL_EXTUTILS_AUTOINSTALL="--defaultdeps"
    PERL_MM_USE_DEFAULT="1"
  @INC:
    /Users/hornenj/perl5/perlbrew/perls/perl-5.12.5/lib/site_perl/5.12.5/darwin-2level
    /Users/hornenj/perl5/perlbrew/perls/perl-5.12.5/lib/site_perl/5.12.5
    /Users/hornenj/perl5/perlbrew/perls/perl-5.12.5/lib/5.12.5/darwin-2level
    /Users/hornenj/perl5/perlbrew/perls/perl-5.12.5/lib/5.12.5
    .