ETL-Yertl v0.039 Perl 5 v5.10.1 x86_64-linux

Status
Fail
From
Slaven Rezić (SREZIC)
Dist
ETL-Yertl v0.039
Platform
Perl 5 v5.10.1 x86_64-linux
Date
2018-08-22 21:14:48
ID
66decabe-a650-11e8-8c1f-ae65a3ab02c6
This distribution has been tested as part of the CPAN Testers
project, supporting the Perl programming language.  See
http://wiki.cpantesters.org/ for more information or email
questions to cpan-testers-discuss@perl.org


--
Dear Doug Bell,

This is a computer-generated report for ETL-Yertl-0.039
on perl 5.10.1, created by CPAN-Reporter-1.2018.

Thank you for uploading your work to CPAN.  However, there was a problem
testing your distribution.

If you think this report is invalid, please consult the CPAN Testers Wiki
for suggestions on how to avoid getting FAIL reports for missing library
or binary dependencies, unsupported operating systems, and so on:

http://wiki.cpantesters.org/wiki/CPANAuthorNotes

Sections of this report:

    * Tester comments
    * Program output
    * Prerequisites
    * Environment and other context

------------------------------
TESTER COMMENTS
------------------------------

Additional comments from tester:

none provided

------------------------------
PROGRAM OUTPUT
------------------------------

Output from 'make test':

PERL_DL_NONLAZY=1 "/opt/perl-5.10.1/bin/perl" "-MExtUtils::Command::MM" "-MTest::Harness" "-e" "undef *Test::Harness::Switches; test_harness(0, 'blib/lib', 'blib/arch')" t/*.t t/adapter/*.t t/bin/*.t t/command/ygrok/*.t t/command/ygrok/pattern/*.t t/command/yq/*.t t/format/*.t t/integration/*.t
t/00-compile.t ........................... ok
# 
# Versions for all modules listed in MYMETA.json (including optional ones):
# 
# === Configure Requires ===
# 
#     Module              Want Have
#     ------------------- ---- ----
#     ExtUtils::MakeMaker  any 7.34
# 
# === Build Requires ===
# 
#     Module              Want Have
#     ------------------- ---- ----
#     ExtUtils::MakeMaker  any 7.34
# 
# === Test Requires ===
# 
#     Module                  Want     Have
#     ------------------- -------- --------
#     Capture::Tiny            any     0.46
#     Dir::Self                any     0.11
#     ExtUtils::MakeMaker      any     7.34
#     File::Spec               any     3.74
#     Future                   any     0.38
#     IO::Handle               any     1.39
#     IPC::Open3               any     1.04
#     JSON::PP                 any  2.97001
#     Mock::MonkeyPatch        any     0.04
#     Test::Deep               any    1.128
#     Test::Differences        any     0.64
#     Test::Exception          any     0.43
#     Test::Lib                any    0.002
#     Test::More          1.001005 1.302136
# 
# === Test Recommends ===
# 
#     Module         Want     Have
#     ---------- -------- --------
#     CPAN::Meta 2.120900 2.150010
# 
# === Runtime Requires ===
# 
#     Module                    Want       Have
#     ------------------- ---------- ----------
#     File::HomeDir              any      1.002
#     File::Spec                 any       3.74
#     Getopt::Long              2.36        2.5
#     Hash::Merge::Simple        any      0.051
#     IO::Async                 0.72       0.72
#     IO::Interactive            any      1.022
#     Import::Base             0.010      1.004
#     JSON::MaybeXS              any   1.003009
#     List::Util                 any       1.50
#     Module::Runtime            any      0.015
#     Net::Async::HTTP           any       0.41
#     Path::Tiny               0.072      0.106
#     Pod::Usage::Return         any      0.003
#     Regexp::Common      2013031301 2017060201
#     SQL::Abstract              any       1.86
#     Time::Local                any       1.27
#     Time::Piece                any       1.33
#     URI                        any       1.74
#     YAML::Tiny                 any       1.73
#     boolean                    any       0.46
# 
# === Runtime Recommends ===
# 
#     Module       Want    Have
#     ------------ ---- -------
#     DBD::SQLite   any    1.58
#     DBI           any   1.641
#     JSON::PP      any 2.97001
#     JSON::XS      any    3.04
#     Text::CSV     any    1.97
#     Text::CSV_XS  any    1.34
#     YAML::Syck    any    1.30
#     YAML::XS      any    0.66
# 
t/00-report-prereqs.t .................... ok
Name "CORE::GLOBAL::time" used only once: possible typo at t/adapter/graphite.t line 142.
t/adapter/graphite.t ..................... ok
Name "CORE::GLOBAL::time" used only once: possible typo at t/adapter/influxdb.t line 151.
t/adapter/influxdb.t ..................... ok
t/bin/yfrom.t ............................ 
All 1 subtests passed 
t/bin/ygrok.t ............................ 
All 1 subtests passed 
t/bin/yq.t ............................... 
All 2 subtests passed 
t/bin/ysql.t ............................. 
All 3 subtests passed 
t/bin/yto.t .............................. 
All 1 subtests passed 
t/bin/yts.t .............................. 
All 2 subtests passed 
t/command/ygrok/edit_patterns.t .......... 
No subtests run 
t/command/ygrok/pattern/http_combined.t .. 
No subtests run 
t/command/ygrok/pattern/http_common.t .... 
No subtests run 
t/command/ygrok/pattern/linux_proc.t ..... 
No subtests run 
t/command/ygrok/pattern/ls-l.t ........... 
No subtests run 
t/command/ygrok/pattern/ps-u.t ........... 
No subtests run 
t/command/ygrok/pattern/ps-x.t ........... 
No subtests run 
t/command/ygrok/pattern/ps.t ............. 
No subtests run 
t/command/ygrok/pattern/syslog.t ......... 
No subtests run 
t/command/yq/combinator.t ................ ok
t/command/yq/comparison.t ................ ok
t/command/yq/conditional.t ............... ok
t/command/yq/filter.t .................... ok
empty does not take arguments
t/command/yq/functions.t ................. ok
t/command/yq/regression.t ................ ok
t/command/yq/values.t .................... ok
t/format/csv.t ........................... ok
Prototype mismatch: sub main::decode_json ($) vs none at /opt/perl-5.10.1/lib/5.10.1/Exporter.pm line 66.
 at (eval 34) line 1.
t/format/json.t .......................... ok
t/format/yaml.t .......................... ok
t/integration/parse_apache_log.t ......... 
No subtests run 

Test Summary Report
-------------------
t/bin/yfrom.t                          (Wstat: 9 Tests: 1 Failed: 0)
  Non-zero wait status: 9
  Parse errors: No plan found in TAP output
t/bin/ygrok.t                          (Wstat: 9 Tests: 1 Failed: 0)
  Non-zero wait status: 9
  Parse errors: No plan found in TAP output
t/bin/yq.t                             (Wstat: 9 Tests: 2 Failed: 0)
  Non-zero wait status: 9
  Parse errors: No plan found in TAP output
t/bin/ysql.t                           (Wstat: 9 Tests: 3 Failed: 0)
  Non-zero wait status: 9
  Parse errors: No plan found in TAP output
t/bin/yto.t                            (Wstat: 9 Tests: 1 Failed: 0)
  Non-zero wait status: 9
  Parse errors: No plan found in TAP output
t/bin/yts.t                            (Wstat: 9 Tests: 2 Failed: 0)
  Non-zero wait status: 9
  Parse errors: No plan found in TAP output
t/command/ygrok/edit_patterns.t        (Wstat: 9 Tests: 0 Failed: 0)
  Non-zero wait status: 9
  Parse errors: No plan found in TAP output
t/command/ygrok/pattern/http_combined.t (Wstat: 9 Tests: 0 Failed: 0)
  Non-zero wait status: 9
  Parse errors: No plan found in TAP output
t/command/ygrok/pattern/http_common.t  (Wstat: 9 Tests: 0 Failed: 0)
  Non-zero wait status: 9
  Parse errors: No plan found in TAP output
t/command/ygrok/pattern/linux_proc.t   (Wstat: 9 Tests: 0 Failed: 0)
  Non-zero wait status: 9
  Parse errors: No plan found in TAP output
t/command/ygrok/pattern/ls-l.t         (Wstat: 9 Tests: 0 Failed: 0)
  Non-zero wait status: 9
  Parse errors: No plan found in TAP output
t/command/ygrok/pattern/ps-u.t         (Wstat: 9 Tests: 0 Failed: 0)
  Non-zero wait status: 9
  Parse errors: No plan found in TAP output
t/command/ygrok/pattern/ps-x.t         (Wstat: 9 Tests: 0 Failed: 0)
  Non-zero wait status: 9
  Parse errors: No plan found in TAP output
t/command/ygrok/pattern/ps.t           (Wstat: 9 Tests: 0 Failed: 0)
  Non-zero wait status: 9
  Parse errors: No plan found in TAP output
t/command/ygrok/pattern/syslog.t       (Wstat: 9 Tests: 0 Failed: 0)
  Non-zero wait status: 9
  Parse errors: No plan found in TAP output
t/integration/parse_apache_log.t       (Wstat: 9 Tests: 0 Failed: 0)
  Non-zero wait status: 9
  Parse errors: No plan found in TAP output
Files=30, Tests=74, 8763 wallclock secs ( 0.06 usr  0.10 sys +  3.27 cusr  0.68 csys =  4.11 CPU)
Result: FAIL
Failed 16/30 test programs. 0/74 subtests failed.
make: *** [test_dynamic] Error 255

------------------------------
PREREQUISITES
------------------------------

Prerequisite modules loaded:

requires:

    Module              Need       Have      
    ------------------- ---------- ----------
    boolean             0          0.46      
    File::HomeDir       0          1.002     
    File::Spec          0          3.74      
    Getopt::Long        2.36       2.5       
    Hash::Merge::Simple 0          0.051     
    Import::Base        0.010      1.004     
    IO::Async           0.72       0.72      
    IO::Interactive     0          1.022     
    JSON::MaybeXS       0          1.003009  
    List::Util          0          1.50      
    Module::Runtime     0          0.015     
    Net::Async::HTTP    0          0.41      
    Path::Tiny          0.072      0.106     
    perl                5.010      5.010001  
    Pod::Usage::Return  0          0.003     
    Regexp::Common      2013031301 2017060201
    SQL::Abstract       0          1.86      
    Time::Local         0          1.27      
    Time::Piece         0          1.33      
    URI                 0          1.74      
    YAML::Tiny          0          1.73      

build_requires:

    Module              Need       Have      
    ------------------- ---------- ----------
    Capture::Tiny       0          0.46      
    Dir::Self           0          0.11      
    ExtUtils::MakeMaker 0          7.34      
    File::Spec          0          3.74      
    Future              0          0.38      
    IO::Handle          0          1.39      
    IPC::Open3          0          1.04      
    JSON::PP            0          2.97001   
    Mock::MonkeyPatch   0          0.04      
    Test::Deep          0          1.128     
    Test::Differences   0          0.64      
    Test::Exception     0          0.43      
    Test::Lib           0          0.002     
    Test::More          1.001005   1.302136  

configure_requires:

    Module              Need       Have      
    ------------------- ---------- ----------
    ExtUtils::MakeMaker 0          7.34      


------------------------------
ENVIRONMENT AND OTHER CONTEXT
------------------------------

Environment variables:

    LANG = en_US.UTF-8
    PATH = /usr/local/bin:/usr/bin:/bin:/usr/local/sbin:/usr/sbin:/sbin:/home/cpansand/bin/linux-gnu:/home/cpansand/bin/sh:/home/cpansand/bin:/usr/games:/home/cpansand/devel:/home/eserte/src/srezic-misc/scripts
    PERL5LIB = 
    PERL5OPT = 
    PERL5_CPANPLUS_IS_RUNNING = 27930
    PERL5_CPAN_IS_RUNNING = 27930
    PERL5_CPAN_IS_RUNNING_IN_RECURSION = 27889,27930
    PERLDOC = -MPod::Perldoc::ToTextOverstrike
    PERL_BATCH = yes
    PERL_CANARY_STABILITY_NOPROMPT = 1
    PERL_CPAN_REPORTER_CONFIG = /var/tmp/cpansmoker-1023/2018082218/cpanreporter_000_config.ini
    PERL_EXTUTILS_AUTOINSTALL = --defaultdeps
    SHELL = /bin/zsh
    TERM = screen
    TMPDIR = /var/tmp/cpansmoker-1023/2018082218

Perl special variables (and OS-specific diagnostics, for MSWin32):

    $^X = /opt/perl-5.10.1/bin/perl
    $UID/$EUID = 1023 / 1023
    $GID = 1023 1023
    $EGID = 1023 1023

Perl module toolchain versions installed:

    Module              Have    
    ------------------- --------
    CPAN                2.16    
    CPAN::Meta          2.150010
    Cwd                 3.74    
    ExtUtils::CBuilder  0.280230
    ExtUtils::Command   7.34    
    ExtUtils::Install   2.06    
    ExtUtils::MakeMaker 7.34    
    ExtUtils::Manifest  1.71    
    ExtUtils::ParseXS   3.30    
    File::Spec          3.74    
    JSON                2.97001 
    JSON::PP            2.97001 
    Module::Build       0.4224  
    Module::Signature   0.81    
    Parse::CPAN::Meta   2.150010
    Test::Harness       3.42    
    Test::More          1.302136
    YAML                1.26    
    YAML::Syck          1.30    
    version             0.992   


--

Summary of my perl5 (revision 5 version 10 subversion 1) configuration:
   
  Platform:
    osname=linux, osvers=2.6.32-696.3.1.el6.x86_64, archname=x86_64-linux
    uname='linux centos6 2.6.32-696.3.1.el6.x86_64 #1 smp tue may 30 19:52:55 utc 2017 x86_64 x86_64 x86_64 gnulinux '
    config_args='-ds -e -Dprefix=/opt/perl-5.10.1 -Dcf_email=srezic@cpan.org'
    hint=recommended, useposix=true, d_sigaction=define
    useithreads=undef, usemultiplicity=undef
    useperlio=define, d_sfio=undef, uselargefiles=define, usesocks=undef
    use64bitint=define, use64bitall=define, uselongdouble=undef
    usemymalloc=n, bincompat5005=undef
  Compiler:
    cc='cc', ccflags ='-fno-strict-aliasing -pipe -fstack-protector -I/usr/local/include -D_LARGEFILE_SOURCE -D_FILE_OFFSET_BITS=64',
    optimize='-O2',
    cppflags='-fno-strict-aliasing -pipe -fstack-protector -I/usr/local/include'
    ccversion='', gccversion='4.4.7 20120313 (Red Hat 4.4.7-18)', gccosandvers=''
    intsize=4, longsize=8, ptrsize=8, doublesize=8, byteorder=12345678
    d_longlong=define, longlongsize=8, d_longdbl=define, longdblsize=16
    ivtype='long', ivsize=8, nvtype='double', nvsize=8, Off_t='off_t', lseeksize=8
    alignbytes=8, prototype=define
  Linker and Libraries:
    ld='cc', ldflags =' -fstack-protector -L/usr/local/lib'
    libpth=/usr/local/lib /lib /usr/lib /lib64 /usr/lib64 /usr/local/lib64
    libs=-lnsl -lgdbm -ldb -ldl -lm -lcrypt -lutil -lc
    perllibs=-lnsl -ldl -lm -lcrypt -lutil -lc
    libc=, so=so, useshrplib=false, libperl=libperl.a
    gnulibc_version='2.12'
  Dynamic Linking:
    dlsrc=dl_dlopen.xs, dlext=so, d_dlsymun=undef, ccdlflags='-Wl,-E'
    cccdlflags='-fPIC', lddlflags='-shared -O2 -L/usr/local/lib -fstack-protector'


Characteristics of this binary (from libperl): 
  Compile-time options: PERL_DONT_CREATE_GVSV PERL_MALLOC_WRAP USE_64_BIT_ALL
                        USE_64_BIT_INT USE_LARGE_FILES USE_PERLIO
  Built under linux
  Compiled at Jun 24 2017 10:30:21
  %ENV:
    PERL5LIB=""
    PERL5OPT=""
    PERL5_CPANPLUS_IS_RUNNING="27930"
    PERL5_CPAN_IS_RUNNING="27930"
    PERL5_CPAN_IS_RUNNING_IN_RECURSION="27889,27930"
    PERLDOC="-MPod::Perldoc::ToTextOverstrike"
    PERL_BATCH="yes"
    PERL_CANARY_STABILITY_NOPROMPT="1"
    PERL_CPAN_REPORTER_CONFIG="/var/tmp/cpansmoker-1023/2018082218/cpanreporter_000_config.ini"
    PERL_EXTUTILS_AUTOINSTALL="--defaultdeps"
  @INC:
    /opt/perl-5.10.1/lib/5.10.1/x86_64-linux
    /opt/perl-5.10.1/lib/5.10.1
    /opt/perl-5.10.1/lib/site_perl/5.10.1/x86_64-linux
    /opt/perl-5.10.1/lib/site_perl/5.10.1
    .