Report for BioX-SeqUtils-Promoter-0.1.1

Back
From: metabase:user:e3434da8-b236-11df-85ca-0247c6d74bde
Subject: FAIL BioX-SeqUtils-Promoter-0.1.1 v5.8.9 GNU/Linux
Date: 2010-12-04T09:03:46Z

This distribution has been tested as part of the CPAN Testers
project, supporting the Perl programming language.  See
http://wiki.cpantesters.org/ for more information or email
questions to cpan-testers-discuss@perl.org


--
Dear Charles Stephen Embry,

This is a computer-generated report for BioX-SeqUtils-Promoter-0.1.1
on perl 5.8.9, created by CPAN-Reporter-1.1803.

Thank you for uploading your work to CPAN.  However, there was a problem
testing your distribution.

If you think this report is invalid, please consult the CPAN Testers Wiki
for suggestions on how to avoid getting FAIL reports for missing library
or binary dependencies, unsupported operating systems, and so on:

http://wiki.cpantesters.org/wiki/CPANAuthorNotes

Sections of this report:

    * Tester comments
    * Program output
    * Prerequisites
    * Environment and other context

------------------------------
TESTER COMMENTS
------------------------------

Additional comments from tester:

this report is from an automated smoke testing program
and was not reviewed by a human for accuracy

------------------------------
PROGRAM OUTPUT
------------------------------

Output from './Build test':


#   Failed test 'use BioX::SeqUtils::Promoter;'
#   at t/00.load.t line 4.
#     Tried to use 'BioX::SeqUtils::Promoter'.
#     Error:  Can't locate Class/Std.pm in @INC (@INC contains: /home/tester/cpan/perl-5.8.9/.cpan/build/BioX-SeqUtils-Promoter-4HChfT/blib/lib /home/tester/cpan/perl-5.8.9/.cpan/build/BioX-SeqUtils-Promoter-4HChfT/blib/arch /home/tester/vers/perl-5.8.9/lib/5.8.9/x86_64-linux-thread-multi /home/tester/vers/perl-5.8.9/lib/5.8.9 /home/tester/vers/perl-5.8.9/lib/site_perl/5.8.9/x86_64-linux-thread-multi /home/tester/vers/perl-5.8.9/lib/site_perl/5.8.9 .) at /home/tester/cpan/perl-5.8.9/.cpan/build/BioX-SeqUtils-Promoter-4HChfT/blib/lib/BioX/SeqUtils/Promoter.pm line 10.
# BEGIN failed--compilation aborted at /home/tester/cpan/perl-5.8.9/.cpan/build/BioX-SeqUtils-Promoter-4HChfT/blib/lib/BioX/SeqUtils/Promoter.pm line 10.
# Compilation failed in require at (eval 4) line 2.
# BEGIN failed--compilation aborted at (eval 4) line 2.
Use of uninitialized value in concatenation (.) or string at t/00.load.t line 7.
# Testing BioX::SeqUtils::Promoter 
# Looks like you failed 1 test of 1.
t/00.load.t ....... 
Dubious, test returned 1 (wstat 256, 0x100)
Failed 1/1 subtests 

#   Failed test 'use BioX::SeqUtils::Promoter::Base;'
#   at t/10.length.t line 4.
#     Tried to use 'BioX::SeqUtils::Promoter::Base'.
#     Error:  Can't locate Class/Std.pm in @INC (@INC contains: /home/tester/cpan/perl-5.8.9/.cpan/build/BioX-SeqUtils-Promoter-4HChfT/blib/lib /home/tester/cpan/perl-5.8.9/.cpan/build/BioX-SeqUtils-Promoter-4HChfT/blib/arch /home/tester/vers/perl-5.8.9/lib/5.8.9/x86_64-linux-thread-multi /home/tester/vers/perl-5.8.9/lib/5.8.9 /home/tester/vers/perl-5.8.9/lib/site_perl/5.8.9/x86_64-linux-thread-multi /home/tester/vers/perl-5.8.9/lib/site_perl/5.8.9 .) at /home/tester/cpan/perl-5.8.9/.cpan/build/BioX-SeqUtils-Promoter-4HChfT/blib/lib/BioX/SeqUtils/Promoter/Base.pm line 7.
# BEGIN failed--compilation aborted at /home/tester/cpan/perl-5.8.9/.cpan/build/BioX-SeqUtils-Promoter-4HChfT/blib/lib/BioX/SeqUtils/Promoter/Base.pm line 7.
# Compilation failed in require at (eval 4) line 2.
# BEGIN failed--compilation aborted at (eval 4) line 2.
Can't locate object method "new" via package "BioX::SeqUtils::Promoter::Base" at t/10.length.t line 11.
# Looks like you planned 2 tests but ran 1.
# Looks like you failed 1 test of 1 run.
# Looks like your test exited with 255 just after 1.
t/10.length.t ..... 
Dubious, test returned 255 (wstat 65280, 0xff00)
Failed 2/2 subtests 

#   Failed test 'use BioX::SeqUtils::Promoter;'
#   at t/10.load.t line 4.
#     Tried to use 'BioX::SeqUtils::Promoter'.
#     Error:  Can't locate Class/Std.pm in @INC (@INC contains: /home/tester/cpan/perl-5.8.9/.cpan/build/BioX-SeqUtils-Promoter-4HChfT/blib/lib /home/tester/cpan/perl-5.8.9/.cpan/build/BioX-SeqUtils-Promoter-4HChfT/blib/arch /home/tester/vers/perl-5.8.9/lib/5.8.9/x86_64-linux-thread-multi /home/tester/vers/perl-5.8.9/lib/5.8.9 /home/tester/vers/perl-5.8.9/lib/site_perl/5.8.9/x86_64-linux-thread-multi /home/tester/vers/perl-5.8.9/lib/site_perl/5.8.9 .) at /home/tester/cpan/perl-5.8.9/.cpan/build/BioX-SeqUtils-Promoter-4HChfT/blib/lib/BioX/SeqUtils/Promoter.pm line 10.
# BEGIN failed--compilation aborted at /home/tester/cpan/perl-5.8.9/.cpan/build/BioX-SeqUtils-Promoter-4HChfT/blib/lib/BioX/SeqUtils/Promoter.pm line 10.
# Compilation failed in require at (eval 4) line 2.
# BEGIN failed--compilation aborted at (eval 4) line 2.

#   Failed test 'use BioX::SeqUtils::Promoter::Alignment;'
#   at t/10.load.t line 10.
#     Tried to use 'BioX::SeqUtils::Promoter::Alignment'.
#     Error:  Can't locate Class/Std.pm in @INC (@INC contains: /home/tester/cpan/perl-5.8.9/.cpan/build/BioX-SeqUtils-Promoter-4HChfT/blib/lib /home/tester/cpan/perl-5.8.9/.cpan/build/BioX-SeqUtils-Promoter-4HChfT/blib/arch /home/tester/vers/perl-5.8.9/lib/5.8.9/x86_64-linux-thread-multi /home/tester/vers/perl-5.8.9/lib/5.8.9 /home/tester/vers/perl-5.8.9/lib/site_perl/5.8.9/x86_64-linux-thread-multi /home/tester/vers/perl-5.8.9/lib/site_perl/5.8.9 .) at /home/tester/cpan/perl-5.8.9/.cpan/build/BioX-SeqUtils-Promoter-4HChfT/blib/lib/BioX/SeqUtils/Promoter/Base.pm line 7.
# BEGIN failed--compilation aborted at /home/tester/cpan/perl-5.8.9/.cpan/build/BioX-SeqUtils-Promoter-4HChfT/blib/lib/BioX/SeqUtils/Promoter/Base.pm line 7.
# Compilation failed in require at (eval 6) line 3.
# 	...propagated at /home/tester/vers/perl-5.8.9/lib/5.8.9/base.pm line 93.
# BEGIN failed--compilation aborted at /home/tester/cpan/perl-5.8.9/.cpan/build/BioX-SeqUtils-Promoter-4HChfT/blib/lib/BioX/SeqUtils/Promoter/Alignment.pm line 7.
# Compilation failed in require at (eval 5) line 2.
# BEGIN failed--compilation aborted at (eval 5) line 2.

#   Failed test 'use BioX::SeqUtils::Promoter::Annotations;'
#   at t/10.load.t line 16.
#     Tried to use 'BioX::SeqUtils::Promoter::Annotations'.
#     Error:  Can't locate Class/Std.pm in @INC (@INC contains: /home/tester/cpan/perl-5.8.9/.cpan/build/BioX-SeqUtils-Promoter-4HChfT/blib/lib /home/tester/cpan/perl-5.8.9/.cpan/build/BioX-SeqUtils-Promoter-4HChfT/blib/arch /home/tester/vers/perl-5.8.9/lib/5.8.9/x86_64-linux-thread-multi /home/tester/vers/perl-5.8.9/lib/5.8.9 /home/tester/vers/perl-5.8.9/lib/site_perl/5.8.9/x86_64-linux-thread-multi /home/tester/vers/perl-5.8.9/lib/site_perl/5.8.9 .) at /home/tester/cpan/perl-5.8.9/.cpan/build/BioX-SeqUtils-Promoter-4HChfT/blib/lib/BioX/SeqUtils/Promoter/Annotations.pm line 8.
# BEGIN failed--compilation aborted at /home/tester/cpan/perl-5.8.9/.cpan/build/BioX-SeqUtils-Promoter-4HChfT/blib/lib/BioX/SeqUtils/Promoter/Annotations.pm line 8.
# Compilation failed in require at (eval 7) line 2.
# BEGIN failed--compilation aborted at (eval 7) line 2.

#   Failed test 'use BioX::SeqUtils::Promoter::Annotations::Base;'
#   at t/10.load.t line 22.
#     Tried to use 'BioX::SeqUtils::Promoter::Annotations::Base'.
#     Error:  Can't locate Class/Std.pm in @INC (@INC contains: /home/tester/cpan/perl-5.8.9/.cpan/build/BioX-SeqUtils-Promoter-4HChfT/blib/lib /home/tester/cpan/perl-5.8.9/.cpan/build/BioX-SeqUtils-Promoter-4HChfT/blib/arch /home/tester/vers/perl-5.8.9/lib/5.8.9/x86_64-linux-thread-multi /home/tester/vers/perl-5.8.9/lib/5.8.9 /home/tester/vers/perl-5.8.9/lib/site_perl/5.8.9/x86_64-linux-thread-multi /home/tester/vers/perl-5.8.9/lib/site_perl/5.8.9 .) at /home/tester/cpan/perl-5.8.9/.cpan/build/BioX-SeqUtils-Promoter-4HChfT/blib/lib/BioX/SeqUtils/Promoter/Annotations/Base.pm line 8.
# BEGIN failed--compilation aborted at /home/tester/cpan/perl-5.8.9/.cpan/build/BioX-SeqUtils-Promoter-4HChfT/blib/lib/BioX/SeqUtils/Promoter/Annotations/Base.pm line 8.
# Compilation failed in require at (eval 9) line 2.
# BEGIN failed--compilation aborted at (eval 9) line 2.

#   Failed test 'use BioX::SeqUtils::Promoter::Annotations::CG;'
#   at t/10.load.t line 28.
#     Tried to use 'BioX::SeqUtils::Promoter::Annotations::CG'.
#     Error:  Can't locate Class/Std.pm in @INC (@INC contains: /home/tester/cpan/perl-5.8.9/.cpan/build/BioX-SeqUtils-Promoter-4HChfT/blib/lib /home/tester/cpan/perl-5.8.9/.cpan/build/BioX-SeqUtils-Promoter-4HChfT/blib/arch /home/tester/vers/perl-5.8.9/lib/5.8.9/x86_64-linux-thread-multi /home/tester/vers/perl-5.8.9/lib/5.8.9 /home/tester/vers/perl-5.8.9/lib/site_perl/5.8.9/x86_64-linux-thread-multi /home/tester/vers/perl-5.8.9/lib/site_perl/5.8.9 .) at /home/tester/cpan/perl-5.8.9/.cpan/build/BioX-SeqUtils-Promoter-4HChfT/blib/lib/BioX/SeqUtils/Promoter/Annotations/CG.pm line 8.
# BEGIN failed--compilation aborted at /home/tester/cpan/perl-5.8.9/.cpan/build/BioX-SeqUtils-Promoter-4HChfT/blib/lib/BioX/SeqUtils/Promoter/Annotations/CG.pm line 8.
# Compilation failed in require at (eval 10) line 2.
# BEGIN failed--compilation aborted at (eval 10) line 2.

#   Failed test 'use BioX::SeqUtils::Promoter::Annotations::Consensus;'
#   at t/10.load.t line 34.
#     Tried to use 'BioX::SeqUtils::Promoter::Annotations::Consensus'.
#     Error:  Can't locate Class/Std.pm in @INC (@INC contains: /home/tester/cpan/perl-5.8.9/.cpan/build/BioX-SeqUtils-Promoter-4HChfT/blib/lib /home/tester/cpan/perl-5.8.9/.cpan/build/BioX-SeqUtils-Promoter-4HChfT/blib/arch /home/tester/vers/perl-5.8.9/lib/5.8.9/x86_64-linux-thread-multi /home/tester/vers/perl-5.8.9/lib/5.8.9 /home/tester/vers/perl-5.8.9/lib/site_perl/5.8.9/x86_64-linux-thread-multi /home/tester/vers/perl-5.8.9/lib/site_perl/5.8.9 .) at /home/tester/cpan/perl-5.8.9/.cpan/build/BioX-SeqUtils-Promoter-4HChfT/blib/lib/BioX/SeqUtils/Promoter/Annotations/Consensus.pm line 8.
# BEGIN failed--compilation aborted at /home/tester/cpan/perl-5.8.9/.cpan/build/BioX-SeqUtils-Promoter-4HChfT/blib/lib/BioX/SeqUtils/Promoter/Annotations/Consensus.pm line 8.
# Compilation failed in require at (eval 11) line 2.
# BEGIN failed--compilation aborted at (eval 11) line 2.

#   Failed test 'use BioX::SeqUtils::Promoter::SaveTypes;'
#   at t/10.load.t line 46.
#     Tried to use 'BioX::SeqUtils::Promoter::SaveTypes'.
#     Error:  Can't locate Class/Std.pm in @INC (@INC contains: /home/tester/cpan/perl-5.8.9/.cpan/build/BioX-SeqUtils-Promoter-4HChfT/blib/lib /home/tester/cpan/perl-5.8.9/.cpan/build/BioX-SeqUtils-Promoter-4HChfT/blib/arch /home/tester/vers/perl-5.8.9/lib/5.8.9/x86_64-linux-thread-multi /home/tester/vers/perl-5.8.9/lib/5.8.9 /home/tester/vers/perl-5.8.9/lib/site_perl/5.8.9/x86_64-linux-thread-multi /home/tester/vers/perl-5.8.9/lib/site_perl/5.8.9 .) at /home/tester/cpan/perl-5.8.9/.cpan/build/BioX-SeqUtils-Promoter-4HChfT/blib/lib/BioX/SeqUtils/Promoter/SaveTypes.pm line 8.
# BEGIN failed--compilation aborted at /home/tester/cpan/perl-5.8.9/.cpan/build/BioX-SeqUtils-Promoter-4HChfT/blib/lib/BioX/SeqUtils/Promoter/SaveTypes.pm line 8.
# Compilation failed in require at (eval 13) line 2.
# BEGIN failed--compilation aborted at (eval 13) line 2.

#   Failed test 'use BioX::SeqUtils::Promoter::SaveTypes::Base;'
#   at t/10.load.t line 52.
#     Tried to use 'BioX::SeqUtils::Promoter::SaveTypes::Base'.
#     Error:  Can't locate Class/Std.pm in @INC (@INC contains: /home/tester/cpan/perl-5.8.9/.cpan/build/BioX-SeqUtils-Promoter-4HChfT/blib/lib /home/tester/cpan/perl-5.8.9/.cpan/build/BioX-SeqUtils-Promoter-4HChfT/blib/arch /home/tester/vers/perl-5.8.9/lib/5.8.9/x86_64-linux-thread-multi /home/tester/vers/perl-5.8.9/lib/5.8.9 /home/tester/vers/perl-5.8.9/lib/site_perl/5.8.9/x86_64-linux-thread-multi /home/tester/vers/perl-5.8.9/lib/site_perl/5.8.9 .) at /home/tester/cpan/perl-5.8.9/.cpan/build/BioX-SeqUtils-Promoter-4HChfT/blib/lib/BioX/SeqUtils/Promoter/SaveTypes/Base.pm line 8.
# BEGIN failed--compilation aborted at /home/tester/cpan/perl-5.8.9/.cpan/build/BioX-SeqUtils-Promoter-4HChfT/blib/lib/BioX/SeqUtils/Promoter/SaveTypes/Base.pm line 8.
# Compilation failed in require at (eval 14) line 2.
# BEGIN failed--compilation aborted at (eval 14) line 2.

#   Failed test 'use BioX::SeqUtils::Promoter::SaveTypes::RImage;'
#   at t/10.load.t line 58.
#     Tried to use 'BioX::SeqUtils::Promoter::SaveTypes::RImage'.
#     Error:  Can't locate Class/Std.pm in @INC (@INC contains: /home/tester/cpan/perl-5.8.9/.cpan/build/BioX-SeqUtils-Promoter-4HChfT/blib/lib /home/tester/cpan/perl-5.8.9/.cpan/build/BioX-SeqUtils-Promoter-4HChfT/blib/arch /home/tester/vers/perl-5.8.9/lib/5.8.9/x86_64-linux-thread-multi /home/tester/vers/perl-5.8.9/lib/5.8.9 /home/tester/vers/perl-5.8.9/lib/site_perl/5.8.9/x86_64-linux-thread-multi /home/tester/vers/perl-5.8.9/lib/site_perl/5.8.9 .) at /home/tester/cpan/perl-5.8.9/.cpan/build/BioX-SeqUtils-Promoter-4HChfT/blib/lib/BioX/SeqUtils/Promoter/SaveTypes/RImage.pm line 8.
# BEGIN failed--compilation aborted at /home/tester/cpan/perl-5.8.9/.cpan/build/BioX-SeqUtils-Promoter-4HChfT/blib/lib/BioX/SeqUtils/Promoter/SaveTypes/RImage.pm line 8.
# Compilation failed in require at (eval 15) line 2.
# BEGIN failed--compilation aborted at (eval 15) line 2.

#   Failed test 'use BioX::SeqUtils::Promoter::SaveTypes::Text;'
#   at t/10.load.t line 64.
#     Tried to use 'BioX::SeqUtils::Promoter::SaveTypes::Text'.
#     Error:  Can't locate Class/Std.pm in @INC (@INC contains: /home/tester/cpan/perl-5.8.9/.cpan/build/BioX-SeqUtils-Promoter-4HChfT/blib/lib /home/tester/cpan/perl-5.8.9/.cpan/build/BioX-SeqUtils-Promoter-4HChfT/blib/arch /home/tester/vers/perl-5.8.9/lib/5.8.9/x86_64-linux-thread-multi /home/tester/vers/perl-5.8.9/lib/5.8.9 /home/tester/vers/perl-5.8.9/lib/site_perl/5.8.9/x86_64-linux-thread-multi /home/tester/vers/perl-5.8.9/lib/site_perl/5.8.9 .) at /home/tester/cpan/perl-5.8.9/.cpan/build/BioX-SeqUtils-Promoter-4HChfT/blib/lib/BioX/SeqUtils/Promoter/SaveTypes/Text.pm line 8.
# BEGIN failed--compilation aborted at /home/tester/cpan/perl-5.8.9/.cpan/build/BioX-SeqUtils-Promoter-4HChfT/blib/lib/BioX/SeqUtils/Promoter/SaveTypes/Text.pm line 8.
# Compilation failed in require at (eval 16) line 2.
# BEGIN failed--compilation aborted at (eval 16) line 2.

#   Failed test 'use BioX::SeqUtils::Promoter::Sequence;'
#   at t/10.load.t line 71.
#     Tried to use 'BioX::SeqUtils::Promoter::Sequence'.
#     Error:  Can't locate Class/Std.pm in @INC (@INC contains: /home/tester/cpan/perl-5.8.9/.cpan/build/BioX-SeqUtils-Promoter-4HChfT/blib/lib /home/tester/cpan/perl-5.8.9/.cpan/build/BioX-SeqUtils-Promoter-4HChfT/blib/arch /home/tester/vers/perl-5.8.9/lib/5.8.9/x86_64-linux-thread-multi /home/tester/vers/perl-5.8.9/lib/5.8.9 /home/tester/vers/perl-5.8.9/lib/site_perl/5.8.9/x86_64-linux-thread-multi /home/tester/vers/perl-5.8.9/lib/site_perl/5.8.9 .) at /home/tester/cpan/perl-5.8.9/.cpan/build/BioX-SeqUtils-Promoter-4HChfT/blib/lib/BioX/SeqUtils/Promoter/Sequence.pm line 8.
# BEGIN failed--compilation aborted at /home/tester/cpan/perl-5.8.9/.cpan/build/BioX-SeqUtils-Promoter-4HChfT/blib/lib/BioX/SeqUtils/Promoter/Sequence.pm line 8.
# Compilation failed in require at (eval 17) line 2.
# BEGIN failed--compilation aborted at (eval 17) line 2.

#   Failed test 'use BioX::SeqUtils::Promoter::Sequences;'
#   at t/10.load.t line 77.
#     Tried to use 'BioX::SeqUtils::Promoter::Sequences'.
#     Error:  Can't locate Class/Std.pm in @INC (@INC contains: /home/tester/cpan/perl-5.8.9/.cpan/build/BioX-SeqUtils-Promoter-4HChfT/blib/lib /home/tester/cpan/perl-5.8.9/.cpan/build/BioX-SeqUtils-Promoter-4HChfT/blib/arch /home/tester/vers/perl-5.8.9/lib/5.8.9/x86_64-linux-thread-multi /home/tester/vers/perl-5.8.9/lib/5.8.9 /home/tester/vers/perl-5.8.9/lib/site_perl/5.8.9/x86_64-linux-thread-multi /home/tester/vers/perl-5.8.9/lib/site_perl/5.8.9 .) at /home/tester/cpan/perl-5.8.9/.cpan/build/BioX-SeqUtils-Promoter-4HChfT/blib/lib/BioX/SeqUtils/Promoter/Sequences.pm line 8.
# BEGIN failed--compilation aborted at /home/tester/cpan/perl-5.8.9/.cpan/build/BioX-SeqUtils-Promoter-4HChfT/blib/lib/BioX/SeqUtils/Promoter/Sequences.pm line 8.
# Compilation failed in require at (eval 18) line 2.
# BEGIN failed--compilation aborted at (eval 18) line 2.
Use of uninitialized value in concatenation (.) or string at t/10.load.t line 7.
# Testing BioX::SeqUtils::Promoter 
Use of uninitialized value in concatenation (.) or string at t/10.load.t line 13.
# Testing BioX::SeqUtils::Promoter::Alignment 
Use of uninitialized value in concatenation (.) or string at t/10.load.t line 19.
# Testing BioX::SeqUtils::Promoter::Annotations 
# Testing BioX::SeqUtils::Promoter::Annotations::Base -1, set by base.pm
Use of uninitialized value in concatenation (.) or string at t/10.load.t line 31.
# Testing BioX::SeqUtils::Promoter::Annotations::CG 
Use of uninitialized value in concatenation (.) or string at t/10.load.t line 37.
# Testing BioX::SeqUtils::Promoter::Annotations::Consensus 
# Testing BioX::SeqUtils::Promoter::Base -1, set by base.pm
Use of uninitialized value in concatenation (.) or string at t/10.load.t line 49.
# Testing BioX::SeqUtils::Promoter::SaveTypes 
# Testing BioX::SeqUtils::Promoter::SaveTypes::Base -1, set by base.pm
Use of uninitialized value in concatenation (.) or string at t/10.load.t line 61.
# Testing BioX::SeqUtils::Promoter::SaveTypes::RImage 
Use of uninitialized value in concatenation (.) or string at t/10.load.t line 67.
# Testing BioX::SeqUtils::Promoter::SaveTypes::Text 
Use of uninitialized value in concatenation (.) or string at t/10.load.t line 74.
# Testing BioX::SeqUtils::Promoter::Sequence 
Use of uninitialized value in concatenation (.) or string at t/10.load.t line 80.
# Testing BioX::SeqUtils::Promoter::Sequences 
# Looks like you failed 12 tests of 13.
t/10.load.t ....... 
Dubious, test returned 12 (wstat 3072, 0xc00)
Failed 12/13 subtests 

#   Failed test 'use BioX::SeqUtils::Promoter;'
#   at t/10.sequence.t line 4.
#     Tried to use 'BioX::SeqUtils::Promoter'.
#     Error:  Can't locate Class/Std.pm in @INC (@INC contains: /home/tester/cpan/perl-5.8.9/.cpan/build/BioX-SeqUtils-Promoter-4HChfT/blib/lib /home/tester/cpan/perl-5.8.9/.cpan/build/BioX-SeqUtils-Promoter-4HChfT/blib/arch /home/tester/vers/perl-5.8.9/lib/5.8.9/x86_64-linux-thread-multi /home/tester/vers/perl-5.8.9/lib/5.8.9 /home/tester/vers/perl-5.8.9/lib/site_perl/5.8.9/x86_64-linux-thread-multi /home/tester/vers/perl-5.8.9/lib/site_perl/5.8.9 .) at /home/tester/cpan/perl-5.8.9/.cpan/build/BioX-SeqUtils-Promoter-4HChfT/blib/lib/BioX/SeqUtils/Promoter.pm line 10.
# BEGIN failed--compilation aborted at /home/tester/cpan/perl-5.8.9/.cpan/build/BioX-SeqUtils-Promoter-4HChfT/blib/lib/BioX/SeqUtils/Promoter.pm line 10.
# Compilation failed in require at (eval 4) line 2.
# BEGIN failed--compilation aborted at (eval 4) line 2.
Can't locate Class/Std.pm in @INC (@INC contains: /home/tester/cpan/perl-5.8.9/.cpan/build/BioX-SeqUtils-Promoter-4HChfT/blib/lib /home/tester/cpan/perl-5.8.9/.cpan/build/BioX-SeqUtils-Promoter-4HChfT/blib/arch /home/tester/vers/perl-5.8.9/lib/5.8.9/x86_64-linux-thread-multi /home/tester/vers/perl-5.8.9/lib/5.8.9 /home/tester/vers/perl-5.8.9/lib/site_perl/5.8.9/x86_64-linux-thread-multi /home/tester/vers/perl-5.8.9/lib/site_perl/5.8.9 .) at /home/tester/cpan/perl-5.8.9/.cpan/build/BioX-SeqUtils-Promoter-4HChfT/blib/lib/BioX/SeqUtils/Promoter/Base.pm line 7.
BEGIN failed--compilation aborted at /home/tester/cpan/perl-5.8.9/.cpan/build/BioX-SeqUtils-Promoter-4HChfT/blib/lib/BioX/SeqUtils/Promoter/Base.pm line 7.
Compilation failed in require at (eval 5) line 3.
	...propagated at /home/tester/vers/perl-5.8.9/lib/5.8.9/base.pm line 93.
BEGIN failed--compilation aborted at /home/tester/cpan/perl-5.8.9/.cpan/build/BioX-SeqUtils-Promoter-4HChfT/blib/lib/BioX/SeqUtils/Promoter/Sequence.pm line 7.
Compilation failed in require at t/10.sequence.t line 8.
BEGIN failed--compilation aborted at t/10.sequence.t line 8.
# Looks like you planned 3 tests but ran 1.
# Looks like you failed 1 test of 1 run.
# Looks like your test exited with 2 just after 1.
t/10.sequence.t ... 
Dubious, test returned 2 (wstat 512, 0x200)
Failed 3/3 subtests 
Can't locate Class/Std.pm in @INC (@INC contains: /home/tester/cpan/perl-5.8.9/.cpan/build/BioX-SeqUtils-Promoter-4HChfT/blib/lib /home/tester/cpan/perl-5.8.9/.cpan/build/BioX-SeqUtils-Promoter-4HChfT/blib/arch /home/tester/vers/perl-5.8.9/lib/5.8.9/x86_64-linux-thread-multi /home/tester/vers/perl-5.8.9/lib/5.8.9 /home/tester/vers/perl-5.8.9/lib/site_perl/5.8.9/x86_64-linux-thread-multi /home/tester/vers/perl-5.8.9/lib/site_perl/5.8.9 .) at /home/tester/cpan/perl-5.8.9/.cpan/build/BioX-SeqUtils-Promoter-4HChfT/blib/lib/BioX/SeqUtils/Promoter/Base.pm line 7.
BEGIN failed--compilation aborted at /home/tester/cpan/perl-5.8.9/.cpan/build/BioX-SeqUtils-Promoter-4HChfT/blib/lib/BioX/SeqUtils/Promoter/Base.pm line 7.
Compilation failed in require at (eval 4) line 3.
	...propagated at /home/tester/vers/perl-5.8.9/lib/5.8.9/base.pm line 93.
BEGIN failed--compilation aborted at /home/tester/cpan/perl-5.8.9/.cpan/build/BioX-SeqUtils-Promoter-4HChfT/blib/lib/BioX/SeqUtils/Promoter/Sequences.pm line 7.
Compilation failed in require at t/10.sequences.t line 3.
BEGIN failed--compilation aborted at t/10.sequences.t line 3.
# Looks like your test exited with 2 before it could output anything.
t/10.sequences.t .. 
Dubious, test returned 2 (wstat 512, 0x200)
Failed 2/2 subtests 

#   Failed test 'use BioX::SeqUtils::Promoter;'
#   at t/11.new.t line 4.
#     Tried to use 'BioX::SeqUtils::Promoter'.
#     Error:  Can't locate Class/Std.pm in @INC (@INC contains: /home/tester/cpan/perl-5.8.9/.cpan/build/BioX-SeqUtils-Promoter-4HChfT/blib/lib /home/tester/cpan/perl-5.8.9/.cpan/build/BioX-SeqUtils-Promoter-4HChfT/blib/arch /home/tester/vers/perl-5.8.9/lib/5.8.9/x86_64-linux-thread-multi /home/tester/vers/perl-5.8.9/lib/5.8.9 /home/tester/vers/perl-5.8.9/lib/site_perl/5.8.9/x86_64-linux-thread-multi /home/tester/vers/perl-5.8.9/lib/site_perl/5.8.9 .) at /home/tester/cpan/perl-5.8.9/.cpan/build/BioX-SeqUtils-Promoter-4HChfT/blib/lib/BioX/SeqUtils/Promoter.pm line 10.
# BEGIN failed--compilation aborted at /home/tester/cpan/perl-5.8.9/.cpan/build/BioX-SeqUtils-Promoter-4HChfT/blib/lib/BioX/SeqUtils/Promoter.pm line 10.
# Compilation failed in require at (eval 4) line 2.
# BEGIN failed--compilation aborted at (eval 4) line 2.
Can't locate object method "new" via package "BioX::SeqUtils::Promoter" at t/11.new.t line 9.
# Looks like you planned 2 tests but ran 1.
# Looks like you failed 1 test of 1 run.
# Looks like your test exited with 255 just after 1.
t/11.new.t ........ 
Dubious, test returned 255 (wstat 65280, 0xff00)
Failed 2/2 subtests 

Test Summary Report
-------------------
t/00.load.t     (Wstat: 256 Tests: 1 Failed: 1)
  Failed test:  1
  Non-zero exit status: 1
t/10.length.t   (Wstat: 65280 Tests: 1 Failed: 1)
  Failed test:  1
  Non-zero exit status: 255
  Parse errors: Bad plan.  You planned 2 tests but ran 1.
t/10.load.t     (Wstat: 3072 Tests: 13 Failed: 12)
  Failed tests:  1-6, 8-13
  Non-zero exit status: 12
t/10.sequence.t (Wstat: 512 Tests: 1 Failed: 1)
  Failed test:  1
  Non-zero exit status: 2
  Parse errors: Bad plan.  You planned 3 tests but ran 1.
t/10.sequences.t (Wstat: 512 Tests: 0 Failed: 0)
  Non-zero exit status: 2
  Parse errors: Bad plan.  You planned 2 tests but ran 0.
t/11.new.t      (Wstat: 65280 Tests: 1 Failed: 1)
  Failed test:  1
  Non-zero exit status: 255
  Parse errors: Bad plan.  You planned 2 tests but ran 1.
Files=6, Tests=17,  0 wallclock secs ( 0.04 usr  0.02 sys +  0.10 cusr  0.05 csys =  0.21 CPU)
Result: FAIL
Failed 6/6 test programs. 16/17 subtests failed.

------------------------------
PREREQUISITES
------------------------------

Prerequisite modules loaded:

requires:

    Module     Need Have
    ---------- ---- ----
    Test::More 0    0.96
    version    0    0.86


------------------------------
ENVIRONMENT AND OTHER CONTEXT
------------------------------

Environment variables:

    AUTOMATED_TESTING = 1
    LANG = en_US.utf8
    LC_COLLATE = C
    PATH = /usr/lib64/qt-3.3/bin:/usr/lib64/ccache:/usr/local/bin:/bin:/usr/bin:/usr/local/sbin:/usr/sbin:/sbin:/home/tester/bin
    PERL5LIB = 
    PERL5OPT = 
    PERL5_CPANPLUS_IS_RUNNING = 1501
    PERL5_CPAN_IS_RUNNING = 1501
    PERL5_CPAN_IS_RUNNING_IN_RECURSION = 11648,1501
    PERL_CR_SMOKER_CURRENT = BioX-SeqUtils-Promoter-0.1.1
    PERL_EXTUTILS_AUTOINSTALL = --defaultdeps
    PERL_MM_USE_DEFAULT = 1
    SHELL = /bin/bash
    TERM = screen

Perl special variables (and OS-specific diagnostics, for MSWin32):

    $^X = /home/tester/vers/perl-5.8.9/bin/perl
    $UID/$EUID = 501 / 501
    $GID = 501 501
    $EGID = 501 501

Perl module toolchain versions installed:

    Module              Have  
    ------------------- ------
    CPAN                1.9301
    Cwd                 3.33  
    ExtUtils::CBuilder  0.2703
    ExtUtils::Command   1.16  
    ExtUtils::Install   1.54  
    ExtUtils::MakeMaker 6.56  
    ExtUtils::Manifest  1.58  
    ExtUtils::ParseXS   2.2206
    File::Spec          3.33  
    Module::Build       0.3607
    Module::Signature   n/a   
    Test::Harness       3.22  
    Test::More          0.96  
    YAML                0.72  
    YAML::Syck          1.17  
    version             0.86  


--

Summary of my perl5 (revision 5 version 8 subversion 9) configuration:
  Platform:
    osname=linux, osvers=2.6.35.6-48.fc14.x86_64, archname=x86_64-linux-thread-multi
    uname='linux firenze.localhost 2.6.35.6-48.fc14.x86_64 #1 smp fri oct 22 15:36:08 utc 2010 x86_64 x86_64 x86_64 gnulinux '
    config_args='-des -Dprefix=/home/tester/vers/perl-5.8.9 -Dusethreads -Duse64bitint'
    hint=recommended, useposix=true, d_sigaction=define
    usethreads=define use5005threads=undef useithreads=define usemultiplicity=define
    useperlio=define d_sfio=undef uselargefiles=define usesocks=undef
    use64bitint=define use64bitall=define uselongdouble=undef
    usemymalloc=n, bincompat5005=undef
  Compiler:
    cc='cc', ccflags ='-D_REENTRANT -D_GNU_SOURCE -DTHREADS_HAVE_PIDS -fno-strict-aliasing -pipe -I/usr/local/include -D_LARGEFILE_SOURCE -D_FILE_OFFSET_BITS=64 -I/usr/include/gdbm',
    optimize='-O2',
    cppflags='-D_REENTRANT -D_GNU_SOURCE -DTHREADS_HAVE_PIDS -fno-strict-aliasing -pipe -I/usr/local/include -I/usr/include/gdbm'
    ccversion='', gccversion='4.5.1 20100924 (Red Hat 4.5.1-4)', gccosandvers=''
    intsize=4, longsize=8, ptrsize=8, doublesize=8, byteorder=12345678
    d_longlong=define, longlongsize=8, d_longdbl=define, longdblsize=16
    ivtype='long', ivsize=8, nvtype='double', nvsize=8, Off_t='off_t', lseeksize=8
    alignbytes=8, prototype=define
  Linker and Libraries:
    ld='cc', ldflags =' -L/usr/local/lib'
    libpth=/usr/local/lib /lib /usr/lib /lib64 /usr/lib64 /usr/local/lib64
    libs=-lnsl -lgdbm -ldb -ldl -lm -lcrypt -lutil -lpthread -lc
    perllibs=-lnsl -ldl -lm -lcrypt -lutil -lpthread -lc
    libc=, so=so, useshrplib=false, libperl=libperl.a
    gnulibc_version='2.12.90'
  Dynamic Linking:
    dlsrc=dl_dlopen.xs, dlext=so, d_dlsymun=undef, ccdlflags='-Wl,-E'
    cccdlflags='-fPIC', lddlflags='-shared -O2 -L/usr/local/lib'


Characteristics of this binary (from libperl): 
  Compile-time options: MULTIPLICITY PERL_IMPLICIT_CONTEXT PERL_MALLOC_WRAP
                        THREADS_HAVE_PIDS USE_64_BIT_ALL USE_64_BIT_INT
                        USE_FAST_STDIO USE_ITHREADS USE_LARGE_FILES
                        USE_PERLIO USE_REENTRANT_API
  Built under linux
  Compiled at Nov 30 2010 22:21:16
  %ENV:
    PERL5LIB=""
    PERL5OPT=""
    PERL5_CPANPLUS_IS_RUNNING="1501"
    PERL5_CPAN_IS_RUNNING="1501"
    PERL5_CPAN_IS_RUNNING_IN_RECURSION="11648,1501"
    PERL_CR_SMOKER_CURRENT="BioX-SeqUtils-Promoter-0.1.1"
    PERL_EXTUTILS_AUTOINSTALL="--defaultdeps"
    PERL_MM_USE_DEFAULT="1"
  @INC:
    /home/tester/vers/perl-5.8.9/lib/5.8.9/x86_64-linux-thread-multi
    /home/tester/vers/perl-5.8.9/lib/5.8.9
    /home/tester/vers/perl-5.8.9/lib/site_perl/5.8.9/x86_64-linux-thread-multi
    /home/tester/vers/perl-5.8.9/lib/site_perl/5.8.9
    .