Time-Format_XS v1.03 Perl 5 v5.41.9 x86_64-linux

Status
Fail
From
Carlos Guevara
Dist
Time-Format_XS v1.03
Platform
Perl 5 v5.41.9 x86_64-linux
Date
2025-01-30 06:35:31
ID
67201abe-ded4-11ef-89e2-94d636834590
This distribution has been tested as part of the CPAN Testers
project, supporting the Perl programming language.  See
http://wiki.cpantesters.org/ for more information or email
questions to cpan-testers-discuss@perl.org


--
Dear Eric J. Roode,

This is a computer-generated report for Time-Format_XS-1.03
on perl 5.41.9, created by CPAN-Reporter-1.2020.

Thank you for uploading your work to CPAN.  However, there was a problem
testing your distribution.

If you think this report is invalid, please consult the CPAN Testers Wiki
for suggestions on how to avoid getting FAIL reports for missing library
or binary dependencies, unsupported operating systems, and so on:

http://wiki.cpantesters.org/wiki/CPANAuthorNotes

Sections of this report:

    * Tester comments
    * Program output
    * Prerequisites
    * Environment and other context

------------------------------
TESTER COMMENTS
------------------------------

Additional comments from tester:

this report is from an automated smoke testing program
and was not reviewed by a human for accuracy

------------------------------
PROGRAM OUTPUT
------------------------------

Output from '/usr/bin/make test':

"/home/cpan/bin/perl/bin/perl5.41.9" -MExtUtils::Command::MM -e 'cp_nonempty' -- Format_XS.bs blib/arch/auto/Time/Format_XS/Format_XS.bs 644
PERL_DL_NONLAZY=1 "/home/cpan/bin/perl/bin/perl5.41.9" "-MExtUtils::Command::MM" "-MTest::Harness" "-e" "undef *Test::Harness::Switches; test_harness(0, 'blib/lib', 'blib/arch')" t/*.t
syntax error at t/DateTime.t line 19, near "->import qw(langinfo DAY_3 MON_12 DAY_5 ABDAY_5 MON_6 ABMON_6)"
Execution of t/DateTime.t aborted due to compilation errors.
# Looks like your test exited with 255 just after 1.
t/DateTime.t .. 
Dubious, test returned 255 (wstat 65280, 0xff00)
Failed 79/80 subtests 
syntax error at t/func.t line 19, near "->import qw(langinfo DAY_3 MON_12 DAY_5 ABDAY_5 MON_6 ABMON_6)"
Execution of t/func.t aborted due to compilation errors.
# Looks like your test exited with 255 just after 1.
t/func.t ...... 
Dubious, test returned 255 (wstat 65280, 0xff00)
Failed 79/80 subtests 
syntax error at t/iso8601.t line 18, near "->import qw(langinfo DAY_3 MON_12 DAY_5 ABDAY_5 MON_6 ABMON_6)"
Execution of t/iso8601.t aborted due to compilation errors.
# Looks like your test exited with 255 just after 1.
t/iso8601.t ... 
Dubious, test returned 255 (wstat 65280, 0xff00)
Failed 230/231 subtests 
syntax error at t/quot.t line 24, near "->import qw(langinfo DAY_3 MON_12 DAY_5 ABDAY_5 MON_6 ABMON_6)"
Execution of t/quot.t aborted due to compilation errors.
# Looks like your test exited with 255 just after 1.
t/quot.t ...... 
Dubious, test returned 255 (wstat 65280, 0xff00)
Failed 22/23 subtests 

Test Summary Report
-------------------
t/DateTime.t (Wstat: 65280 (exited 255) Tests: 1 Failed: 0)
  Non-zero exit status: 255
  Parse errors: Bad plan.  You planned 80 tests but ran 1.
t/func.t    (Wstat: 65280 (exited 255) Tests: 1 Failed: 0)
  Non-zero exit status: 255
  Parse errors: Bad plan.  You planned 80 tests but ran 1.
t/iso8601.t (Wstat: 65280 (exited 255) Tests: 1 Failed: 0)
  Non-zero exit status: 255
  Parse errors: Bad plan.  You planned 231 tests but ran 1.
t/quot.t    (Wstat: 65280 (exited 255) Tests: 1 Failed: 0)
  Non-zero exit status: 255
  Parse errors: Bad plan.  You planned 23 tests but ran 1.
Files=4, Tests=4,  1 wallclock secs ( 0.02 usr  0.00 sys +  0.22 cusr  0.03 csys =  0.27 CPU)
Result: FAIL
Failed 4/4 test programs. 0/4 subtests failed.
make: *** [Makefile:1031: test_dynamic] Error 255

------------------------------
PREREQUISITES
------------------------------

Prerequisite modules loaded:

requires:

    Module              Need Have
    ------------------- ---- ----
    Time::Format        1.01 1.16

build_requires:

    Module              Need Have
    ------------------- ---- ----
    ExtUtils::MakeMaker 0    7.70


------------------------------
ENVIRONMENT AND OTHER CONTEXT
------------------------------

Environment variables:

    AUTOMATED_TESTING = 1
    DATE_MANIP_TEST_DM5 = 1
    LANG = en_US.UTF-8
    LC_ALL = C
    NONINTERACTIVE_TESTING = 1
    NO_NETWORK_TESTING = 1
    PATH = /home/cpan/bin/perl/bin:/home/cpan/bin:/usr/share/Modules/bin:/home/cpan/bin:/usr/local/bin:/usr/bin:/usr/local/sbin:/usr/sbin
    PERL5LIB = 
    PERL5OPT = 
    PERL5_CPANPLUS_IS_RUNNING = 1389287
    PERL5_CPAN_IS_RUNNING = 1389287
    PERL_MM_USE_DEFAULT = 1
    PERL_USE_UNSAFE_INC = 1
    SHELL = /bin/bash
    TERM = screen
    TMPDIR = /home/cpan/tmp

Perl special variables (and OS-specific diagnostics, for MSWin32):

    $^X = /home/cpan/bin/perl/bin/perl5.41.9
    $UID/$EUID = 1001 / 1001
    $GID = 1001 1001
    $EGID = 1001 1001

Perl module toolchain versions installed:

    Module              Have    
    ------------------- --------
    CPAN                2.38    
    CPAN::Meta          2.150010
    Cwd                 3.92    
    ExtUtils::CBuilder  0.280240
    ExtUtils::Command   7.70    
    ExtUtils::Install   2.22    
    ExtUtils::MakeMaker 7.70    
    ExtUtils::Manifest  1.75    
    ExtUtils::ParseXS   3.57    
    File::Spec          3.93    
    JSON                4.10    
    JSON::PP            4.16    
    Module::Build       0.4234  
    Module::Signature   0.89    
    Parse::CPAN::Meta   2.150010
    Test2               1.302209
    Test::Harness       3.50    
    Test::More          1.302209
    YAML                1.31    
    YAML::Syck          1.34    
    version             0.9933  


--

Summary of my perl5 (revision 5 version 41 subversion 9) configuration:
  Commit id: 71404d33b11e7123769cd2ca2814a11285b8cfbd
  Platform:
    osname=linux
    osvers=5.14.0-503.22.1.el9_5.x86_64
    archname=x86_64-linux
    uname='linux cjg-rhel9 5.14.0-503.22.1.el9_5.x86_64 #1 smp preempt_dynamic wed jan 15 08:02:15 est 2025 x86_64 x86_64 x86_64 gnulinux '
    config_args='-des -Dprefix=/home/cpan/bin/perl -Dscriptdir=/home/cpan/bin/perl/bin -Dusedevel -Duse64bitall'
    hint=recommended
    useposix=true
    d_sigaction=define
    useithreads=undef
    usemultiplicity=undef
    use64bitint=define
    use64bitall=define
    uselongdouble=undef
    usemymalloc=n
    default_inc_excludes_dot=define
  Compiler:
    cc='cc'
    ccflags ='-fwrapv -fno-strict-aliasing -pipe -fstack-protector-strong -I/usr/local/include -D_LARGEFILE_SOURCE -D_FILE_OFFSET_BITS=64 -D_FORTIFY_SOURCE=2'
    optimize='-O2'
    cppflags='-fwrapv -fno-strict-aliasing -pipe -fstack-protector-strong -I/usr/local/include'
    ccversion=''
    gccversion='11.5.0 20240719 (Red Hat 11.5.0-2)'
    gccosandvers=''
    intsize=4
    longsize=8
    ptrsize=8
    doublesize=8
    byteorder=12345678
    doublekind=3
    d_longlong=define
    longlongsize=8
    d_longdbl=define
    longdblsize=16
    longdblkind=3
    ivtype='long'
    ivsize=8
    nvtype='double'
    nvsize=8
    Off_t='off_t'
    lseeksize=8
    alignbytes=8
    prototype=define
  Linker and Libraries:
    ld='cc'
    ldflags =' -fstack-protector-strong -L/usr/local/lib'
    libpth=/usr/local/lib /usr/lib /usr/lib64 /usr/local/lib64
    libs=-lpthread -ldb -ldl -lm -lcrypt -lutil -lc
    perllibs=-lpthread -ldl -lm -lcrypt -lutil -lc
    libc=/lib/../lib64/libc.so.6
    so=so
    useshrplib=false
    libperl=libperl.a
    gnulibc_version='2.34'
  Dynamic Linking:
    dlsrc=dl_dlopen.xs
    dlext=so
    d_dlsymun=undef
    ccdlflags='-Wl,-E'
    cccdlflags='-fPIC'
    lddlflags='-shared -O2 -L/usr/local/lib -fstack-protector-strong'


Characteristics of this binary (from libperl): 
  Compile-time options:
    HAS_LONG_DOUBLE
    HAS_STRTOLD
    HAS_TIMES
    PERLIO_LAYERS
    PERL_COPY_ON_WRITE
    PERL_DONT_CREATE_GVSV
    PERL_HASH_FUNC_SIPHASH13
    PERL_HASH_USE_SBOX32
    PERL_MALLOC_WRAP
    PERL_OP_PARENT
    PERL_PRESERVE_IVUV
    PERL_USE_DEVEL
    PERL_USE_SAFE_PUTENV
    USE_64_BIT_ALL
    USE_64_BIT_INT
    USE_LARGE_FILES
    USE_LOCALE
    USE_LOCALE_COLLATE
    USE_LOCALE_CTYPE
    USE_LOCALE_NUMERIC
    USE_LOCALE_TIME
    USE_PERLIO
    USE_PERL_ATOF
  Built under linux
  Compiled at Jan 29 2025 12:08:32
  %ENV:
    PERL5LIB=""
    PERL5OPT=""
    PERL5_CPANPLUS_IS_RUNNING="1389287"
    PERL5_CPAN_IS_RUNNING="1389287"
    PERL_MM_USE_DEFAULT="1"
    PERL_USE_UNSAFE_INC="1"
  @INC:
    /home/cpan/bin/perl/lib/site_perl/5.41.9/x86_64-linux
    /home/cpan/bin/perl/lib/site_perl/5.41.9
    /home/cpan/bin/perl/lib/5.41.9/x86_64-linux
    /home/cpan/bin/perl/lib/5.41.9
    .