Report for Config-Merge-Dynamic-0.10

Back
From: metabase:user:322078bc-2aae-11df-837a-5e0a49663a4f
Subject: NA Config-Merge-Dynamic-0.10 v5.12.4 FreeBSD
Date: 2011-09-13T10:59:09Z

This distribution has been tested as part of the CPAN Testers
project, supporting the Perl programming language.  See
http://wiki.cpantesters.org/ for more information or email
questions to cpan-testers-discuss@perl.org


--

Dear MEETTYA,

This is a computer-generated error report created automatically by
CPANPLUS, version 0.9110. Testers personal comments may appear
at the end of this report.


Thank you for uploading your work to CPAN.  However, it appears that
there were some problems testing your distribution.

TEST RESULTS:

Below is the error stack from stage 'make test':

[MSG] [Tue Sep 13 11:58:11 2011] cp Diver.pm blib/lib/Data/Diver.pm
Manifying blib/man3/Data::Diver.3

[MSG] [Tue Sep 13 11:58:12 2011] MAKE TEST passed: PERL_DL_NONLAZY=1 /usr/home/cpan/pit/bare/perl-5.12.4/bin/perl "-MExtUtils::Command::MM" "-e" "test_harness(0, 'blib/lib', 'blib/arch')" t/*.t
t/base.t .. ok
All tests successful.
Files=1, Tests=92,  0 wallclock secs ( 0.02 usr  0.06 sys +  0.00 cusr  0.05 csys =  0.13 CPU)
Result: PASS

[MSG] [Tue Sep 13 11:58:12 2011] Sending test report for 'Data-Diver-1.0101'
[MSG] [Tue Sep 13 11:58:12 2011] Successfully sent 'pass' report for 'Data-Diver-1.0101'
[MSG] [Tue Sep 13 11:58:13 2011] Building Config-Merge-Dynamic

[ERROR] [Tue Sep 13 11:58:14 2011] MAKE TEST failed:
# Testing Config::Merge::Dynamic 0.1, Perl 5.012004, /usr/home/cpan/pit/bare/perl-5.12.4/bin/perl
t/00-load.t ....... ok
Use of YAML::Syck or YAML to parse config files is DEPRECATED. Please install YAML::XS for proper YAML support at /usr/home/cpan/pit/bare/conf/perl-5.12.4/.cpanplus/5.12.4/build/Config-Merge-1.01/blib/lib/Config/Merge.pm line 773

#   Failed test 'new() died'
#   at t/01-inject.t line 20.
#     Error was:  Error loading config file t/data/result.yaml:
# 
# Can't locate YAML.pm in @INC (@INC contains: /usr/home/cpan/pit/bare/conf/perl-5.12.4/.cpanplus/5.12.4/build/Config-Merge-Dynamic-0.10/blib/lib /usr/home/cpan/pit/bare/conf/perl-5.12.4/.cpanplus/5.12.4/build/Config-Merge-Dynamic-0.10/blib/arch /usr/home/cpan/pit/bare/conf/perl-5.12.4/.cpanplus/5.12.4/build/Carp-1.23/blib/lib /usr/home/cpan/pit/bare/conf/perl-5.12.4/.cpanplus/5.12.4/build/Carp-1.23/blib/arch /usr/home/cpan/pit/bare/conf/perl-5.12.4/.cpanplus/5.12.4/build/Config-Any-0.23/blib/lib /usr/home/cpan/pit/bare/conf/perl-5.12.4/.cpanplus/5.12.4/build/Config-Any-0.23/blib/arch /usr/home/cpan/pit/bare/conf/perl-5.12.4/.cpanplus/5.12.4/build/Config-Merge-1.01/blib/lib /usr/home/cpan/pit/bare/conf/perl-5.12.4/.cpanplus/5.12.4/build/Config-Merge-1.01/blib/arch /usr/home/cpan/pit/bare/conf/perl-5.12.4/.cpanplus/5.12.4/build/Data-Diver-1.0101/blib/lib /usr/home/cpan/pit/bare/conf/perl-5.12.4/.cpanplus/5.12.4/build/Data-Diver-1.0101/blib/arch /usr/home/cpan/pit/bare/perl-5.12.4/lib/site_perl/5.12.4/i386-freebsd /usr/home/cpan/pit/bare/perl-5.12.4/lib/site_perl/5.12.4 /usr/home/cpan/pit/bare/perl-5.12.4/lib/5.12.4/i386-freebsd /usr/home/cpan/pit/bare/perl-5.12.4/lib/5.12.4) at /usr/home/cpan/pit/bare/conf/perl-5.12.4/.cpanplus/5.12.4/build/Config-Any-0.23/blib/lib/Config/Any/YAML.pm line 68.
Use of uninitialized value in subroutine entry at t/01-inject.t line 23.
Undefined subroutine &main:: called at t/01-inject.t line 23.
# Looks like you planned 10 tests but ran 2.
# Looks like you failed 1 test of 2 run.
# Looks like your test exited with 255 just after 2.
t/01-inject.t ..... 
Dubious, test returned 255 (wstat 65280, 0xff00)
Failed 9/10 subtests 
Use of YAML::Syck or YAML to parse config files is DEPRECATED. Please install YAML::XS for proper YAML support at /usr/home/cpan/pit/bare/conf/perl-5.12.4/.cpanplus/5.12.4/build/Config-Merge-1.01/blib/lib/Config/Merge.pm line 773

#   Failed test 'new() died'
#   at t/02-move.t line 20.
#     Error was:  Error loading config file t/data/result.yaml:
# 
# Can't locate YAML.pm in @INC (@INC contains: /usr/home/cpan/pit/bare/conf/perl-5.12.4/.cpanplus/5.12.4/build/Config-Merge-Dynamic-0.10/blib/lib /usr/home/cpan/pit/bare/conf/perl-5.12.4/.cpanplus/5.12.4/build/Config-Merge-Dynamic-0.10/blib/arch /usr/home/cpan/pit/bare/conf/perl-5.12.4/.cpanplus/5.12.4/build/Carp-1.23/blib/lib /usr/home/cpan/pit/bare/conf/perl-5.12.4/.cpanplus/5.12.4/build/Carp-1.23/blib/arch /usr/home/cpan/pit/bare/conf/perl-5.12.4/.cpanplus/5.12.4/build/Config-Any-0.23/blib/lib /usr/home/cpan/pit/bare/conf/perl-5.12.4/.cpanplus/5.12.4/build/Config-Any-0.23/blib/arch /usr/home/cpan/pit/bare/conf/perl-5.12.4/.cpanplus/5.12.4/build/Config-Merge-1.01/blib/lib /usr/home/cpan/pit/bare/conf/perl-5.12.4/.cpanplus/5.12.4/build/Config-Merge-1.01/blib/arch /usr/home/cpan/pit/bare/conf/perl-5.12.4/.cpanplus/5.12.4/build/Data-Diver-1.0101/blib/lib /usr/home/cpan/pit/bare/conf/perl-5.12.4/.cpanplus/5.12.4/build/Data-Diver-1.0101/blib/arch /usr/home/cpan/pit/bare/perl-5.12.4/lib/site_perl/5.12.4/i386-freebsd /usr/home/cpan/pit/bare/perl-5.12.4/lib/site_perl/5.12.4 /usr/home/cpan/pit/bare/perl-5.12.4/lib/5.12.4/i386-freebsd /usr/home/cpan/pit/bare/perl-5.12.4/lib/5.12.4) at /usr/home/cpan/pit/bare/conf/perl-5.12.4/.cpanplus/5.12.4/build/Config-Any-0.23/blib/lib/Config/Any/YAML.pm line 68.
Can't call method "move" on an undefined value at t/02-move.t line 23.
# Looks like you planned 8 tests but ran 2.
# Looks like you failed 1 test of 2 run.
# Looks like your test exited with 255 just after 2.
t/02-move.t ....... 
Dubious, test returned 255 (wstat 65280, 0xff00)
Failed 7/8 subtests 
t/boilerplate.t ... ok
t/manifest.t ...... skipped: Author tests not required for installation
t/pod-coverage.t .. skipped: Test::Pod::Coverage 1.08 required for testing POD coverage
t/pod.t ........... skipped: Test::Pod 1.22 required for testing POD

Test Summary Report
-------------------
t/01-inject.t   (Wstat: 65280 Tests: 2 Failed: 1)
  Failed test:  2
  Non-zero exit status: 255
  Parse errors: Bad plan.  You planned 10 tests but ran 2.
t/02-move.t     (Wstat: 65280 Tests: 2 Failed: 1)
  Failed test:  2
  Non-zero exit status: 255
  Parse errors: Bad plan.  You planned 8 tests but ran 2.
t/boilerplate.t (Wstat: 0 Tests: 3 Failed: 0)
  TODO passed:   1-3
Files=7, Tests=8,  1 wallclock secs ( 0.01 usr  0.12 sys +  0.05 cusr  0.47 csys =  0.65 CPU)
Result: FAIL
Failed 2/7 test programs. 2/8 subtests failed.
BEGIN failed--compilation aborted at /usr/home/cpan/pit/bare/perl-5.12.4/bin/cpanp-run-perl line 8.
 
[MSG] [Tue Sep 13 11:58:14 2011] DEFAULT 'proceed_on_test_failure' HANDLER RETURNING 'sub return value'


******************************** NOTE ********************************
The comments above are created mechanically, possibly without manual
checking by the sender.  As there are many people performing automatic
tests on each upload to CPAN, it is likely that you will receive
identical messages about the same problem.

If you believe that the message is mistaken, please reply to the first
one with correction and/or additional informations, and do not take
it personally.  We appreciate your patience. :)
**********************************************************************

Additional comments:


This report was machine-generated by CPANPLUS::Dist::YACSmoke 0.64.
Powered by minismokebox version 0.54

------------------------------
ENVIRONMENT AND OTHER CONTEXT
------------------------------

Environment variables:

    AUTOMATED_TESTING = 1
    PATH = /sbin:/bin:/usr/sbin:/usr/bin:/usr/games:/usr/local/sbin:/usr/local/bin:/home/cpan/bin
    PERL5LIB = :/usr/home/cpan/pit/bare/conf/perl-5.12.4/.cpanplus/5.12.4/build/Carp-1.23/blib/lib:/usr/home/cpan/pit/bare/conf/perl-5.12.4/.cpanplus/5.12.4/build/Carp-1.23/blib/arch:/usr/home/cpan/pit/bare/conf/perl-5.12.4/.cpanplus/5.12.4/build/Config-Any-0.23/blib/lib:/usr/home/cpan/pit/bare/conf/perl-5.12.4/.cpanplus/5.12.4/build/Config-Any-0.23/blib/arch:/usr/home/cpan/pit/bare/conf/perl-5.12.4/.cpanplus/5.12.4/build/Config-Merge-1.01/blib/lib:/usr/home/cpan/pit/bare/conf/perl-5.12.4/.cpanplus/5.12.4/build/Config-Merge-1.01/blib/arch:/usr/home/cpan/pit/bare/conf/perl-5.12.4/.cpanplus/5.12.4/build/Data-Diver-1.0101/blib/lib:/usr/home/cpan/pit/bare/conf/perl-5.12.4/.cpanplus/5.12.4/build/Data-Diver-1.0101/blib/arch:/usr/home/cpan/pit/bare/conf/perl-5.12.4/.cpanplus/5.12.4/build/Config-Merge-Dynamic-0.10/blib/lib:/usr/home/cpan/pit/bare/conf/perl-5.12.4/.cpanplus/5.12.4/build/Config-Merge-Dynamic-0.10/blib/arch
    PERL5_CPANPLUS_IS_RUNNING = 51750
    PERL5_CPANPLUS_IS_VERSION = 0.9110
    PERL5_MINISMOKEBOX = 0.54
    PERL5_YACSMOKE_BASE = /usr/home/cpan/pit/bare/conf/perl-5.12.4
    PERL_EXTUTILS_AUTOINSTALL = --defaultdeps
    PERL_MM_USE_DEFAULT = 1
    SHELL = /usr/local/bin/bash
    TERM = screen

Perl special variables (and OS-specific diagnostics, for MSWin32):

    Perl: $^X = /usr/home/cpan/pit/bare/perl-5.12.4/bin/perl
    UID:  $<  = 1002
    EUID: $>  = 1002
    GID:  $(  = 1002 1002 1002
    EGID: $)  = 1002 1002 1002


-------------------------------


--

Summary of my perl5 (revision 5 version 12 subversion 4) configuration:
   
  Platform:
    osname=freebsd, osvers=7.4-release, archname=i386-freebsd
    uname='freebsd fulcrum.bingosnet.co.uk 7.4-release freebsd 7.4-release #0: thu feb 17 03:51:56 utc 2011 root@walker.cse.buffalo.edu:usrobjusrsrcsysgeneric i386 '
    config_args='-des -Dprefix=/usr/home/cpan/pit/bare/perl-5.12.4'
    hint=recommended, useposix=true, d_sigaction=define
    useithreads=undef, usemultiplicity=undef
    useperlio=define, d_sfio=undef, uselargefiles=define, usesocks=undef
    use64bitint=undef, use64bitall=undef, uselongdouble=undef
    usemymalloc=n, bincompat5005=undef
  Compiler:
    cc='cc', ccflags ='-DHAS_FPSETMASK -DHAS_FLOATINGPOINT_H -fno-strict-aliasing -pipe -fstack-protector -I/usr/local/include',
    optimize='-O',
    cppflags='-DHAS_FPSETMASK -DHAS_FLOATINGPOINT_H -fno-strict-aliasing -pipe -fstack-protector -I/usr/local/include'
    ccversion='', gccversion='4.2.1 20070719  [FreeBSD]', gccosandvers=''
    intsize=4, longsize=4, ptrsize=4, doublesize=8, byteorder=1234
    d_longlong=define, longlongsize=8, d_longdbl=define, longdblsize=12
    ivtype='long', ivsize=4, nvtype='double', nvsize=8, Off_t='off_t', lseeksize=8
    alignbytes=4, prototype=define
  Linker and Libraries:
    ld='cc', ldflags ='-Wl,-E  -fstack-protector -L/usr/local/lib'
    libpth=/usr/lib /usr/local/lib
    libs=-lgdbm -lm -lcrypt -lutil -lc
    perllibs=-lm -lcrypt -lutil -lc
    libc=, so=so, useshrplib=false, libperl=libperl.a
    gnulibc_version=''
  Dynamic Linking:
    dlsrc=dl_dlopen.xs, dlext=so, d_dlsymun=undef, ccdlflags=' '
    cccdlflags='-DPIC -fPIC', lddlflags='-shared  -L/usr/local/lib -fstack-protector'


Characteristics of this binary (from libperl): 
  Compile-time options: PERL_DONT_CREATE_GVSV PERL_MALLOC_WRAP
                        USE_LARGE_FILES USE_PERLIO USE_PERL_ATOF
  Built under freebsd
  Compiled at Sep  7 2011 22:17:15
  %ENV:
    PERL5LIB=":/usr/home/cpan/pit/bare/conf/perl-5.12.4/.cpanplus/5.12.4/build/Carp-1.23/blib/lib:/usr/home/cpan/pit/bare/conf/perl-5.12.4/.cpanplus/5.12.4/build/Carp-1.23/blib/arch:/usr/home/cpan/pit/bare/conf/perl-5.12.4/.cpanplus/5.12.4/build/Config-Any-0.23/blib/lib:/usr/home/cpan/pit/bare/conf/perl-5.12.4/.cpanplus/5.12.4/build/Config-Any-0.23/blib/arch:/usr/home/cpan/pit/bare/conf/perl-5.12.4/.cpanplus/5.12.4/build/Config-Merge-1.01/blib/lib:/usr/home/cpan/pit/bare/conf/perl-5.12.4/.cpanplus/5.12.4/build/Config-Merge-1.01/blib/arch:/usr/home/cpan/pit/bare/conf/perl-5.12.4/.cpanplus/5.12.4/build/Data-Diver-1.0101/blib/lib:/usr/home/cpan/pit/bare/conf/perl-5.12.4/.cpanplus/5.12.4/build/Data-Diver-1.0101/blib/arch:/usr/home/cpan/pit/bare/conf/perl-5.12.4/.cpanplus/5.12.4/build/Config-Merge-Dynamic-0.10/blib/lib:/usr/home/cpan/pit/bare/conf/perl-5.12.4/.cpanplus/5.12.4/build/Config-Merge-Dynamic-0.10/blib/arch"
    PERL5_CPANPLUS_IS_RUNNING="51750"
    PERL5_CPANPLUS_IS_VERSION="0.9110"
    PERL5_MINISMOKEBOX="0.54"
    PERL5_YACSMOKE_BASE="/usr/home/cpan/pit/bare/conf/perl-5.12.4"
    PERL_EXTUTILS_AUTOINSTALL="--defaultdeps"
    PERL_MM_USE_DEFAULT="1"
  @INC:
    /usr/home/cpan/pit/bare/conf/perl-5.12.4/.cpanplus/5.12.4/build/Carp-1.23/blib/lib
    /usr/home/cpan/pit/bare/conf/perl-5.12.4/.cpanplus/5.12.4/build/Carp-1.23/blib/arch
    /usr/home/cpan/pit/bare/conf/perl-5.12.4/.cpanplus/5.12.4/build/Config-Any-0.23/blib/lib
    /usr/home/cpan/pit/bare/conf/perl-5.12.4/.cpanplus/5.12.4/build/Config-Any-0.23/blib/arch
    /usr/home/cpan/pit/bare/conf/perl-5.12.4/.cpanplus/5.12.4/build/Config-Merge-1.01/blib/lib
    /usr/home/cpan/pit/bare/conf/perl-5.12.4/.cpanplus/5.12.4/build/Config-Merge-1.01/blib/arch
    /usr/home/cpan/pit/bare/conf/perl-5.12.4/.cpanplus/5.12.4/build/Data-Diver-1.0101/blib/lib
    /usr/home/cpan/pit/bare/conf/perl-5.12.4/.cpanplus/5.12.4/build/Data-Diver-1.0101/blib/arch
    /usr/home/cpan/pit/bare/conf/perl-5.12.4/.cpanplus/5.12.4/build/Config-Merge-Dynamic-0.10/blib/lib
    /usr/home/cpan/pit/bare/conf/perl-5.12.4/.cpanplus/5.12.4/build/Config-Merge-Dynamic-0.10/blib/arch
    /usr/home/cpan/pit/bare/perl-5.12.4/lib/site_perl/5.12.4/i386-freebsd
    /usr/home/cpan/pit/bare/perl-5.12.4/lib/site_perl/5.12.4
    /usr/home/cpan/pit/bare/perl-5.12.4/lib/5.12.4/i386-freebsd
    /usr/home/cpan/pit/bare/perl-5.12.4/lib/5.12.4
    .