Report for Dancer2-Plugin-Deferred-0.007015

Back
From: metabase:user:e667a2a9-6c14-1014-9503-c31448f0d22a
Subject: FAIL Dancer2-Plugin-Deferred-0.007015 v5.20.0 
Date: 2015-02-11T23:40:43Z

This distribution has been tested as part of the CPAN Testers
project, supporting the Perl programming language.  See
http://wiki.cpantesters.org/ for more information or email
questions to cpan-testers-discuss@perl.org


--
Dear ,

This is a computer-generated report for Dancer2-Plugin-Deferred-0.007015
on perl 5.20.0, created by CPAN-Reporter-1.2012.

Thank you for uploading your work to CPAN.  However, there was a problem
testing your distribution.

If you think this report is invalid, please consult the CPAN Testers Wiki
for suggestions on how to avoid getting FAIL reports for missing library
or binary dependencies, unsupported operating systems, and so on:

http://wiki.cpantesters.org/wiki/CPANAuthorNotes

Sections of this report:

    * Tester comments
    * Program output
    * Prerequisites
    * Environment and other context

------------------------------
TESTER COMMENTS
------------------------------

Additional comments from tester:

this report is from an automated smoke testing program
and was not reviewed by a human for accuracy

------------------------------
PROGRAM OUTPUT
------------------------------

Output from 'C:\Strawberry\perl\bin\perl.exe ./Build test':

t/00-compile.t .......... ok
# 
# Versions for all modules listed in MYMETA.json (including optional ones):
#    Version Module                  
#   -------- ------------------------
#   2.143240 CPAN::Meta              
#      2.125 CPAN::Meta::Requirements
#     1.3301 Carp                    
#   0.158000 Dancer2                 
#   0.158000 Dancer2::Plugin         
#       6.98 ExtUtils::MakeMaker     
#       3.47 File::Spec              
#       3.47 File::Spec::Functions   
#       1.35 IO::Handle              
#       1.16 IPC::Open3              
#      5.835 LWP::UserAgent          
#       1.39 List::Util              
#     0.4205 Module::Build           
#   1.001003 Test::More              
#       2.05 Test::TCP               
#       1.60 URI                     
#      undef URI::QueryParam         
#       1.08 strict                  
#     0.9909 version                 
#       1.23 warnings                
t/00-report-prereqs.t ... ok

#   Failed test 'no messages pending'
#   at t/deferred.t line 21.
#                   '500 Can't connect to localhost:50765 (Bad address)
# '
#     doesn't match '(?^ms:^message:\s*$)'

#   Failed test 'message set and returned'
#   at t/deferred.t line 24.
#                   '500 Can't connect to localhost:50765 (Bad address)
# '
#     doesn't match '(?^ms:^message: hello)'

#   Failed test 'no messages pending'
#   at t/deferred.t line 27.
#                   '500 Can't connect to localhost:50765 (Bad address)
# '
#     doesn't match '(?^ms:^message:\s*$)'

#   Failed test 'message set and returned'
#   at t/deferred.t line 30.
#                   '500 Can't connect to localhost:50765 (Bad address)
# '
#     doesn't match '(?^ms:^message: goodbye)'

#   Failed test 'no messages pending'
#   at t/deferred.t line 33.
#                   '500 Can't connect to localhost:50765 (Bad address)
# '
#     doesn't match '(?^ms:^message:\s*$)'
# Looks like you failed 5 tests of 5.
t/deferred.t ............ 
Dubious, test returned 5 (wstat 1280, 0x500)
Failed 5/5 subtests 

#   Failed test 'no messages pending'
#   at t/keep.t line 20.
#                   '500 Can't connect to localhost:50957 (Bad address)
# '
#     doesn't match '(?^ms:^message:\s*$)'

#   Failed test 'message set and returned via keep/link'
#   at t/keep.t line 26.
#                   '400 URL must be absolute
# '
#     doesn't match '(?^ms:^message: sayonara)'

#   Failed test 'no messages pending'
#   at t/keep.t line 30.
#                   '500 Can't connect to localhost:50957 (Bad address)
# '
#     doesn't match '(?^ms:^message:\s*$)'
# Looks like you failed 3 tests of 3.
t/keep.t ................ 
Dubious, test returned 3 (wstat 768, 0x300)
Failed 3/3 subtests 
t/release-distmeta.t .... skipped: these tests are for release candidate testing
t/release-no-tabs.t ..... skipped: these tests are for release candidate testing
t/release-pod-syntax.t .. skipped: these tests are for release candidate testing

Test Summary Report
-------------------
t/deferred.t          (Wstat: 1280 Tests: 5 Failed: 5)
  Failed tests:  1-5
  Non-zero exit status: 5
t/keep.t              (Wstat: 768 Tests: 3 Failed: 3)
  Failed tests:  1-3
  Non-zero exit status: 3
Files=7, Tests=10, 15 wallclock secs ( 0.09 usr +  0.02 sys =  0.11 CPU)
Result: FAIL
Failed 2/7 test programs. 8/10 subtests failed.

------------------------------
PREREQUISITES
------------------------------

Prerequisite modules loaded:

requires:

    Module                Need   Have    
    --------------------- ------ --------
    Carp                  0      1.3301  
    Dancer2::Plugin       0      0.158000
    perl                  5.010  5.020000
    strict                0      1.08    
    URI                   0      1.60    
    URI::QueryParam       0      0       
    warnings              0      1.23    

build_requires:

    Module                Need   Have    
    --------------------- ------ --------
    Dancer2               0      0.158000
    ExtUtils::MakeMaker   0      6.98    
    File::Spec            0      3.47    
    File::Spec::Functions 0      3.47    
    IO::Handle            0      1.35    
    IPC::Open3            0      1.16    
    List::Util            0      1.39    
    LWP::UserAgent        0      5.835   
    Module::Build         0.3601 0.4205  
    perl                  5.010  5.020000
    Test::More            0.96   1.001003
    Test::TCP             0      2.05    
    version               0      0.9909  

configure_requires:

    Module                Need   Have    
    --------------------- ------ --------
    ExtUtils::MakeMaker   6.30   6.98    
    Module::Build         0.3601 0.4205  


------------------------------
ENVIRONMENT AND OTHER CONTEXT
------------------------------

Environment variables:

    AUTOMATED_TESTING = 1
    COMSPEC = C:\Windows\system32\cmd.exe
    NUMBER_OF_PROCESSORS = 1
    PATH = C:\Windows\system32;C:\Windows;C:\Windows\System32\Wbem;C:\Windows\System32\WindowsPowerShell\v1.0\;C:\Strawberry\c\bin;C:\Strawberry\perl\site\bin;C:\Strawberry\perl\bin;C:\Program Files\Git\cmd
    PERL5LIB = 
    PERL5OPT = 
    PERL5_CPANPLUS_IS_RUNNING = 2944
    PERL5_CPAN_IS_RUNNING = 2944
    PERL5_CPAN_IS_RUNNING_IN_RECURSION = 3952,2944
    PERL_CR_SMOKER_CURRENT = Dancer2-Plugin-Deferred-0.007015
    PERL_EXTUTILS_AUTOINSTALL = --defaultdeps
    PERL_MM_USE_DEFAULT = 1
    PROCESSOR_IDENTIFIER = x86 Family 21 Model 1 Stepping 2, AuthenticAMD
    TEMP = C:\Users\albie\AppData\Local\Temp

Perl special variables (and OS-specific diagnostics, for MSWin32):

    $^X = C:\Strawberry\perl\bin\perl.exe
    $UID/$EUID = 0 / 0
    $GID = 0
    $EGID = 0
    Win32::GetOSName = Win7
    Win32::GetOSVersion = Service Pack 1, 6, 1, 7601, 2, 1, 0, 256, 1
    Win32::FsType = NTFS
    Win32::IsAdminUser = 0

Perl module toolchain versions installed:

    Module              Have    
    ------------------- --------
    CPAN                2.05    
    CPAN::Meta          2.143240
    Cwd                 3.47    
    ExtUtils::CBuilder  0.280216
    ExtUtils::Command   1.18    
    ExtUtils::Install   1.68    
    ExtUtils::MakeMaker 6.98    
    ExtUtils::Manifest  1.70    
    ExtUtils::ParseXS   3.24    
    File::Spec          3.47    
    JSON                2.90    
    JSON::PP            2.27203 
    Module::Build       0.4205  
    Module::Signature   n/a     
    Parse::CPAN::Meta   1.4414  
    Test::Harness       3.32    
    Test::More          1.001003
    YAML                0.94    
    YAML::Syck          1.27    
    version             0.9909  


--

Summary of my perl5 (revision 5 version 20 subversion 0) configuration:
   
  Platform:
    osname=MSWin32, osvers=6.2, archname=MSWin32-x86-multi-thread-64int
    uname='Win32 strawberry-perl 5.20.0.1 #1 Fri May 30 23:25:11 2014 i386'
    config_args='undef'
    hint=recommended, useposix=true, d_sigaction=undef
    useithreads=define, usemultiplicity=define
    use64bitint=define, use64bitall=undef, uselongdouble=undef
    usemymalloc=n, bincompat5005=undef
  Compiler:
    cc='gcc', ccflags =' -s -O2 -DWIN32  -DPERL_TEXTMODE_SCRIPTS -DPERL_IMPLICIT_CONTEXT -DPERL_IMPLICIT_SYS -DUSE_PERLIO -fwrapv -fno-strict-aliasing -mms-bitfields',
    optimize='-s -O2',
    cppflags='-DWIN32'
    ccversion='', gccversion='4.8.2', gccosandvers=''
    intsize=4, longsize=4, ptrsize=4, doublesize=8, byteorder=12345678
    d_longlong=define, longlongsize=8, d_longdbl=define, longdblsize=12
    ivtype='long long', ivsize=8, nvtype='double', nvsize=8, Off_t='long long', lseeksize=8
    alignbytes=8, prototype=define
  Linker and Libraries:
    ld='g++', ldflags ='-s -L"C:\STRAWB~1\perl\lib\CORE" -L"C:\STRAWB~1\c\lib"'
    libpth=C:\STRAWB~1\c\lib C:\STRAWB~1\c\i686-w64-mingw32\lib C:\STRAWB~1\c\lib\gcc\i686-w64-mingw32\4.8.2
    libs=-lmoldname -lkernel32 -luser32 -lgdi32 -lwinspool -lcomdlg32 -ladvapi32 -lshell32 -lole32 -loleaut32 -lnetapi32 -luuid -lws2_32 -lmpr -lwinmm -lversion -lodbc32 -lodbccp32 -lcomctl32
    perllibs=-lmoldname -lkernel32 -luser32 -lgdi32 -lwinspool -lcomdlg32 -ladvapi32 -lshell32 -lole32 -loleaut32 -lnetapi32 -luuid -lws2_32 -lmpr -lwinmm -lversion -lodbc32 -lodbccp32 -lcomctl32
    libc=, so=dll, useshrplib=true, libperl=libperl520.a
    gnulibc_version=''
  Dynamic Linking:
    dlsrc=dl_win32.xs, dlext=xs.dll, d_dlsymun=undef, ccdlflags=' '
    cccdlflags=' ', lddlflags='-mdll -s -L"C:\STRAWB~1\perl\lib\CORE" -L"C:\STRAWB~1\c\lib"'


Characteristics of this binary (from libperl): 
  Compile-time options: HAS_TIMES HAVE_INTERP_INTERN MULTIPLICITY
                        PERLIO_LAYERS PERL_DONT_CREATE_GVSV
                        PERL_HASH_FUNC_ONE_AT_A_TIME_HARD
                        PERL_IMPLICIT_CONTEXT PERL_IMPLICIT_SYS
                        PERL_MALLOC_WRAP PERL_NEW_COPY_ON_WRITE
                        PERL_PRESERVE_IVUV USE_64_BIT_INT USE_ITHREADS
                        USE_LARGE_FILES USE_LOCALE USE_LOCALE_COLLATE
                        USE_LOCALE_CTYPE USE_LOCALE_NUMERIC USE_PERLIO
                        USE_PERL_ATOF
  Built under MSWin32
  Compiled at May 30 2014 23:29:27
  %ENV:
    PERL5_CPANPLUS_IS_RUNNING="2944"
    PERL5_CPAN_IS_RUNNING="2944"
    PERL5_CPAN_IS_RUNNING_IN_RECURSION="3952,2944"
    PERL_CR_SMOKER_CURRENT="Dancer2-Plugin-Deferred-0.007015"
    PERL_EXTUTILS_AUTOINSTALL="--defaultdeps"
    PERL_MM_USE_DEFAULT="1"
  @INC:
    C:/Strawberry/perl/site/lib/MSWin32-x86-multi-thread-64int
    C:/Strawberry/perl/site/lib
    C:/Strawberry/perl/vendor/lib
    C:/Strawberry/perl/lib
    .