Module-Info v0.37 Perl 5 v5.27.5 x86_64-linux-thread-multi
- Status
- Fail
- From
- Andreas J. König (ANDK)
- Dist
-
Module-Info v0.37
- Platform
- Perl 5 v5.27.5 x86_64-linux-thread-multi
- Date
- 2017-10-18 02:02:35
- ID
- 68c99520-b3a8-11e7-87b8-588a9f3bb17c
This distribution has been tested as part of the CPAN Testers
project, supporting the Perl programming language. See
http://wiki.cpantesters.org/ for more information or email
questions to cpan-testers-discuss@perl.org
--
Dear Neil Bowers,
This is a computer-generated report for Module-Info-0.37
on perl 5.27.5, created by CPAN-Reporter-1.2018.
Thank you for uploading your work to CPAN. However, there was a problem
testing your distribution.
If you think this report is invalid, please consult the CPAN Testers Wiki
for suggestions on how to avoid getting FAIL reports for missing library
or binary dependencies, unsupported operating systems, and so on:
http://wiki.cpantesters.org/wiki/CPANAuthorNotes
Sections of this report:
* Tester comments
* Program output
* Prerequisites
* Environment and other context
------------------------------
TESTER COMMENTS
------------------------------
Additional comments from tester:
this report is from an automated smoke testing program
and was not reviewed by a human for accuracy
------------------------------
PROGRAM OUTPUT
------------------------------
Output from '/usr/bin/make test':
PERL_DL_NONLAZY=1 "/tmp/basesmoker-reloperl-gdZ_/bin/perl" "-MExtUtils::Command::MM" "-MTest::Harness" "-e" "undef *Test::Harness::Switches; test_harness(0, 'blib/lib', 'blib/arch')" t/*.t
B::Module::Info,modules_used use failed with 255 saying:
require not bare 5.006 at line 3
use strict () at "/tmp/loop_over_bdir-20237-rAvoXK/Module-Info-0.37-0/lib/Module/Info.pm" line 4
use warnings () at "/tmp/loop_over_bdir-20237-rAvoXK/Module-Info-0.37-0/lib/Module/Info.pm" line 5
use Carp () at "/tmp/loop_over_bdir-20237-rAvoXK/Module-Info-0.37-0/lib/Module/Info.pm" line 6
use File::Spec () at "/tmp/loop_over_bdir-20237-rAvoXK/Module-Info-0.37-0/lib/Module/Info.pm" line 7
use Config () at "/tmp/loop_over_bdir-20237-rAvoXK/Module-Info-0.37-0/lib/Module/Info.pm" line 8
Undefined subroutine &B::LISTOP::name called at blib/lib/B/Module/Info.pm line 67.
CHECK failed--call queue aborted.
# Failed test (t/Module-Info.t at line 102)
# got: '0'
# expected: '7'
# Failed test (t/Module-Info.t at line 103)
# Structures begin differing at:
# $got->[0] = Does not exist
# $expected->[0] = 'Carp'
B::Module::Info,modules_used use failed with 255 saying:
use strict () at "/tmp/loop_over_bdir-20237-rAvoXK/Module-Info-0.37-0/t/lib/Foo.pm" line 3
use vars () at "/tmp/loop_over_bdir-20237-rAvoXK/Module-Info-0.37-0/t/lib/Foo.pm" line 6
use strict () at "/tmp/loop_over_bdir-20237-rAvoXK/Module-Info-0.37-0/t/lib/Foo.pm" line 26
use strict () at "/tmp/loop_over_bdir-20237-rAvoXK/Module-Info-0.37-0/t/lib/Foo.pm" line 37
require not bare 5.004 at line 46
require not bare 5 at line 48
use lib () at "/tmp/loop_over_bdir-20237-rAvoXK/Module-Info-0.37-0/t/lib/Foo.pm" line 49
require not bare t/lib/Bar.pm at line 64
Undefined subroutine &B::LISTOP::name called at blib/lib/B/Module/Info.pm line 67.
CHECK failed--call queue aborted.
# Failed test (t/Module-Info.t at line 204)
# got: '0'
# expected: '8'
# Failed test (t/Module-Info.t at line 205)
# Structures begin differing at:
# $got->[0] = Does not exist
# $expected->[0] = 'Carp'
B::Module::Info,subs_called use failed with 255 saying:
Can't locate object method "ARRAY" via package "B::NULL" at blib/lib/B/Module/Info.pm line 263.
CHECK failed--call queue aborted.
# Failed test (t/Module-Info.t at line 297)
# Structures begin differing at:
# $got->[0] = Does not exist
# $expected->[0] = 'HASH(0x55d8f338f9e8)'
B::Module::Info,subs_called use failed with 255 saying:
Can't locate object method "ARRAY" via package "B::NULL" at blib/lib/B/Module/Info.pm line 263.
CHECK failed--call queue aborted.
# Failed test (t/Module-Info.t at line 299)
# Structures begin differing at:
# $got->[0] = Does not exist
# $expected->[0] = 'HASH(0x55d8f338f658)'
B::Module::Info,modules_used use failed with 255 saying:
use Cwd () at "/tmp/loop_over_bdir-20237-rAvoXK/Module-Info-0.37-0/t/lib/Bar.pm" line 3
use Cwd (1) at "/tmp/loop_over_bdir-20237-rAvoXK/Module-Info-0.37-0/t/lib/Bar.pm" line 4
use Cwd (1.00102) at "/tmp/loop_over_bdir-20237-rAvoXK/Module-Info-0.37-0/t/lib/Bar.pm" line 5
use Cwd (v1.1.2) at "/tmp/loop_over_bdir-20237-rAvoXK/Module-Info-0.37-0/t/lib/Bar.pm" line 6
require bare strict.pm at line 15
Undefined subroutine &B::LISTOP::isa called at /home/sand/src/perl/repoperls/installed-perls/host/k93msid/v5.27.4-119-gd821073629/29fb/lib/site_perl/5.27.5/x86_64-linux-thread-multi/B/Utils.pm line 669.
CHECK failed--call queue aborted.
# Failed test (t/Module-Info.t at line 304)
# got: '0'
# expected: '3'
# Failed test (t/Module-Info.t at line 305)
# Structures begin differing at:
# $got->[0] = Does not exist
# $expected->[0] = 'Carp'
# Looks like you failed 8 tests of 59.
t/Module-Info.t ..........
Dubious, test returned 8 (wstat 2048, 0x800)
Failed 8/59 subtests
t/n0_die_on_error.t ...... ok
B::Module::Info,modules_used use failed with 255 saying:
use Cwd () at "/tmp/loop_over_bdir-20237-rAvoXK/Module-Info-0.37-0/t/lib/Bar.pm" line 3
use Cwd (1) at "/tmp/loop_over_bdir-20237-rAvoXK/Module-Info-0.37-0/t/lib/Bar.pm" line 4
use Cwd (1.00102) at "/tmp/loop_over_bdir-20237-rAvoXK/Module-Info-0.37-0/t/lib/Bar.pm" line 5
use Cwd (v1.1.2) at "/tmp/loop_over_bdir-20237-rAvoXK/Module-Info-0.37-0/t/lib/Bar.pm" line 6
require bare strict.pm at line 15
Undefined subroutine &B::LISTOP::isa called at /home/sand/src/perl/repoperls/installed-perls/host/k93msid/v5.27.4-119-gd821073629/29fb/lib/site_perl/5.27.5/x86_64-linux-thread-multi/B/Utils.pm line 669.
CHECK failed--call queue aborted.
# Failed test (t/n1_modules_required.t at line 15)
# Structures begin differing at:
# $got->[0] = Does not exist
# $expected->[0] = 'Carp'
Can't use an undefined value as an ARRAY reference at t/n1_modules_required.t line 18.
# Looks like you planned 3 tests but only ran 1.
# Looks like your test died just after 1.
t/n1_modules_required.t ..
Dubious, test returned 255 (wstat 65280, 0xff00)
Failed 3/3 subtests
t/n2_safe.t .............. ok
t/n3_version.t ........... ok
t/zy_pod_coverage.t ...... skipped: these tests are for release candidate testing
t/zz_pod.t ............... ok
Test Summary Report
-------------------
t/Module-Info.t (Wstat: 2048 Tests: 59 Failed: 8)
Failed tests: 16-17, 52-53, 56-59
Non-zero exit status: 8
t/n1_modules_required.t (Wstat: 65280 Tests: 1 Failed: 1)
Failed test: 1
Non-zero exit status: 255
Parse errors: Bad plan. You planned 3 tests but ran 1.
Files=7, Tests=111, 2 wallclock secs ( 0.03 usr 0.05 sys + 1.42 cusr 0.31 csys = 1.81 CPU)
Result: FAIL
Failed 2/7 test programs. 9/111 subtests failed.
Makefile:889: recipe for target 'test_dynamic' failed
make: *** [test_dynamic] Error 255
------------------------------
PREREQUISITES
------------------------------
Prerequisite modules loaded:
requires:
Module Need Have
------------------- ----- --------
B 0 1.70
B::Utils 0.27 0.27
Carp 0 1.43
File::Spec 0.8 3.68
perl 5.006 5.027005
strict 0 1.11
build_requires:
Module Need Have
------------------- ----- --------
ExtUtils::MakeMaker 0 7.30
configure_requires:
Module Need Have
------------------- ----- --------
ExtUtils::MakeMaker 0 7.30
------------------------------
ENVIRONMENT AND OTHER CONTEXT
------------------------------
Environment variables:
AUTOMATED_TESTING = 1
LANG = en_US.UTF-8
PATH = /home/sand/bin:/usr/local/bin:/usr/bin:/bin:/usr/games:/usr/local/perl/bin:/usr/X11/bin:/sbin:/usr/sbin
PERL5LIB =
PERL5OPT =
PERL5_CPANPLUS_IS_RUNNING = 3343
PERL5_CPAN_IS_RUNNING = 3343
PERL_CANARY_STABILITY_NOPROMPT = 1
PERL_MM_USE_DEFAULT = 1
PERL_USE_UNSAFE_INC = 1
SHELL = /usr/bin/zsh
TERM = screen
Perl special variables (and OS-specific diagnostics, for MSWin32):
$^X = /tmp/basesmoker-reloperl-gdZ_/bin/perl
$UID/$EUID = 1005 / 1005
$GID = 1005 1005
$EGID = 1005 1005
Perl module toolchain versions installed:
Module Have
------------------- --------
CPAN 2.18
CPAN::Meta 2.150010
Cwd 3.68
ExtUtils::CBuilder 0.280228
ExtUtils::Command 7.30
ExtUtils::Install 2.14
ExtUtils::MakeMaker 7.30
ExtUtils::Manifest 1.70
ExtUtils::ParseXS 3.35
File::Spec 3.68
JSON 2.94
JSON::PP 2.94
Module::Build 0.4224
Module::Signature 0.81
Parse::CPAN::Meta 2.150010
Test::Harness 3.39
Test::More 1.302103
YAML 1.23
YAML::Syck 1.30
version 0.9918
--
Summary of my perl5 (revision 5 version 27 subversion 5) configuration:
Commit id: d821073629ab373b60bfd679f9692eb95d526a4c
Platform:
osname=linux
osvers=4.12.0-2-amd64
archname=x86_64-linux-thread-multi
uname='linux k93msid 4.12.0-2-amd64 #1 smp debian 4.12.13-1 (2017-09-19) x86_64 gnulinux '
config_args='-Dprefix=/home/sand/src/perl/repoperls/installed-perls/host/k93msid/v5.27.4-119-gd821073629/29fb -Dmyhostname=k93msid -Dinstallusrbinperl=n -Uversiononly -Dusedevel -des -Ui_db -Dlibswanted=cl pthread socket inet nsl gdbm dbm malloc dl ld sun m crypt sec util c cposix posix ucb BSD gdbm_compat -Duseithreads -Uuselongdouble -DEBUGGING=both'
hint=recommended
useposix=true
d_sigaction=define
useithreads=define
usemultiplicity=define
use64bitint=define
use64bitall=define
uselongdouble=undef
usemymalloc=n
default_inc_excludes_dot=define
bincompat5005=undef
Compiler:
cc='cc'
ccflags ='-D_REENTRANT -D_GNU_SOURCE -fwrapv -DDEBUGGING -fno-strict-aliasing -pipe -fstack-protector-strong -I/usr/local/include -D_LARGEFILE_SOURCE -D_FILE_OFFSET_BITS=64 -D_FORTIFY_SOURCE=2'
optimize='-O2 -g'
cppflags='-D_REENTRANT -D_GNU_SOURCE -fwrapv -DDEBUGGING -fno-strict-aliasing -pipe -fstack-protector-strong -I/usr/local/include'
ccversion=''
gccversion='7.2.0'
gccosandvers=''
intsize=4
longsize=8
ptrsize=8
doublesize=8
byteorder=12345678
doublekind=3
d_longlong=define
longlongsize=8
d_longdbl=define
longdblsize=16
longdblkind=3
ivtype='long'
ivsize=8
nvtype='double'
nvsize=8
Off_t='off_t'
lseeksize=8
alignbytes=8
prototype=define
Linker and Libraries:
ld='cc'
ldflags =' -fstack-protector-strong -L/usr/local/lib'
libpth=/usr/local/lib /usr/lib/gcc/x86_64-linux-gnu/7/include-fixed /usr/include/x86_64-linux-gnu /usr/lib /lib/x86_64-linux-gnu /lib/../lib /usr/lib/x86_64-linux-gnu /usr/lib/../lib /lib
libs=-lpthread -lnsl -ldl -lm -lcrypt -lutil -lc
perllibs=-lpthread -lnsl -ldl -lm -lcrypt -lutil -lc
libc=libc-2.24.so
so=so
useshrplib=false
libperl=libperl.a
gnulibc_version='2.24'
Dynamic Linking:
dlsrc=dl_dlopen.xs
dlext=so
d_dlsymun=undef
ccdlflags='-Wl,-E'
cccdlflags='-fPIC'
lddlflags='-shared -O2 -g -L/usr/local/lib -fstack-protector-strong'
Characteristics of this binary (from libperl):
Compile-time options:
DEBUGGING
HAS_TIMES
MULTIPLICITY
PERLIO_LAYERS
PERL_COPY_ON_WRITE
PERL_DONT_CREATE_GVSV
PERL_IMPLICIT_CONTEXT
PERL_MALLOC_WRAP
PERL_OP_PARENT
PERL_PRESERVE_IVUV
PERL_TRACK_MEMPOOL
PERL_USE_DEVEL
USE_64_BIT_ALL
USE_64_BIT_INT
USE_ITHREADS
USE_LARGE_FILES
USE_LOCALE
USE_LOCALE_COLLATE
USE_LOCALE_CTYPE
USE_LOCALE_NUMERIC
USE_LOCALE_TIME
USE_PERLIO
USE_PERL_ATOF
USE_REENTRANT_API
Built under linux
Compiled at Oct 17 2017 03:57:26
%ENV:
PERL5LIB=""
PERL5OPT=""
PERL5_CPANPLUS_IS_RUNNING="3343"
PERL5_CPAN_IS_RUNNING="3343"
PERL_CANARY_STABILITY_NOPROMPT="1"
PERL_MM_USE_DEFAULT="1"
PERL_USE_UNSAFE_INC="1"
@INC:
/home/sand/src/perl/repoperls/installed-perls/host/k93msid/v5.27.4-119-gd821073629/29fb/lib/site_perl/5.27.5/x86_64-linux-thread-multi
/home/sand/src/perl/repoperls/installed-perls/host/k93msid/v5.27.4-119-gd821073629/29fb/lib/site_perl/5.27.5
/home/sand/src/perl/repoperls/installed-perls/host/k93msid/v5.27.4-119-gd821073629/29fb/lib/5.27.5/x86_64-linux-thread-multi
/home/sand/src/perl/repoperls/installed-perls/host/k93msid/v5.27.4-119-gd821073629/29fb/lib/5.27.5
.