IPC-ShareLite v0.17 Perl 5 v5.10.0 amd64-netbsd
- Status
- Fail
- From
- Nigel Horne
- Dist
-
IPC-ShareLite v0.17
- Platform
- Perl 5 v5.10.0 amd64-netbsd
- Date
- 2020-12-20 15:52:49
- ID
- 68f4a43e-42db-11eb-b33e-a28f9d1df510
This distribution has been tested as part of the CPAN Testers
project, supporting the Perl programming language. See
http://wiki.cpantesters.org/ for more information or email
questions to cpan-testers-discuss@perl.org
--
Dear Andy Armstrong,
This is a computer-generated report for IPC-ShareLite-0.17
on perl 5.10.0, created by CPAN-Reporter-1.2018.
Thank you for uploading your work to CPAN. However, there was a problem
testing your distribution.
If you think this report is invalid, please consult the CPAN Testers Wiki
for suggestions on how to avoid getting FAIL reports for missing library
or binary dependencies, unsupported operating systems, and so on:
http://wiki.cpantesters.org/wiki/CPANAuthorNotes
Sections of this report:
* Tester comments
* Program output
* Prerequisites
* Environment and other context
------------------------------
TESTER COMMENTS
------------------------------
Additional comments from tester:
none provided
------------------------------
PROGRAM OUTPUT
------------------------------
Output from '/usr/bin/make test':
"/home/njh/perl5/perlbrew/perls/perl-5.10.0/bin/perl" -MExtUtils::Command::MM -e 'cp_nonempty' -- ShareLite.bs blib/arch/auto/IPC/ShareLite/ShareLite.bs 644
PERL_DL_NONLAZY=1 "/home/njh/perl5/perlbrew/perls/perl-5.10.0/bin/perl" "-MExtUtils::Command::MM" "-MTest::Harness" "-e" "undef *Test::Harness::Switches; test_harness(0, 'blib/lib', 'blib/arch')" t/*.t
# Testing IPC::ShareLite 0.17
t/00-load.t ...... ok
t/pod.t .......... ok
Failed to create share at t/sharelite.t line 18.
# Looks like your test exited with 28 just after 1.
t/sharelite.t ....
Dubious, test returned 28 (wstat 7168, 0x1c00)
Failed 13/14 subtests
t/unicode-key.t .. ok
Test Summary Report
-------------------
t/sharelite.t (Wstat: 7168 Tests: 1 Failed: 0)
Non-zero exit status: 28
Parse errors: Bad plan. You planned 14 tests but ran 1.
Files=4, Tests=6, 1 wallclock secs ( 0.03 usr 0.01 sys + 0.25 cusr 0.04 csys = 0.33 CPU)
Result: FAIL
Failed 1/4 test programs. 0/6 subtests failed.
*** Error code 255
Stop.
make: stopped in /home/njh/.cpan/build/IPC-ShareLite-0.17-100
------------------------------
PREREQUISITES
------------------------------
Prerequisite modules loaded:
requires:
Module Need Have
------------------- ---- --------
File::Spec 0 3.2701
Test::More 0 1.302140
build_requires:
Module Need Have
------------------- ---- --------
ExtUtils::MakeMaker 0 7.34
configure_requires:
Module Need Have
------------------- ---- --------
ExtUtils::MakeMaker 0 7.34
------------------------------
ENVIRONMENT AND OTHER CONTEXT
------------------------------
Environment variables:
NONINTERACTIVE_TESTING = 1
PATH = /home/njh/perl5/perlbrew/bin:/home/njh/perl5/perlbrew/perls/perl-5.10.0/bin:/home/njh/perl5/perlbrew/bin:/usr/bin:/bin:/usr/pkg/bin:/usr/local/bin
PERL5LIB =
PERL5OPT =
PERL5_CPANPLUS_IS_RUNNING = 10057
PERL5_CPAN_IS_RUNNING = 10057
PERLBREW_HOME = /home/njh/.perlbrew
PERLBREW_LIB =
PERLBREW_MANPATH = /home/njh/perl5/perlbrew/perls/perl-5.10.0/man
PERLBREW_PATH = /home/njh/perl5/perlbrew/bin:/home/njh/perl5/perlbrew/perls/perl-5.10.0/bin
PERLBREW_PERL = perl-5.10.0
PERLBREW_ROOT = /home/njh/perl5/perlbrew
PERLBREW_SHELLRC_VERSION = 0.88
PERLBREW_VERSION = 0.88
PERL_LOCAL_LIB_ROOT =
PERL_MM_USE_DEFAULT = 1
PERL_USE_UNSAFE_INC = 1
SHELL = /usr/pkg/bin/bash
Perl special variables (and OS-specific diagnostics, for MSWin32):
$^X = /home/njh/perl5/perlbrew/perls/perl-5.10.0/bin/perl
$UID/$EUID = 1000 / 1000
$GID = 100 100 0
$EGID = 100 100 0
Perl module toolchain versions installed:
Module Have
------------------- --------
CPAN 2.28
CPAN::Meta 2.150010
Cwd 3.2701
ExtUtils::CBuilder 0.280230
ExtUtils::Command 7.34
ExtUtils::Install 2.06
ExtUtils::MakeMaker 7.34
ExtUtils::Manifest 1.70
ExtUtils::ParseXS 3.35
File::Spec 3.2701
JSON 4.02
JSON::PP 2.97001
Module::Build 0.4229
Module::Signature n/a
Parse::CPAN::Meta 2.150010
Test::Harness 3.42
Test::More 1.302140
YAML 1.30
YAML::Syck 1.34
version 0.9924
--
Summary of my perl5 (revision 5 version 10 subversion 0) configuration:
Platform:
osname=netbsd, osvers=7.1.2, archname=amd64-netbsd
uname='netbsd vultr2.bandsman.co.uk 7.1.2 netbsd 7.1.2 (generic.201803151611z) amd64 '
config_args='-de -Dprefix=/home/njh/perl5/perlbrew/perls/perl-5.10.0 -Aeval:scriptdir=/home/njh/perl5/perlbrew/perls/perl-5.10.0/bin'
hint=recommended, useposix=true, d_sigaction=define
useithreads=undef, usemultiplicity=undef
useperlio=define, d_sfio=undef, uselargefiles=define, usesocks=undef
use64bitint=define, use64bitall=define, uselongdouble=undef
usemymalloc=n, bincompat5005=undef
Compiler:
cc='cc', ccflags ='-fno-strict-aliasing -pipe -I/usr/pkg/include',
optimize='-O',
cppflags='-fno-strict-aliasing -pipe -I/usr/pkg/include'
ccversion='', gccversion='4.8.5', gccosandvers=''
intsize=4, longsize=8, ptrsize=8, doublesize=8, byteorder=12345678
d_longlong=define, longlongsize=8, d_longdbl=define, longdblsize=16
ivtype='long', ivsize=8, nvtype='double', nvsize=8, Off_t='off_t', lseeksize=8
alignbytes=8, prototype=define
Linker and Libraries:
ld='cc', ldflags =' -Wl,-rpath,/usr/pkg/lib -Wl,-rpath,/usr/local/lib -L/usr/pkg/lib'
libpth=/usr/pkg/lib /lib /usr/lib
libs=-lm -lcrypt -lutil -lc -lposix
perllibs=-lm -lcrypt -lutil -lc -lposix
libc=/lib/libc.so, so=so, useshrplib=false, libperl=libperl.a
gnulibc_version=''
Dynamic Linking:
dlsrc=dl_dlopen.xs, dlext=so, d_dlsymun=undef, ccdlflags='-Wl,-E '
cccdlflags='-DPIC -fPIC ', lddlflags='-shared -L/usr/pkg/lib'
Characteristics of this binary (from libperl):
Compile-time options: PERL_DONT_CREATE_GVSV PERL_MALLOC_WRAP USE_64_BIT_ALL
USE_64_BIT_INT USE_LARGE_FILES USE_PERLIO
Locally applied patches:
Devel::PatchPerl 1.48
Built under netbsd
Compiled at Sep 27 2018 20:56:22
%ENV:
PERL5LIB=""
PERL5OPT=""
PERL5_CPANPLUS_IS_RUNNING="10057"
PERL5_CPAN_IS_RUNNING="10057"
PERLBREW_HOME="/home/njh/.perlbrew"
PERLBREW_LIB=""
PERLBREW_MANPATH="/home/njh/perl5/perlbrew/perls/perl-5.10.0/man"
PERLBREW_PATH="/home/njh/perl5/perlbrew/bin:/home/njh/perl5/perlbrew/perls/perl-5.10.0/bin"
PERLBREW_PERL="perl-5.10.0"
PERLBREW_ROOT="/home/njh/perl5/perlbrew"
PERLBREW_SHELLRC_VERSION="0.88"
PERLBREW_VERSION="0.88"
PERL_LOCAL_LIB_ROOT=""
PERL_MM_USE_DEFAULT="1"
PERL_USE_UNSAFE_INC="1"
@INC:
/home/njh/perl5/perlbrew/perls/perl-5.10.0/lib/5.10.0/amd64-netbsd
/home/njh/perl5/perlbrew/perls/perl-5.10.0/lib/5.10.0
/home/njh/perl5/perlbrew/perls/perl-5.10.0/lib/site_perl/5.10.0/amd64-netbsd
/home/njh/perl5/perlbrew/perls/perl-5.10.0/lib/site_perl/5.10.0
.