Test-Kwalitee-Extra vv0.4.0 Perl 5 v5.22.4 x86_64-linux-thread-multi-ld
- Status
- Fail
- From
- Andreas J. König (ANDK)
- Dist
-
Test-Kwalitee-Extra vv0.4.0
- Platform
- Perl 5 v5.22.4 x86_64-linux-thread-multi-ld
- Date
- 2024-02-26 05:32:19
- ID
- 6902a53a-d468-11ee-b804-d9972920d34f
This distribution has been tested as part of the CPAN Testers
project, supporting the Perl programming language. See
http://wiki.cpantesters.org/ for more information or email
questions to cpan-testers-discuss@perl.org
--
Dear Yasutaka ATARASHI,
This is a computer-generated report for Test-Kwalitee-Extra-v0.4.0
on perl 5.22.4, created by CPAN-Reporter-1.2019.
Thank you for uploading your work to CPAN. However, there was a problem
testing your distribution.
If you think this report is invalid, please consult the CPAN Testers Wiki
for suggestions on how to avoid getting FAIL reports for missing library
or binary dependencies, unsupported operating systems, and so on:
http://wiki.cpantesters.org/wiki/CPANAuthorNotes
Sections of this report:
* Tester comments
* Program output
* Prerequisites
* Environment and other context
------------------------------
TESTER COMMENTS
------------------------------
Additional comments from tester:
this report is from an automated smoke testing program
and was not reviewed by a human for accuracy
------------------------------
PROGRAM OUTPUT
------------------------------
Output from '/usr/bin/make test':
PERL_DL_NONLAZY=1 "/home/sand/src/perl/repoperls/installed-perls/host/k93msid/v5.22.4/8854/bin/perl" "-MExtUtils::Command::MM" "-MTest::Harness" "-e" "undef *Test::Harness::Switches; test_harness(0, 'blib/lib', 'blib/arch')" t/*.t
t/00-compile.t .................... ok
t/01-kwalitee.t ................... ok
t/02-exclude-class.t .............. ok
t/03-include.t .................... ok
t/04-prereq_maches_use.t .......... ok
# Failed test 'expected failure of build_prereq_matches_use'
# at t/05-build_prereq_matches_use.t line 35.
# STDOUT is:
# > ok 1 - build_prereq_matches_use by Test::Kwalitee::Extra
# not:
# > not ok 1 - build_prereq_matches_use by Test::Kwalitee::Extra
# as expected
# STDERR is:
# >
# >
# >
# >
# not:
# > /#\s+Failed\ test.*?\n?.*?at\ t\/05\-build_prereq_matches_use\.t line 33.*\n?/
# > # Detail: This distribution uses a module or a dist in its test suite that's not listed as a build prerequisite.
# > # Detail: Missing: Pod::Coverage::TrustPod in Pod-Coverage-TrustPod, Test::Pod in Test-Pod, Test::Pod::Coverage in Test-Pod-Coverage
# > # Remedy: List all modules used in the test suite in META.yml build_requires
# as expected
t/05-build_prereq_matches_use.t ...
Failed 1/1 subtests
# Failed test 'expected failure of build_prereq_matches_use'
# at t/06-minperlver.t line 29.
# STDOUT is:
# > ok 1 - build_prereq_matches_use by Test::Kwalitee::Extra
# not:
# > not ok 1 - build_prereq_matches_use by Test::Kwalitee::Extra
# as expected
# STDERR is:
# >
# >
# >
# >
# not:
# > /#\s+Failed\ test.*?\n?.*?at\ t\/06\-minperlver\.t line 27.*\n?/
# > # Detail: This distribution uses a module or a dist in its test suite that's not listed as a build prerequisite.
# > # Detail: Missing: File::Spec::Functions in PathTools, Pod::Coverage::TrustPod in Pod-Coverage-TrustPod, Term::ANSIColor in Term-ANSIColor, Test::Pod in Test-Pod, Test::Pod::Coverage in Test-Pod-Coverage
# > # Remedy: List all modules used in the test suite in META.yml build_requires
# as expected
t/06-minperlver.t .................
Failed 1/1 subtests
t/08-_get_packages_not_indexed.t .. ok
t/09-_count_tests.t ............... ok
t/author-critic.t ................. skipped: these tests are for testing by the author
t/author-pod-coverage.t ........... skipped: these tests are for testing by the author
t/author-pod-syntax.t ............. skipped: these tests are for testing by the author
Test Summary Report
-------------------
t/05-build_prereq_matches_use.t (Wstat: 0 Tests: 1 Failed: 1)
Failed test: 1
t/06-minperlver.t (Wstat: 0 Tests: 1 Failed: 1)
Failed test: 1
Files=12, Tests=64, 24 wallclock secs ( 0.05 usr 0.01 sys + 5.75 cusr 1.36 csys = 7.17 CPU)
Result: FAIL
Failed 2/12 test programs. 2/64 subtests failed.
make: *** [Makefile:871: test_dynamic] Error 255
------------------------------
PREREQUISITES
------------------------------
Prerequisite modules loaded:
requires:
Module Need Have
--------------------------- ------- ----------
MetaCPAN::Client 0 2.031000
Module::CoreList 2.31_01 5.20230320
Module::CPANTS::Analyse 0.87 1.01
Module::Extract::Namespaces 0 1.024
perl 5.006 5.022004
Test::Builder::Tester 0 1.302195
version 0.77 0.9929
warnings 0 1.34
build_requires:
Module Need Have
--------------------------- ------- ----------
ExtUtils::MakeMaker 0 7.70
File::Spec 0 3.75
IO::Handle 0 1.51
IPC::Open3 0 1.18
Test::More 0 1.302195
configure_requires:
Module Need Have
--------------------------- ------- ----------
ExtUtils::MakeMaker 0 7.70
perl 5.006 5.022004
------------------------------
ENVIRONMENT AND OTHER CONTEXT
------------------------------
Environment variables:
AUTOMATED_TESTING = 1
LANG = en_US.UTF-8
LANGUAGE = en_US:en
PATH = /home/sand/bin:/usr/local/bin:/usr/bin:/bin:/usr/games:/usr/local/perl/bin:/usr/X11/bin:/sbin:/usr/sbin
PERL5LIB =
PERL5OPT =
PERL5_CPANPLUS_IS_RUNNING = 2023558
PERL5_CPAN_IS_RUNNING = 2023558
PERL_CANARY_STABILITY_NOPROMPT = 1
PERL_MM_USE_DEFAULT = 1
PERL_USE_UNSAFE_INC = 1
SHELL = /usr/bin/zsh
TERM = screen
Perl special variables (and OS-specific diagnostics, for MSWin32):
$^X = /home/sand/src/perl/repoperls/installed-perls/host/k93msid/v5.22.4/8854/bin/perl
$UID/$EUID = 1005 / 1005
$GID = 1005 1005
$EGID = 1005 1005
Perl module toolchain versions installed:
Module Have
------------------- --------
CPAN 2.34
CPAN::Meta 2.150010
Cwd 3.75
ExtUtils::CBuilder 0.280236
ExtUtils::Command 7.70
ExtUtils::Install 2.06
ExtUtils::MakeMaker 7.70
ExtUtils::Manifest 1.70
ExtUtils::ParseXS 3.51
File::Spec 3.75
JSON 4.10
JSON::PP 4.17_01
Module::Build 0.42_35
Module::Signature 0.88
Parse::CPAN::Meta 2.150010
Test2 1.302195
Test::Harness 3.44
Test::More 1.302195
YAML 1.30
YAML::Syck 1.34
version 0.9929
--
Summary of my perl5 (revision 5 version 22 subversion 4) configuration:
Derived from: a26666a1317770d8a2228ac3657ba58020c3511f
Platform:
osname=linux, osvers=6.0.0-5-amd64, archname=x86_64-linux-thread-multi-ld
uname='linux k93msid 6.0.0-5-amd64 #1 smp preempt_dynamic debian 6.0.10-2 (2022-12-01) x86_64 gnulinux '
config_args='-Dprefix=/home/sand/src/perl/repoperls/installed-perls/host/k93msid/v5.22.4/8854 -Dmyhostname=k93msid -Dinstallusrbinperl=n -Uversiononly -Dusedevel -des -Ui_db -Dlibswanted=cl pthread socket inet nsl gdbm dbm malloc dl ld sun m crypt sec util c cposix posix ucb BSD gdbm_compat -Duseithreads -Duselongdouble -DEBUGGING=-g'
hint=recommended, useposix=true, d_sigaction=define
useithreads=define, usemultiplicity=define
use64bitint=define, use64bitall=define, uselongdouble=define
usemymalloc=n, bincompat5005=undef
Compiler:
cc='cc', ccflags ='-D_REENTRANT -D_GNU_SOURCE -fwrapv -fno-strict-aliasing -pipe -fstack-protector-strong -I/usr/local/include -D_LARGEFILE_SOURCE -D_FILE_OFFSET_BITS=64 -D_FORTIFY_SOURCE=2',
optimize='-O2 -g',
cppflags='-D_REENTRANT -D_GNU_SOURCE -fwrapv -fno-strict-aliasing -pipe -fstack-protector-strong -I/usr/local/include'
ccversion='', gccversion='12.2.0', gccosandvers=''
intsize=4, longsize=8, ptrsize=8, doublesize=8, byteorder=12345678, doublekind=3
d_longlong=define, longlongsize=8, d_longdbl=define, longdblsize=16, longdblkind=3
ivtype='long', ivsize=8, nvtype='long double', nvsize=16, Off_t='off_t', lseeksize=8
alignbytes=16, prototype=define
Linker and Libraries:
ld='cc', ldflags =' -fstack-protector-strong -L/usr/local/lib'
libpth=/usr/local/lib /usr/include/x86_64-linux-gnu /usr/lib /lib/x86_64-linux-gnu /lib/../lib /usr/lib/x86_64-linux-gnu /usr/lib/../lib /lib /lib64 /usr/lib64
libs=-lpthread -lnsl -ldl -lm -lcrypt -lutil -lc
perllibs=-lpthread -lnsl -ldl -lm -lcrypt -lutil -lc
libc=/lib/x86_64-linux-gnu/libc.so.6, so=so, useshrplib=false, libperl=libperl.a
gnulibc_version='2.36'
Dynamic Linking:
dlsrc=dl_dlopen.xs, dlext=so, d_dlsymun=undef, ccdlflags='-Wl,-E'
cccdlflags='-fPIC', lddlflags='-shared -O2 -g -L/usr/local/lib -fstack-protector-strong'
Characteristics of this binary (from libperl):
Compile-time options: HAS_TIMES MULTIPLICITY PERLIO_LAYERS
PERL_DONT_CREATE_GVSV
PERL_HASH_FUNC_ONE_AT_A_TIME_HARD
PERL_IMPLICIT_CONTEXT PERL_MALLOC_WRAP
PERL_NEW_COPY_ON_WRITE PERL_PRESERVE_IVUV
PERL_USE_DEVEL USE_64_BIT_ALL USE_64_BIT_INT
USE_ITHREADS USE_LARGE_FILES USE_LOCALE
USE_LOCALE_COLLATE USE_LOCALE_CTYPE
USE_LOCALE_NUMERIC USE_LOCALE_TIME USE_LONG_DOUBLE
USE_PERLIO USE_PERL_ATOF USE_REENTRANT_API
Locally applied patches:
uncommitted-changes
Built under linux
Compiled at Jan 22 2023 08:42:56
%ENV:
PERL5LIB=""
PERL5OPT=""
PERL5_CPANPLUS_IS_RUNNING="2023558"
PERL5_CPAN_IS_RUNNING="2023558"
PERL_CANARY_STABILITY_NOPROMPT="1"
PERL_MM_USE_DEFAULT="1"
PERL_USE_UNSAFE_INC="1"
@INC:
/home/sand/src/perl/repoperls/installed-perls/host/k93msid/v5.22.4/8854/lib/site_perl/5.22.4/x86_64-linux-thread-multi-ld
/home/sand/src/perl/repoperls/installed-perls/host/k93msid/v5.22.4/8854/lib/site_perl/5.22.4
/home/sand/src/perl/repoperls/installed-perls/host/k93msid/v5.22.4/8854/lib/5.22.4/x86_64-linux-thread-multi-ld
/home/sand/src/perl/repoperls/installed-perls/host/k93msid/v5.22.4/8854/lib/5.22.4
.