Back
From: metabase:user:314402c4-2aae-11df-837a-5e0a49663a4f
Subject: FAIL WebService-Booklog-v0.0.1 v5.20.1 GNU/Linux
Date: 2015-11-03T22:37:06Z
This distribution has been tested as part of the CPAN Testers
project, supporting the Perl programming language. See
http://wiki.cpantesters.org/ for more information or email
questions to cpan-testers-discuss@perl.org
--
Dear Yasutaka ATARASHI,
This is a computer-generated report for WebService-Booklog-v0.0.1
on perl 5.20.1, created by CPAN-Reporter-1.2015.
Thank you for uploading your work to CPAN. However, there was a problem
testing your distribution.
If you think this report is invalid, please consult the CPAN Testers Wiki
for suggestions on how to avoid getting FAIL reports for missing library
or binary dependencies, unsupported operating systems, and so on:
http://wiki.cpantesters.org/wiki/CPANAuthorNotes
Sections of this report:
* Tester comments
* Program output
* Prerequisites
* Environment and other context
------------------------------
TESTER COMMENTS
------------------------------
Additional comments from tester:
none provided
------------------------------
PROGRAM OUTPUT
------------------------------
Output from '/usr/bin/make test':
PERL_DL_NONLAZY=1 "/opt/perl-5.20.1/bin/perl" "-MExtUtils::Command::MM" "-MTest::Harness" "-e" "undef *Test::Harness::Switches; test_harness(0, 'blib/lib', 'blib/arch')" t/*.t
t/01-get_minishelf.t ...... ok
t/02-get_review.t ......... ok
# Failed test 'get_shelf'
# at t/03-get_shelf.t line 10.
# died: malformed JSON string, neither tag, array, object, number, string or atom, at character offset 0 (before "<!DOCTYPE html>\n<ht...") at /opt/perl-5.20.1/lib/site_perl/5.20.1/JSON/Any.pm line 594.
# Failed test 'user->account'
# at t/03-get_shelf.t line 11.
# got: undef
# expected: 'yak1ex'
# Failed test 'no category'
# at t/03-get_shelf.t line 12.
# got: undef
# expected: '0'
# Failed test 'books'
# at t/03-get_shelf.t line 13.
# got: '0'
# expected: '25'
# Failed test 'get_shelf with rank'
# at t/03-get_shelf.t line 16.
# died: malformed JSON string, neither tag, array, object, number, string or atom, at character offset 0 (before "<!DOCTYPE html>\n<ht...") at /opt/perl-5.20.1/lib/site_perl/5.20.1/JSON/Any.pm line 594.
# Failed test 'user->account'
# at t/03-get_shelf.t line 17.
# got: undef
# expected: 'yak1ex'
# Failed test 'no category'
# at t/03-get_shelf.t line 18.
# got: undef
# expected: '0'
# Failed test 'books'
# at t/03-get_shelf.t line 19.
# '0'
# >
# '0'
# Failed test 'get_shelf with category'
# at t/03-get_shelf.t line 22.
# died: malformed JSON string, neither tag, array, object, number, string or atom, at character offset 0 (before "<!DOCTYPE html>\n<ht...") at /opt/perl-5.20.1/lib/site_perl/5.20.1/JSON/Any.pm line 594.
# Failed test 'user->account'
# at t/03-get_shelf.t line 23.
# got: undef
# expected: 'yak1ex'
# Failed test 'category id'
# at t/03-get_shelf.t line 24.
# got: undef
# expected: '2275669'
# Failed test 'books'
# at t/03-get_shelf.t line 25.
# '0'
# >
# '0'
# Failed test 'get_shelf'
# at t/03-get_shelf.t line 28.
# died: malformed JSON string, neither tag, array, object, number, string or atom, at character offset 0 (before "<!DOCTYPE html>\n<ht...") at /opt/perl-5.20.1/lib/site_perl/5.20.1/JSON/Any.pm line 594.
# Failed test 'user->account'
# at t/03-get_shelf.t line 29.
# got: undef
# expected: 'yak1ex'
# Failed test 'no category'
# at t/03-get_shelf.t line 30.
# got: undef
# expected: '0'
# Failed test 'sort'
# at t/03-get_shelf.t line 31.
# got: undef
# expected: 'release_desc'
# Failed test 'books'
# at t/03-get_shelf.t line 32.
# got: '0'
# expected: '25'
# Failed test 'release date'
# at t/03-get_shelf.t line 34.
# got: '0'
# expected: '25'
# Looks like you failed 18 tests of 24.
t/03-get_shelf.t ..........
Dubious, test returned 18 (wstat 4608, 0x1200)
Failed 18/24 subtests
t/author-critic.t ......... skipped: these tests are for testing by the author
t/release-kwalitee.t ...... skipped: these tests are for release candidate testing
t/release-pod-coverage.t .. skipped: these tests are for release candidate testing
t/release-pod-syntax.t .... skipped: these tests are for release candidate testing
Test Summary Report
-------------------
t/03-get_shelf.t (Wstat: 4608 Tests: 24 Failed: 18)
Failed tests: 3-10, 12-15, 17-22
Non-zero exit status: 18
Files=7, Tests=45, 15 wallclock secs ( 0.12 usr 0.03 sys + 1.40 cusr 0.13 csys = 1.68 CPU)
Result: FAIL
Failed 1/7 test programs. 18/45 subtests failed.
Makefile:844: recipe for target 'test_dynamic' failed
make: *** [test_dynamic] Error 255
------------------------------
PREREQUISITES
------------------------------
Prerequisite modules loaded:
requires:
Module Need Have
------------------- ---- --------
JSON::Any 0 1.39
LWP::UserAgent 0 6.13
build_requires:
Module Need Have
------------------- ---- --------
Test::Exception 0 0.40
Test::More 0 1.001014
configure_requires:
Module Need Have
------------------- ---- --------
ExtUtils::MakeMaker 6.30 7.10
------------------------------
ENVIRONMENT AND OTHER CONTEXT
------------------------------
Environment variables:
LANG = en_US.UTF-8
LANGUAGE = en_US:en
PATH = /usr/local/bin:/usr/bin:/bin:/usr/local/sbin:/usr/sbin:/sbin:/home/cpansand/bin/linux-gnu:/home/cpansand/bin/sh:/home/cpansand/bin:/usr/games:/home/cpansand/devel:/home/eserte/src/srezic-misc/scripts
PERL5LIB =
PERL5OPT =
PERL5_CPANPLUS_IS_RUNNING = 18785
PERL5_CPAN_IS_RUNNING = 18785
PERL5_CPAN_IS_RUNNING_IN_RECURSION = 17682,18785
PERLDOC = -MPod::Perldoc::ToTextOverstrike
PERL_BATCH = yes
PERL_CANARY_STABILITY_NOPROMPT = 1
PERL_CPAN_REPORTER_CONFIG = /run/user/1023/cpansmoker/2015110321/cpanreporter_001_config.ini
PERL_EXTUTILS_AUTOINSTALL = --defaultdeps
SHELL = /bin/zsh
TERM = screen
TMPDIR = /run/user/1023/cpansmoker/2015110321
Perl special variables (and OS-specific diagnostics, for MSWin32):
$^X = /opt/perl-5.20.1/bin/perl
$UID/$EUID = 1023 / 1023
$GID = 1023 1023
$EGID = 1023 1023
Perl module toolchain versions installed:
Module Have
------------------- --------
CPAN 2.10
CPAN::Meta 2.150005
Cwd 3.48
ExtUtils::CBuilder 0.280223
ExtUtils::Command 7.10
ExtUtils::Install 1.67
ExtUtils::MakeMaker 7.10
ExtUtils::Manifest 1.70
ExtUtils::ParseXS 3.30
File::Spec 3.48
JSON 2.90
JSON::PP 2.27203
Module::Build 0.4214
Module::Signature 0.79
Parse::CPAN::Meta 1.4417
Test::Harness 3.35
Test::More 1.001014
YAML 1.15
YAML::Syck 1.29
version 0.9912
--
Summary of my perl5 (revision 5 version 20 subversion 1) configuration:
Platform:
osname=linux, osvers=3.12-1-amd64, archname=x86_64-linux
uname='linux cvrsnica-jessie 3.12-1-amd64 #1 smp debian 3.12.9-1 (2014-02-01) x86_64 gnulinux '
config_args='-ds -e -Dprefix=/opt/perl-5.20.1'
hint=recommended, useposix=true, d_sigaction=define
useithreads=undef, usemultiplicity=undef
use64bitint=define, use64bitall=define, uselongdouble=undef
usemymalloc=n, bincompat5005=undef
Compiler:
cc='cc', ccflags ='-fwrapv -fno-strict-aliasing -pipe -fstack-protector -I/usr/local/include -D_LARGEFILE_SOURCE -D_FILE_OFFSET_BITS=64',
optimize='-O2',
cppflags='-fwrapv -fno-strict-aliasing -pipe -fstack-protector -I/usr/local/include'
ccversion='', gccversion='4.9.1', gccosandvers=''
intsize=4, longsize=8, ptrsize=8, doublesize=8, byteorder=12345678
d_longlong=define, longlongsize=8, d_longdbl=define, longdblsize=16
ivtype='long', ivsize=8, nvtype='double', nvsize=8, Off_t='off_t', lseeksize=8
alignbytes=8, prototype=define
Linker and Libraries:
ld='cc', ldflags =' -fstack-protector -L/usr/local/lib'
libpth=/usr/local/lib /usr/lib/gcc/x86_64-linux-gnu/4.9/include-fixed /usr/include/x86_64-linux-gnu /usr/lib /lib/x86_64-linux-gnu /lib/../lib /usr/lib/x86_64-linux-gnu /usr/lib/../lib /lib
libs=-lnsl -lgdbm -ldb -ldl -lm -lcrypt -lutil -lc -lgdbm_compat
perllibs=-lnsl -ldl -lm -lcrypt -lutil -lc
libc=libc-2.19.so, so=so, useshrplib=false, libperl=libperl.a
gnulibc_version='2.19'
Dynamic Linking:
dlsrc=dl_dlopen.xs, dlext=so, d_dlsymun=undef, ccdlflags='-Wl,-E'
cccdlflags='-fPIC', lddlflags='-shared -O2 -L/usr/local/lib -fstack-protector'
Characteristics of this binary (from libperl):
Compile-time options: HAS_TIMES PERLIO_LAYERS PERL_DONT_CREATE_GVSV
PERL_HASH_FUNC_ONE_AT_A_TIME_HARD PERL_MALLOC_WRAP
PERL_NEW_COPY_ON_WRITE PERL_PRESERVE_IVUV
USE_64_BIT_ALL USE_64_BIT_INT USE_LARGE_FILES
USE_LOCALE USE_LOCALE_COLLATE USE_LOCALE_CTYPE
USE_LOCALE_NUMERIC USE_PERLIO USE_PERL_ATOF
Built under linux
Compiled at Dec 7 2014 11:35:08
%ENV:
PERL5LIB=""
PERL5OPT=""
PERL5_CPANPLUS_IS_RUNNING="18785"
PERL5_CPAN_IS_RUNNING="18785"
PERL5_CPAN_IS_RUNNING_IN_RECURSION="17682,18785"
PERLDOC="-MPod::Perldoc::ToTextOverstrike"
PERL_BATCH="yes"
PERL_CANARY_STABILITY_NOPROMPT="1"
PERL_CPAN_REPORTER_CONFIG="/run/user/1023/cpansmoker/2015110321/cpanreporter_001_config.ini"
PERL_EXTUTILS_AUTOINSTALL="--defaultdeps"
@INC:
/opt/perl-5.20.1/lib/site_perl/5.20.1/x86_64-linux
/opt/perl-5.20.1/lib/site_perl/5.20.1
/opt/perl-5.20.1/lib/5.20.1/x86_64-linux
/opt/perl-5.20.1/lib/5.20.1
.