Back
From: metabase:user:314402c4-2aae-11df-837a-5e0a49663a4f
Subject: FAIL Apache-Status-DBI-1.012 v5.24.1 RC4 GNU/Linux
Date: 2016-11-01T20:26:05Z
This distribution has been tested as part of the CPAN Testers
project, supporting the Perl programming language. See
http://wiki.cpantesters.org/ for more information or email
questions to cpan-testers-discuss@perl.org
--
Dear Tim Bunce,
This is a computer-generated report for Apache-Status-DBI-1.012
on perl 5.24.1, created by CPAN-Reporter-1.2018.
Thank you for uploading your work to CPAN. However, there was a problem
testing your distribution.
If you think this report is invalid, please consult the CPAN Testers Wiki
for suggestions on how to avoid getting FAIL reports for missing library
or binary dependencies, unsupported operating systems, and so on:
http://wiki.cpantesters.org/wiki/CPANAuthorNotes
Sections of this report:
* Tester comments
* Program output
* Prerequisites
* Environment and other context
------------------------------
TESTER COMMENTS
------------------------------
Additional comments from tester:
none provided
------------------------------
PROGRAM OUTPUT
------------------------------
Output from '/usr/bin/make test':
PERL_DL_NONLAZY=1 "/bbbike/perl-5.24.1-RC4/bin/perl" "-MExtUtils::Command::MM" "-MTest::Harness" "-e" "undef *Test::Harness::Switches; test_harness(0, 'blib/lib', 'blib/arch')" t/*.t
# Failed test 'use Apache::Status::DBI;'
# at t/00.load.t line 4.
# Tried to use 'Apache::Status::DBI'.
# Error: Can't locate Apache.pm in @INC (you may need to install the Apache module) (@INC contains: /tmpfs/.cpan-build-cpansand/2016110118/Apache-Status-DBI-1.012-0/blib/lib /tmpfs/.cpan-build-cpansand/2016110118/Apache-Status-DBI-1.012-0/blib/arch /opt/perl-5.24.1-RC4/lib/site_perl/5.24.1/x86_64-linux /opt/perl-5.24.1-RC4/lib/site_perl/5.24.1 /opt/perl-5.24.1-RC4/lib/5.24.1/x86_64-linux /opt/perl-5.24.1-RC4/lib/5.24.1 .) at /tmpfs/.cpan-build-cpansand/2016110118/Apache-Status-DBI-1.012-0/blib/lib/Apache/Status/DBI.pm line 30.
# BEGIN failed--compilation aborted at /tmpfs/.cpan-build-cpansand/2016110118/Apache-Status-DBI-1.012-0/blib/lib/Apache/Status/DBI.pm line 34.
# Compilation failed in require at t/00.load.t line 4.
# BEGIN failed--compilation aborted at t/00.load.t line 4.
# Testing Apache::Status::DBI
# Looks like you failed 1 test of 1.
t/00.load.t .......
Dubious, test returned 1 (wstat 256, 0x100)
Failed 1/1 subtests
# Failed test 'Test::Perl::Critic for "blib/lib/Apache/Status/DBI.pm"'
# at /opt/perl-5.24.1-RC4/lib/site_perl/5.24.1/Test/Perl/Critic.pm line 104.
#
# Use of "require" is not allowed at line 15, column 18. Use Require() method of MainObject instead. (Severity: 5)
# Use of "require" is not allowed at line 19, column 9. Use Require() method of MainObject instead. (Severity: 5)
# Use of "require" is not allowed at line 20, column 9. Use Require() method of MainObject instead. (Severity: 5)
# Variable, subroutine, and package names have to be in CamelCase at line 21, column 9. (no explanation). (Severity: 5)
# Use of "require" is not allowed at line 30, column 9. Use Require() method of MainObject instead. (Severity: 5)
# Use of "require" is not allowed at line 31, column 9. Use Require() method of MainObject instead. (Severity: 5)
# Variable, subroutine, and package names have to be in CamelCase at line 36, column 4. (no explanation). (Severity: 5)
# Variable, subroutine, and package names have to be in CamelCase at line 39, column 4. (no explanation). (Severity: 5)
# Variable, subroutine, and package names have to be in CamelCase at line 41, column 5. (no explanation). (Severity: 5)
# Use of low precedence operators is not allowed at line 44, column 8. Replace low precedence operators with the high precedence substitutes. (Severity: 5)
# Use of low precedence operators is not allowed at line 45, column 8. Replace low precedence operators with the high precedence substitutes. (Severity: 5)
# Variable, subroutine, and package names have to be in CamelCase at line 46, column 8. (no explanation). (Severity: 5)
# Variable, subroutine, and package names have to be in CamelCase at line 48, column 5. (no explanation). (Severity: 5)
# Variable, subroutine, and package names have to be in CamelCase at line 49, column 17. (no explanation). (Severity: 5)
# Variable, subroutine, and package names have to be in CamelCase at line 49, column 23. (no explanation). (Severity: 5)
# Variable, subroutine, and package names have to be in CamelCase at line 49, column 42. (no explanation). (Severity: 5)
# Variable, subroutine, and package names have to be in CamelCase at line 50, column 9. (no explanation). (Severity: 5)
# Variable, subroutine, and package names have to be in CamelCase at line 50, column 41. (no explanation). (Severity: 5)
# Variable, subroutine, and package names have to be in CamelCase at line 50, column 50. (no explanation). (Severity: 5)
# Variable, subroutine, and package names have to be in CamelCase at line 67, column 1. (no explanation). (Severity: 5)
# Variable, subroutine, and package names have to be in CamelCase at line 73, column 8. (no explanation). (Severity: 5)
# Variable, subroutine, and package names have to be in CamelCase at line 74, column 62. (no explanation). (Severity: 5)
# Variable, subroutine, and package names have to be in CamelCase at line 74, column 88. (no explanation). (Severity: 5)
# Variable, subroutine, and package names have to be in CamelCase at line 76, column 17. (no explanation). (Severity: 5)
# Variable, subroutine, and package names have to be in CamelCase at line 76, column 37. (no explanation). (Severity: 5)
# Variable, subroutine, and package names have to be in CamelCase at line 78, column 12. (no explanation). (Severity: 5)
# Private Member Data shouldn't be accessed directly at line 78, column 43. Accessing an objects data directly breaks encapsulation and should be avoided. Example: $object->{ some_key }. (Severity: 5)
# Variable, subroutine, and package names have to be in CamelCase at line 81, column 20. (no explanation). (Severity: 5)
# Private Member Data shouldn't be accessed directly at line 81, column 45. Accessing an objects data directly breaks encapsulation and should be avoided. Example: $object->{ some_key }. (Severity: 5)
# Private Member Data shouldn't be accessed directly at line 81, column 68. Accessing an objects data directly breaks encapsulation and should be avoided. Example: $object->{ some_key }. (Severity: 5)
# Variable, subroutine, and package names have to be in CamelCase at line 83, column 9. (no explanation). (Severity: 5)
# Private Member Data shouldn't be accessed directly at line 83, column 29. Accessing an objects data directly breaks encapsulation and should be avoided. Example: $object->{ some_key }. (Severity: 5)
# Private Member Data shouldn't be accessed directly at line 83, column 52. Accessing an objects data directly breaks encapsulation and should be avoided. Example: $object->{ some_key }. (Severity: 5)
# Variable, subroutine, and package names have to be in CamelCase at line 83, column 72. (no explanation). (Severity: 5)
# Variable, subroutine, and package names have to be in CamelCase at line 84, column 55. (no explanation). (Severity: 5)
# Variable, subroutine, and package names have to be in CamelCase at line 95, column 1. (no explanation). (Severity: 5)
# Variable, subroutine, and package names have to be in CamelCase at line 96, column 13. (no explanation). (Severity: 5)
# Variable, subroutine, and package names have to be in CamelCase at line 97, column 8. (no explanation). (Severity: 5)
# Variable, subroutine, and package names have to be in CamelCase at line 97, column 24. (no explanation). (Severity: 5)
# Variable, subroutine, and package names have to be in CamelCase at line 98, column 8. (no explanation). (Severity: 5)
# Private Member Data shouldn't be accessed directly at line 98, column 16. Accessing an objects data directly breaks encapsulation and should be avoided. Example: $object->{ some_key }. (Severity: 5)
# Variable, subroutine, and package names have to be in CamelCase at line 99, column 8. (no explanation). (Severity: 5)
# Private Member Data shouldn't be accessed directly at line 99, column 39. Accessing an objects data directly breaks encapsulation and should be avoided. Example: $object->{ some_key }. (Severity: 5)
# Variable, subroutine, and package names have to be in CamelCase at line 100, column 8. (no explanation). (Severity: 5)
# Variable, subroutine, and package names have to be in CamelCase at line 104, column 8. (no explanation). (Severity: 5)
# Variable, subroutine, and package names have to be in CamelCase at line 107, column 8. (no explanation). (Severity: 5)
# Variable, subroutine, and package names have to be in CamelCase at line 110, column 9. (no explanation). (Severity: 5)
# Private Member Data shouldn't be accessed directly at line 111, column 85. Accessing an objects data directly breaks encapsulation and should be avoided. Example: $object->{ some_key }. (Severity: 5)
# Variable, subroutine, and package names have to be in CamelCase at line 112, column 9. (no explanation). (Severity: 5)
# Private Member Data shouldn't be accessed directly at line 112, column 29. Accessing an objects data directly breaks encapsulation and should be avoided. Example: $object->{ some_key }. (Severity: 5)
# Private Member Data shouldn't be accessed directly at line 112, column 57. Accessing an objects data directly breaks encapsulation and should be avoided. Example: $object->{ some_key }. (Severity: 5)
# Variable, subroutine, and package names have to be in CamelCase at line 112, column 82. (no explanation). (Severity: 5)
# Variable, subroutine, and package names have to be in CamelCase at line 113, column 14. (no explanation). (Severity: 5)
# Variable, subroutine, and package names have to be in CamelCase at line 114, column 14. (no explanation). (Severity: 5)
# Variable, subroutine, and package names have to be in CamelCase at line 118, column 14. (no explanation). (Severity: 5)
# Variable, subroutine, and package names have to be in CamelCase at line 121, column 44. (no explanation). (Severity: 5)
# Private Member Data shouldn't be accessed directly at line 122, column 27. Accessing an objects data directly breaks encapsulation and should be avoided. Example: $object->{ some_key }. (Severity: 5)
# Variable, subroutine, and package names have to be in CamelCase at line 122, column 38. (no explanation). (Severity: 5)
# Variable, subroutine, and package names have to be in CamelCase at line 123, column 44. (no explanation). (Severity: 5)
# Private Member Data shouldn't be accessed directly at line 124, column 42. Accessing an objects data directly breaks encapsulation and should be avoided. Example: $object->{ some_key }. (Severity: 5)
# Variable, subroutine, and package names have to be in CamelCase at line 124, column 54. (no explanation). (Severity: 5)
# Variable, subroutine, and package names have to be in CamelCase at line 125, column 12. (no explanation). (Severity: 5)
# Private Member Data shouldn't be accessed directly at line 125, column 31. Accessing an objects data directly breaks encapsulation and should be avoided. Example: $object->{ some_key }. (Severity: 5)
# Variable, subroutine, and package names have to be in CamelCase at line 126, column 9. (no explanation). (Severity: 5)
# Variable, subroutine, and package names have to be in CamelCase at line 127, column 54. (no explanation). (Severity: 5)
# Variable, subroutine, and package names have to be in CamelCase at line 127, column 60. (no explanation). (Severity: 5)
# Variable, subroutine, and package names have to be in CamelCase at line 128, column 27. (no explanation). (Severity: 5)
# Private Member Data shouldn't be accessed directly at line 128, column 44. Accessing an objects data directly breaks encapsulation and should be avoided. Example: $object->{ some_key }. (Severity: 5)
# Variable, subroutine, and package names have to be in CamelCase at line 129, column 49. (no explanation). (Severity: 5)
# Private Member Data shouldn't be accessed directly at line 130, column 50. Accessing an objects data directly breaks encapsulation and should be avoided. Example: $object->{ some_key }. (Severity: 5)
# Variable, subroutine, and package names have to be in CamelCase at line 133, column 44. (no explanation). (Severity: 5)
# Private Member Data shouldn't be accessed directly at line 134, column 42. Accessing an objects data directly breaks encapsulation and should be avoided. Example: $object->{ some_key }. (Severity: 5)
# Variable, subroutine, and package names have to be in CamelCase at line 134, column 54. (no explanation). (Severity: 5)
# Variable, subroutine, and package names have to be in CamelCase at line 135, column 12. (no explanation). (Severity: 5)
# Variable, subroutine, and package names have to be in CamelCase at line 136, column 38. (no explanation). (Severity: 5)
# Method invocation should use "()" at line 136, column 46. Use "->MethodName()" instead of "->MethodName". (Severity: 5)
# Variable, subroutine, and package names have to be in CamelCase at line 137, column 12. (no explanation). (Severity: 5)
# Method invocation should use "()" at line 137, column 31. Use "->MethodName()" instead of "->MethodName". (Severity: 5)
# Variable, subroutine, and package names have to be in CamelCase at line 138, column 21. (no explanation). (Severity: 5)
# Method invocation should use "()" at line 138, column 30. Use "->MethodName()" instead of "->MethodName". (Severity: 5)
# Variable, subroutine, and package names have to be in CamelCase at line 139, column 42. (no explanation). (Severity: 5)
# Variable, subroutine, and package names have to be in CamelCase at line 140, column 14. (no explanation). (Severity: 5)
# Variable, subroutine, and package names have to be in CamelCase at line 140, column 38. (no explanation). (Severity: 5)
# Variable, subroutine, and package names have to be in CamelCase at line 141, column 13. (no explanation). (Severity: 5)
# Method invocation should use "()" at line 141, column 33. Use "->MethodName()" instead of "->MethodName". (Severity: 5)
# Variable, subroutine, and package names have to be in CamelCase at line 144, column 16. (no explanation). (Severity: 5)
# Private Member Data shouldn't be accessed directly at line 144, column 41. Accessing an objects data directly breaks encapsulation and should be avoided. Example: $object->{ some_key }. (Severity: 5)
# Private Member Data shouldn't be accessed directly at line 144, column 64. Accessing an objects data directly breaks encapsulation and should be avoided. Example: $object->{ some_key }. (Severity: 5)
# Variable, subroutine, and package names have to be in CamelCase at line 145, column 12. (no explanation). (Severity: 5)
# Variable, subroutine, and package names have to be in CamelCase at line 148, column 50. (no explanation). (Severity: 5)
# Variable, subroutine, and package names have to be in CamelCase at line 148, column 64. (no explanation). (Severity: 5)
t/perlcritic.t ....
Dubious, test returned 1 (wstat 256, 0x100)
Failed 1/1 subtests
# Failed test 'Pod coverage on Apache::Status::DBI'
# at /opt/perl-5.24.1-RC4/lib/site_perl/5.24.1/Test/Pod/Coverage.pm line 133.
# Apache::Status::DBI: requiring 'Apache::Status::DBI' failed
# Looks like you failed 1 test of 1.
t/pod-coverage.t ..
Dubious, test returned 1 (wstat 256, 0x100)
Failed 1/1 subtests
t/pod.t ........... ok
Test Summary Report
-------------------
t/00.load.t (Wstat: 256 Tests: 1 Failed: 1)
Failed test: 1
Non-zero exit status: 1
t/perlcritic.t (Wstat: 256 Tests: 1 Failed: 1)
Failed test: 1
Non-zero exit status: 1
t/pod-coverage.t (Wstat: 256 Tests: 1 Failed: 1)
Failed test: 1
Non-zero exit status: 1
Files=4, Tests=4, 2 wallclock secs ( 0.02 usr 0.01 sys + 0.90 cusr 0.24 csys = 1.17 CPU)
Result: FAIL
Failed 3/4 test programs. 3/4 subtests failed.
Makefile:845: recipe for target 'test_dynamic' failed
make: *** [test_dynamic] Error 255
------------------------------
PREREQUISITES
------------------------------
Prerequisite modules loaded:
requires:
Module Need Have
------------------- ---- --------
DBI 1.49 1.636
Test::More 0 1.302062
build_requires:
Module Need Have
------------------- ---- --------
ExtUtils::MakeMaker 0 7.24
------------------------------
ENVIRONMENT AND OTHER CONTEXT
------------------------------
Environment variables:
LANG = C
LC_ALL = de_DE.UTF-8
PATH = /usr/local/bin:/usr/bin:/bin:/usr/local/sbin:/usr/sbin:/sbin:/home/cpansand/bin/linux-gnu:/home/cpansand/bin/sh:/home/cpansand/bin:/usr/games:/home/cpansand/devel:/home/eserte/src/srezic-misc/scripts
PERL5LIB =
PERL5OPT =
PERL5_CPANPLUS_IS_RUNNING = 14189
PERL5_CPAN_IS_RUNNING = 14189
PERL5_CPAN_IS_RUNNING_IN_RECURSION = 27808,14189
PERLDOC = -MPod::Perldoc::ToTextOverstrike
PERL_BATCH = yes
PERL_CANARY_STABILITY_NOPROMPT = 1
PERL_CPAN_REPORTER_CONFIG = /run/user/1023/cpansmoker/2016110115/cpanreporter_000_config.ini
PERL_EXTUTILS_AUTOINSTALL = --defaultdeps
PERL_PARALLEL_SMOKER = yes
PERL_USE_UNSAFE_INC = 1
SHELL = /bin/zsh
TERM = screen
TMPDIR = /run/user/1023/cpansmoker/2016110115
Perl special variables (and OS-specific diagnostics, for MSWin32):
$^X = /bbbike/perl-5.24.1-RC4/bin/perl
$UID/$EUID = 1023 / 1023
$GID = 1023 1023
$EGID = 1023 1023
Perl module toolchain versions installed:
Module Have
------------------- --------
CPAN 2.14
CPAN::Meta 2.150010
Cwd 3.62
ExtUtils::CBuilder 0.280224
ExtUtils::Command 7.24
ExtUtils::Install 2.04
ExtUtils::MakeMaker 7.24
ExtUtils::Manifest 1.70
ExtUtils::ParseXS 3.30
File::Spec 3.62
JSON 2.90
JSON::PP 2.27400
Module::Build 0.4220
Module::Signature 0.81
Parse::CPAN::Meta 2.150010
Test::Harness 3.36
Test::More 1.302062
YAML 1.18
YAML::Syck 1.29
version 0.9917
--
Summary of my perl5 (revision 5 version 24 subversion 1) configuration:
Platform:
osname=linux, osvers=3.16.0-4-amd64, archname=x86_64-linux
uname='linux eserte 3.16.0-4-amd64 #1 smp debian 3.16.36-1+deb8u1 (2016-09-03) x86_64 gnulinux '
config_args='-ds -e -Dprefix=/opt/perl-5.24.1-RC4 -Dcf_email=srezic@cpan.org'
hint=recommended, useposix=true, d_sigaction=define
useithreads=undef, usemultiplicity=undef
use64bitint=define, use64bitall=define, uselongdouble=undef
usemymalloc=n, bincompat5005=undef
Compiler:
cc='cc', ccflags ='-fwrapv -fno-strict-aliasing -pipe -fstack-protector-strong -I/usr/local/include -D_LARGEFILE_SOURCE -D_FILE_OFFSET_BITS=64 -D_FORTIFY_SOURCE=2',
optimize='-O2',
cppflags='-fwrapv -fno-strict-aliasing -pipe -fstack-protector-strong -I/usr/local/include'
ccversion='', gccversion='4.9.2', gccosandvers=''
intsize=4, longsize=8, ptrsize=8, doublesize=8, byteorder=12345678, doublekind=3
d_longlong=define, longlongsize=8, d_longdbl=define, longdblsize=16, longdblkind=3
ivtype='long', ivsize=8, nvtype='double', nvsize=8, Off_t='off_t', lseeksize=8
alignbytes=8, prototype=define
Linker and Libraries:
ld='cc', ldflags =' -fstack-protector-strong -L/usr/local/lib'
libpth=/usr/local/lib /usr/lib/gcc/x86_64-linux-gnu/4.9/include-fixed /usr/include/x86_64-linux-gnu /usr/lib /lib/x86_64-linux-gnu /lib/../lib /usr/lib/x86_64-linux-gnu /usr/lib/../lib /lib
libs=-lpthread -lnsl -lgdbm -ldb -ldl -lm -lcrypt -lutil -lc -lgdbm_compat
perllibs=-lpthread -lnsl -ldl -lm -lcrypt -lutil -lc
libc=libc-2.19.so, so=so, useshrplib=false, libperl=libperl.a
gnulibc_version='2.19'
Dynamic Linking:
dlsrc=dl_dlopen.xs, dlext=so, d_dlsymun=undef, ccdlflags='-Wl,-E'
cccdlflags='-fPIC', lddlflags='-shared -O2 -L/usr/local/lib -fstack-protector-strong'
Characteristics of this binary (from libperl):
Compile-time options: HAS_TIMES PERLIO_LAYERS PERL_COPY_ON_WRITE
PERL_DONT_CREATE_GVSV
PERL_HASH_FUNC_ONE_AT_A_TIME_HARD PERL_MALLOC_WRAP
PERL_PRESERVE_IVUV USE_64_BIT_ALL USE_64_BIT_INT
USE_LARGE_FILES USE_LOCALE USE_LOCALE_COLLATE
USE_LOCALE_CTYPE USE_LOCALE_NUMERIC USE_LOCALE_TIME
USE_PERLIO USE_PERL_ATOF
Locally applied patches:
RC4
Built under linux
Compiled at Oct 13 2016 07:07:53
%ENV:
PERL5LIB=""
PERL5OPT=""
PERL5_CPANPLUS_IS_RUNNING="14189"
PERL5_CPAN_IS_RUNNING="14189"
PERL5_CPAN_IS_RUNNING_IN_RECURSION="27808,14189"
PERLDOC="-MPod::Perldoc::ToTextOverstrike"
PERL_BATCH="yes"
PERL_CANARY_STABILITY_NOPROMPT="1"
PERL_CPAN_REPORTER_CONFIG="/run/user/1023/cpansmoker/2016110115/cpanreporter_000_config.ini"
PERL_EXTUTILS_AUTOINSTALL="--defaultdeps"
PERL_PARALLEL_SMOKER="yes"
PERL_USE_UNSAFE_INC="1"
@INC:
/opt/perl-5.24.1-RC4/lib/site_perl/5.24.1/x86_64-linux
/opt/perl-5.24.1-RC4/lib/site_perl/5.24.1
/opt/perl-5.24.1-RC4/lib/5.24.1/x86_64-linux
/opt/perl-5.24.1-RC4/lib/5.24.1
.