Report for Time-Format-1.12

Back
From: metabase:user:31d414ea-2aae-11df-837a-5e0a49663a4f
Subject: FAIL Time-Format-1.12 v5.22.0 GNU/Linux
Date: 2015-09-02T19:11:29Z

This distribution has been tested as part of the CPAN Testers
project, supporting the Perl programming language.  See
http://wiki.cpantesters.org/ for more information or email
questions to cpan-testers-discuss@perl.org


--
Dear Eric J. Roode,

This is a computer-generated report for Time-Format-1.12
on perl 5.22.0, created by CPAN-Reporter-1.2014.

Thank you for uploading your work to CPAN.  However, there was a problem
testing your distribution.

If you think this report is invalid, please consult the CPAN Testers Wiki
for suggestions on how to avoid getting FAIL reports for missing library
or binary dependencies, unsupported operating systems, and so on:

http://wiki.cpantesters.org/wiki/CPANAuthorNotes

Sections of this report:

    * Tester comments
    * Program output
    * Prerequisites
    * Environment and other context

------------------------------
TESTER COMMENTS
------------------------------

Additional comments from tester:

this report is from an automated smoke testing program
and was not reviewed by a human for accuracy

------------------------------
PROGRAM OUTPUT
------------------------------

Output from './Build test':

t/0-signature.t .. ok
t/1-load.t ....... ok
t/DateManip.t .... ok
t/DateTime.t ..... ok
t/die.t .......... ok
Can't locate package Date::Manip::Obj for @Date::Manip::TZ::ISA at /home/david/cpantesting/perl-5.22.0/lib/site_perl/5.22.0/Date/Manip/TZ.pm line 1502, <DATA> line 1.
Can't locate package Date::Manip::TZ_Base for @Date::Manip::TZ::ISA at /home/david/cpantesting/perl-5.22.0/lib/site_perl/5.22.0/Date/Manip/TZ.pm line 1502, <DATA> line 1.
Can't locate package Date::Manip::Obj for @Date::Manip::TZ::ISA at /home/david/cpantesting/perl-5.22.0/lib/site_perl/5.22.0/Date/Manip/TZ.pm line 1502, <DATA> line 1.
Can't locate package Date::Manip::TZ_Base for @Date::Manip::TZ::ISA at /home/david/cpantesting/perl-5.22.0/lib/site_perl/5.22.0/Date/Manip/TZ.pm line 1502, <DATA> line 1.
Can't locate object method "_now" via package "Date::Manip::TZ" at /home/david/cpantesting/perl-5.22.0/lib/site_perl/5.22.0/Date/Manip/TZ.pm line 1502, <DATA> line 1.
# Looks like you planned 26 tests but ran 23.
# Looks like your test exited with 255 just after 23.
t/doc.t .......... 
Dubious, test returned 255 (wstat 65280, 0xff00)
Failed 3/26 subtests 
t/epoch.t ........ ok
t/export1.t ...... ok
t/export2.t ...... ok
t/export3.t ...... ok
Can't locate package Date::Manip::Obj for @Date::Manip::TZ::ISA at /home/david/cpantesting/perl-5.22.0/lib/site_perl/5.22.0/Date/Manip/Date.pm line 2137, <DATA> line 1.
Can't locate package Date::Manip::TZ_Base for @Date::Manip::TZ::ISA at /home/david/cpantesting/perl-5.22.0/lib/site_perl/5.22.0/Date/Manip/Date.pm line 2137, <DATA> line 1.
Can't locate package Date::Manip::Obj for @Date::Manip::TZ::ISA at /home/david/cpantesting/perl-5.22.0/lib/site_perl/5.22.0/Date/Manip/Date.pm line 2137, <DATA> line 1.
Can't locate package Date::Manip::TZ_Base for @Date::Manip::TZ::ISA at /home/david/cpantesting/perl-5.22.0/lib/site_perl/5.22.0/Date/Manip/Date.pm line 2137, <DATA> line 1.
Can't locate object method "_fix_year" via package "Date::Manip::TZ" at /home/david/cpantesting/perl-5.22.0/lib/site_perl/5.22.0/Date/Manip/Date.pm line 2137, <DATA> line 1.
# Looks like you planned 18 tests but ran 12.
# Looks like your test exited with 255 just after 12.
t/funcs.t ........ 
Dubious, test returned 255 (wstat 65280, 0xff00)
Failed 6/18 subtests 
t/locale.t ....... ok
Can't locate package Date::Manip::Obj for @Date::Manip::TZ::ISA at /home/david/cpantesting/perl-5.22.0/lib/site_perl/5.22.0/Date/Manip/Date.pm line 2137.
Can't locate package Date::Manip::TZ_Base for @Date::Manip::TZ::ISA at /home/david/cpantesting/perl-5.22.0/lib/site_perl/5.22.0/Date/Manip/Date.pm line 2137.
Can't locate package Date::Manip::Obj for @Date::Manip::TZ::ISA at /home/david/cpantesting/perl-5.22.0/lib/site_perl/5.22.0/Date/Manip/Date.pm line 2137.
Can't locate package Date::Manip::TZ_Base for @Date::Manip::TZ::ISA at /home/david/cpantesting/perl-5.22.0/lib/site_perl/5.22.0/Date/Manip/Date.pm line 2137.
Can't locate object method "_fix_year" via package "Date::Manip::TZ" at /home/david/cpantesting/perl-5.22.0/lib/site_perl/5.22.0/Date/Manip/Date.pm line 2137.
# Looks like you planned 6 tests but ran 1.
# Looks like your test exited with 255 just after 1.
t/manip.t ........ 
Dubious, test returned 255 (wstat 65280, 0xff00)
Failed 5/6 subtests 
t/msec.t ......... ok
t/past.t ......... ok
t/quot.t ......... ok
t/strftime.t ..... ok
t/string.t ....... ok
t/time.t ......... ok
t/xs_DateTime.t .. ok
t/xs_doc.t ....... ok
t/xs_funcs.t ..... ok
t/xs_locale.t .... ok
t/xs_quot.t ...... ok
t/xs_time.t ...... ok

Test Summary Report
-------------------
t/doc.t        (Wstat: 65280 Tests: 23 Failed: 0)
  Non-zero exit status: 255
  Parse errors: Bad plan.  You planned 26 tests but ran 23.
t/funcs.t      (Wstat: 65280 Tests: 12 Failed: 0)
  Non-zero exit status: 255
  Parse errors: Bad plan.  You planned 18 tests but ran 12.
t/manip.t      (Wstat: 65280 Tests: 1 Failed: 0)
  Non-zero exit status: 255
  Parse errors: Bad plan.  You planned 6 tests but ran 1.
Files=25, Tests=459,  5 wallclock secs ( 0.06 usr  0.11 sys +  0.83 cusr  0.22 csys =  1.22 CPU)
Result: FAIL
Failed 3/25 test programs. 0/459 subtests failed.

------------------------------
PREREQUISITES
------------------------------

Prerequisite modules loaded:

requires:

    Module        Need Have    
    ------------- ---- --------
    Time::Local   1.07 1.2300  

build_requires:

    Module        Need Have    
    ------------- ---- --------
    Test::Simple  0.40 1.001014

configure_requires:

    Module        Need Have    
    ------------- ---- --------
    Module::Build 0.4  0.4214  


------------------------------
ENVIRONMENT AND OTHER CONTEXT
------------------------------

Environment variables:

    AUTOMATED_TESTING = 1
    NONINTERACTIVE_TESTING = 1
    PATH = /usr/local/bin:/usr/bin:/bin:/usr/games
    PERL = 5.22.0
    PERL5LIB = 
    PERL5OPT = 
    PERL5_CPANPLUS_IS_RUNNING = 27268
    PERL5_CPAN_IS_RUNNING = 27268
    PERLVER = 5.22.0
    PERL_INLINE_DIRECTORY = /home/david/.Inline-5.22.0
    PERL_MM_USE_DEFAULT = 1
    SHELL = /bin/bash
    TERM = screen

Perl special variables (and OS-specific diagnostics, for MSWin32):

    $^X = /home/david/cpantesting/perl-5.22.0/bin/perl
    $UID/$EUID = 1000 / 1000
    $GID = 1000 1000
    $EGID = 1000 1000

Perl module toolchain versions installed:

    Module              Have    
    ------------------- --------
    CPAN                2.11    
    CPAN::Meta          2.150001
    Cwd                 3.56    
    ExtUtils::CBuilder  0.280221
    ExtUtils::Command   1.20    
    ExtUtils::Install   2.04    
    ExtUtils::MakeMaker 7.04_01 
    ExtUtils::Manifest  1.70    
    ExtUtils::ParseXS   3.28    
    File::Spec          3.56    
    JSON                2.90    
    JSON::PP            2.27300 
    Module::Build       0.4214  
    Module::Signature   n/a     
    Parse::CPAN::Meta   1.4414  
    Test::Harness       3.35    
    Test::More          1.001014
    YAML                1.15    
    YAML::Syck          1.29    
    version             0.9909  


--

Summary of my perl5 (revision 5 version 22 subversion 0) configuration:
   
  Platform:
    osname=linux, osvers=3.16.0-4-amd64, archname=x86_64-linux-thread-multi
    uname='linux pigsty.barnyard.co.uk 3.16.0-4-amd64 #1 smp debian 3.16.7-ckt2-1 (2014-12-08) x86_64 gnulinux '
    config_args='-de -Dprefix=/home/david/cpantesting/perl-5.22.0 -Dusethreads -Duse64bitall'
    hint=recommended, useposix=true, d_sigaction=define
    useithreads=define, usemultiplicity=define
    use64bitint=define, use64bitall=define, uselongdouble=undef
    usemymalloc=n, bincompat5005=undef
  Compiler:
    cc='cc', ccflags ='-D_REENTRANT -D_GNU_SOURCE -fno-strict-aliasing -pipe -fstack-protector -I/usr/local/include -D_LARGEFILE_SOURCE -D_FILE_OFFSET_BITS=64 -D_FORTIFY_SOURCE=2',
    optimize='-O2',
    cppflags='-D_REENTRANT -D_GNU_SOURCE -fno-strict-aliasing -pipe -fstack-protector -I/usr/local/include'
    ccversion='', gccversion='4.1.2 20061115 (prerelease) (Debian 4.1.1-21)', gccosandvers=''
    intsize=4, longsize=8, ptrsize=8, doublesize=8, byteorder=12345678, doublekind=3
    d_longlong=define, longlongsize=8, d_longdbl=define, longdblsize=16, longdblkind=3
    ivtype='long', ivsize=8, nvtype='double', nvsize=8, Off_t='off_t', lseeksize=8
    alignbytes=8, prototype=define
  Linker and Libraries:
    ld='cc', ldflags =' -fstack-protector -L/usr/local/lib'
    libpth=/usr/local/lib /usr/lib /lib /lib64 /usr/lib64
    libs=-lpthread -lnsl -lgdbm -ldb -ldl -lm -lcrypt -lutil -lc -lgdbm_compat
    perllibs=-lpthread -lnsl -ldl -lm -lcrypt -lutil -lc
    libc=libc-2.3.6.so, so=so, useshrplib=false, libperl=libperl.a
    gnulibc_version='2.3.6'
  Dynamic Linking:
    dlsrc=dl_dlopen.xs, dlext=so, d_dlsymun=undef, ccdlflags='-Wl,-E'
    cccdlflags='-fPIC', lddlflags='-shared -O2 -L/usr/local/lib -fstack-protector'


Characteristics of this binary (from libperl): 
  Compile-time options: HAS_TIMES MULTIPLICITY PERLIO_LAYERS
                        PERL_DONT_CREATE_GVSV
                        PERL_HASH_FUNC_ONE_AT_A_TIME_HARD
                        PERL_IMPLICIT_CONTEXT PERL_MALLOC_WRAP
                        PERL_NEW_COPY_ON_WRITE PERL_PRESERVE_IVUV
                        USE_64_BIT_ALL USE_64_BIT_INT USE_ITHREADS
                        USE_LARGE_FILES USE_LOCALE USE_LOCALE_COLLATE
                        USE_LOCALE_CTYPE USE_LOCALE_NUMERIC USE_LOCALE_TIME
                        USE_PERLIO USE_PERL_ATOF USE_REENTRANT_API
  Built under linux
  Compiled at Jun  3 2015 12:16:28
  %ENV:
    PERL="5.22.0"
    PERL5LIB=""
    PERL5OPT=""
    PERL5_CPANPLUS_IS_RUNNING="27268"
    PERL5_CPAN_IS_RUNNING="27268"
    PERLVER="5.22.0"
    PERL_INLINE_DIRECTORY="/home/david/.Inline-5.22.0"
    PERL_MM_USE_DEFAULT="1"
  @INC:
    /home/david/cpantesting/perl-5.22.0/lib/site_perl/5.22.0/x86_64-linux-thread-multi
    /home/david/cpantesting/perl-5.22.0/lib/site_perl/5.22.0
    /home/david/cpantesting/perl-5.22.0/lib/5.22.0/x86_64-linux-thread-multi
    /home/david/cpantesting/perl-5.22.0/lib/5.22.0
    .