Report for Plack-Middleware-TazXSLT-0.55

Back
From: metabase:user:314402c4-2aae-11df-837a-5e0a49663a4f
Subject: FAIL Plack-Middleware-TazXSLT-0.55 v5.20.2 FreeBSD
Date: 2015-12-04T19:44:21Z

This distribution has been tested as part of the CPAN Testers
project, supporting the Perl programming language.  See
http://wiki.cpantesters.org/ for more information or email
questions to cpan-testers-discuss@perl.org


--
Dear Mario Domgoergen,

This is a computer-generated report for Plack-Middleware-TazXSLT-0.55
on perl 5.20.2, created by CPAN-Reporter-1.2015.

Thank you for uploading your work to CPAN.  However, there was a problem
testing your distribution.

If you think this report is invalid, please consult the CPAN Testers Wiki
for suggestions on how to avoid getting FAIL reports for missing library
or binary dependencies, unsupported operating systems, and so on:

http://wiki.cpantesters.org/wiki/CPANAuthorNotes

Sections of this report:

    * Tester comments
    * Program output
    * Prerequisites
    * Environment and other context

------------------------------
TESTER COMMENTS
------------------------------

Additional comments from tester:

none provided

------------------------------
PROGRAM OUTPUT
------------------------------

Output from './Build test':


#   Failed test 'Mirroring errors from backend: code'
#   at t/errors.t line 80.
#          got: '500'
#     expected: '404'

#   Failed test 'Mirroring errors from backend: headers'
#   at t/errors.t line 81.
#          got: undef
#     expected: 'Bar'

#   Failed test 'Mirroring redirections from backend: code'
#   at t/errors.t line 87.
#          got: '500'
#     expected: '301'

#   Failed test 'Mirroring redirections from backend: headers'
#   at t/errors.t line 88.
#          got: undef
#     expected: 'nothere'

#   Failed test 'Mirroring HEAD requests from backend: code'
#   at t/errors.t line 94.
#          got: '500'
#     expected: '200'

#   Failed test 'Mirroring empty requests from backend: code'
#   at t/errors.t line 100.
#          got: '500'
#     expected: '200'

#   Failed test 'Mirroring empty requests from backend: code'
#   at t/errors.t line 101.
#          got: 'Can't use string ("4") as an ARRAY ref while "strict refs" in use at /usr/perl5.20.2p/lib/site_perl/5.20.2/HTTP/Message/PSGI.pm line 120.
# '
#     expected: ''

#   Failed test 'Mirroring response without pi from backend: code'
#   at t/errors.t line 107.
#          got: '500'
#     expected: '200'

#   Failed test 'Mirroring response without pi from backend: content'
#   at t/errors.t line 108.
#          got: 'Can't use string ("4") as an ARRAY ref while "strict refs" in use at /usr/perl5.20.2p/lib/site_perl/5.20.2/HTTP/Message/PSGI.pm line 120.
# '
#     expected: '<test>foo</test>'

#   Failed test 'Received non xml: mirroring to frontend'
#   at t/errors.t line 114.
#          got: '500'
#     expected: '200'

#   Failed test 'Received non xml: mirroring to frontend'
#   at t/errors.t line 115.
#          got: 'text/plain'
#     expected: 'text/html'

#   Failed test 'Received non xml: mirroring to frontend'
#   at t/errors.t line 117.
#          got: 'Can't use string ("4") as an ARRAY ref while "strict refs" in use at /usr/perl5.20.2p/lib/site_perl/5.20.2/HTTP/Message/PSGI.pm line 120.
# '
#     expected: '<xsl:include href="/does-not-exist"/>foo'
# Looks like you failed 12 tests of 14.
t/errors.t ........... 
Dubious, test returned 12 (wstat 3072, 0xc00)
Failed 12/14 subtests 
t/replace_headers.t .. ok

#   Failed test at t/transform.t line 43.
#          got: '500'
#     expected: '200'

#   Failed test at t/transform.t line 44.
#          got: 'Can't use string ("6") as an ARRAY ref while "strict refs" in use at /usr/perl5.20.2p/lib/site_perl/5.20.2/HTTP/Message/PSGI.pm line 120.
# '
#     expected: '<?xml version="1.0"?>
# bar
# '

#   Failed test at t/transform.t line 45.
#          got: undef
#     expected: '26'

#   Failed test at t/transform.t line 51.
#          got: '500'
#     expected: '200'

#   Failed test at t/transform.t line 52.
#          got: 'Can't use string ("6") as an ARRAY ref while "strict refs" in use at /usr/perl5.20.2p/lib/site_perl/5.20.2/HTTP/Message/PSGI.pm line 120.
# '
#     expected: '<?xml version="1.0"?>
# bar
# '

#   Failed test at t/transform.t line 53.
#          got: undef
#     expected: '26'

#   Failed test at t/transform.t line 59.
#          got: '500'
#     expected: '204'

#   Failed test at t/transform.t line 60.
#          got: 'Can't use string ("6") as an ARRAY ref while "strict refs" in use at /usr/perl5.20.2p/lib/site_perl/5.20.2/HTTP/Message/PSGI.pm line 120.
# '
#     expected: '<?xml version="1.0"?>
# bar
# '

#   Failed test at t/transform.t line 61.
#          got: undef
#     expected: '26'
# Looks like you failed 9 tests of 9.
t/transform.t ........ 
Dubious, test returned 9 (wstat 2304, 0x900)
Failed 9/9 subtests 

Test Summary Report
-------------------
t/errors.t         (Wstat: 3072 Tests: 14 Failed: 12)
  Failed tests:  3-14
  Non-zero exit status: 12
t/transform.t      (Wstat: 2304 Tests: 9 Failed: 9)
  Failed tests:  1-9
  Non-zero exit status: 9
Files=3, Tests=31,  4 wallclock secs ( 0.09 usr  0.02 sys +  1.89 cusr  0.22 csys =  2.21 CPU)
Result: FAIL
Failed 2/3 test programs. 21/31 subtests failed.

------------------------------
PREREQUISITES
------------------------------

Prerequisite modules loaded:

requires:

    Module                    Need   Have      
    ------------------------- ------ ----------
    Capture::Tiny             0      0.30      
    HTTP::Message::PSGI       0      0         
    HTTP::Response            0      6.11      
    LWP::UserAgent            0      6.13      
    parent                    0      0.234     
    Plack::Middleware         0      0         
    Plack::Request            0      1.0038    
    Plack::Response           0      1.0038    
    Plack::Util               0      0         
    Try::Tiny                 0      0.22      
    URI::QueryParam           0      1.69      
    XML::LibXML               0      2.0122    
    XML::LibXSLT              1.72   1.94      

build_requires:

    Module                    Need   Have      
    ------------------------- ------ ----------
    Carp                      0      1.36      
    HTTP::Request             0      6.11      
    Module::Build             0.4004 0.4214    
    Test::MockObject::Extends 0      1.20150527
    Test::More                0      1.001014  

configure_requires:

    Module                    Need   Have      
    ------------------------- ------ ----------
    Module::Build             0.4004 0.4214    


------------------------------
ENVIRONMENT AND OTHER CONTEXT
------------------------------

Environment variables:

    LC_ALL = de_DE.ISO8859-1
    PATH = /usr/local/bin:/usr/bin:/bin:/usr/local/sbin:/usr/sbin:/sbin:/home/cpansand/bin/freebsd10.1:/home/cpansand/bin/sh:/home/cpansand/bin:/usr/games:/home/cpansand/devel:/home/eserte/src/srezic-misc/scripts
    PERL5LIB = 
    PERL5OPT = 
    PERL5_CPANPLUS_IS_RUNNING = 66540
    PERL5_CPAN_IS_RUNNING = 66540
    PERL5_CPAN_IS_RUNNING_IN_RECURSION = 65529,66540
    PERLDOC = -MPod::Perldoc::ToTextOverstrike
    PERL_BATCH = yes
    PERL_CANARY_STABILITY_NOPROMPT = 1
    PERL_CPAN_REPORTER_CONFIG = /var/tmp/cpansmoker-1023/2015120418/cpanreporter_002_config.ini
    PERL_EXTUTILS_AUTOINSTALL = --defaultdeps
    SHELL = /usr/local/bin/zsh
    TERM = screen
    TMPDIR = /var/tmp/cpansmoker-1023/2015120418

Perl special variables (and OS-specific diagnostics, for MSWin32):

    $^X = /usr/perl5.20.2p/bin/perl
    $UID/$EUID = 1023 / 1023
    $GID = 1023 1023
    $EGID = 1023 1023

Perl module toolchain versions installed:

    Module              Have    
    ------------------- --------
    CPAN                2.10    
    CPAN::Meta          2.150005
    Cwd                 3.60    
    ExtUtils::CBuilder  0.280224
    ExtUtils::Command   7.10    
    ExtUtils::Install   1.67    
    ExtUtils::MakeMaker 7.10    
    ExtUtils::Manifest  1.70    
    ExtUtils::ParseXS   3.24    
    File::Spec          3.60    
    JSON                2.90    
    JSON::PP            2.27203 
    Module::Build       0.4214  
    Module::Signature   0.79    
    Parse::CPAN::Meta   1.4417  
    Test::Harness       3.35    
    Test::More          1.001014
    YAML                1.15    
    YAML::Syck          1.29    
    version             0.9912  


--

Summary of my perl5 (revision 5 version 20 subversion 2) configuration:
   
  Platform:
    osname=freebsd, osvers=10.1-release, archname=amd64-freebsd
    uname='freebsd cvrsnica-freebsd-101.herceg.de 10.1-release freebsd 10.1-release #0 r274401: tue nov 11 21:02:49 utc 2014 root@releng1.nyi.freebsd.org:usrobjusrsrcsysgeneric amd64 '
    config_args='-ds -e -Dprefix=/usr/perl5.20.2p'
    hint=recommended, useposix=true, d_sigaction=define
    useithreads=undef, usemultiplicity=undef
    use64bitint=define, use64bitall=define, uselongdouble=undef
    usemymalloc=n, bincompat5005=undef
  Compiler:
    cc='cc', ccflags ='-DHAS_FPSETMASK -DHAS_FLOATINGPOINT_H -fno-strict-aliasing -pipe -fstack-protector -I/usr/local/include',
    optimize='-O',
    cppflags='-DHAS_FPSETMASK -DHAS_FLOATINGPOINT_H -fno-strict-aliasing -pipe -fstack-protector -I/usr/local/include'
    ccversion='', gccversion='4.2.1 Compatible FreeBSD Clang 3.4.1 (tags/RELEASE_34/dot1-final 208032)', gccosandvers=''
    intsize=4, longsize=8, ptrsize=8, doublesize=8, byteorder=12345678
    d_longlong=define, longlongsize=8, d_longdbl=define, longdblsize=16
    ivtype='long', ivsize=8, nvtype='double', nvsize=8, Off_t='off_t', lseeksize=8
    alignbytes=8, prototype=define
  Linker and Libraries:
    ld='cc', ldflags ='-pthread -Wl,-E  -fstack-protector -L/usr/local/lib'
    libpth=/usr/lib /usr/local/lib /usr/include/clang/3.4.1 /usr/lib
    libs=-lgdbm -lm -lcrypt -lutil -lc
    perllibs=-lm -lcrypt -lutil -lc
    libc=, so=so, useshrplib=false, libperl=libperl.a
    gnulibc_version=''
  Dynamic Linking:
    dlsrc=dl_dlopen.xs, dlext=so, d_dlsymun=undef, ccdlflags=' '
    cccdlflags='-DPIC -fPIC', lddlflags='-shared  -L/usr/local/lib -fstack-protector'


Characteristics of this binary (from libperl): 
  Compile-time options: HAS_TIMES PERLIO_LAYERS PERL_DONT_CREATE_GVSV
                        PERL_HASH_FUNC_ONE_AT_A_TIME_HARD PERL_MALLOC_WRAP
                        PERL_NEW_COPY_ON_WRITE PERL_PRESERVE_IVUV
                        USE_64_BIT_ALL USE_64_BIT_INT USE_LARGE_FILES
                        USE_LOCALE USE_LOCALE_COLLATE USE_LOCALE_CTYPE
                        USE_LOCALE_NUMERIC USE_PERLIO USE_PERL_ATOF
  Built under freebsd
  Compiled at Feb 14 2015 20:35:40
  %ENV:
    PERL5LIB=""
    PERL5OPT=""
    PERL5_CPANPLUS_IS_RUNNING="66540"
    PERL5_CPAN_IS_RUNNING="66540"
    PERL5_CPAN_IS_RUNNING_IN_RECURSION="65529,66540"
    PERLDOC="-MPod::Perldoc::ToTextOverstrike"
    PERL_BATCH="yes"
    PERL_CANARY_STABILITY_NOPROMPT="1"
    PERL_CPAN_REPORTER_CONFIG="/var/tmp/cpansmoker-1023/2015120418/cpanreporter_002_config.ini"
    PERL_EXTUTILS_AUTOINSTALL="--defaultdeps"
  @INC:
    /usr/perl5.20.2p/lib/site_perl/5.20.2/amd64-freebsd
    /usr/perl5.20.2p/lib/site_perl/5.20.2
    /usr/perl5.20.2p/lib/5.20.2/amd64-freebsd
    /usr/perl5.20.2p/lib/5.20.2
    .