DataLoader v0.02 Perl 5 v5.24.4 x86_64-linux-thread-multi

Status
Fail
From
David Cantrell (DCANTRELL)
Dist
DataLoader v0.02
Platform
Perl 5 v5.24.4 x86_64-linux-thread-multi
Date
2019-07-31 14:13:48
ID
6a70a19c-b39d-11e9-a558-bb33052d0de1
This distribution has been tested as part of the CPAN Testers
project, supporting the Perl programming language.  See
http://wiki.cpantesters.org/ for more information or email
questions to cpan-testers-discuss@perl.org


--
Dear Richard Harris,

This is a computer-generated report for DataLoader-0.02
on perl 5.24.4, created by CPAN-Reporter-1.2018.

Thank you for uploading your work to CPAN.  However, there was a problem
testing your distribution.

If you think this report is invalid, please consult the CPAN Testers Wiki
for suggestions on how to avoid getting FAIL reports for missing library
or binary dependencies, unsupported operating systems, and so on:

http://wiki.cpantesters.org/wiki/CPANAuthorNotes

Sections of this report:

    * Tester comments
    * Program output
    * Prerequisites
    * Environment and other context

------------------------------
TESTER COMMENTS
------------------------------

Additional comments from tester:

this report is from an automated smoke testing program
and was not reviewed by a human for accuracy

------------------------------
PROGRAM OUTPUT
------------------------------

Output from '/usr/bin/make test':

PERL_DL_NONLAZY=1 "/home/david/cpantesting/perl-5.24.4/bin/perl" "-MExtUtils::Command::MM" "-MTest::Harness" "-e" "undef *Test::Harness::Switches; test_harness(0, 'blib/lib', 'blib/arch')" t/*.t
t/00-load.t ............. ok
timed out at /home/david/cpantesting/perl-5.24.4/lib/site_perl/5.24.4/x86_64-linux-thread-multi/AnyEvent.pm line 2035.
	AnyEvent::CondVar::Base::recv(AnyEvent::CondVar=HASH(0x558b88c69450)) called at /home/david/cpantesting/perl-5.24.4/.cpan/build/DataLoader-0.02-CBU6dn/t/lib/DataLoader/Test.pm line 66
	DataLoader::Test::await(Mojo::Promise=HASH(0x558b8879cb68)) called at t/abuse.t line 47
	main::__ANON__() called at /home/david/cpantesting/perl-5.24.4/lib/site_perl/5.24.4/Test/Builder.pm line 334
	eval {...} called at /home/david/cpantesting/perl-5.24.4/lib/site_perl/5.24.4/Test/Builder.pm line 334
	Test::Builder::subtest(Test::Builder=HASH(0x558b8863cc80), "Allow an empty list", CODE(0x558b8a3dcb58)) called at /home/david/cpantesting/perl-5.24.4/lib/site_perl/5.24.4/Test/More.pm line 809
	Test::More::subtest("Allow an empty list", CODE(0x558b8a3dcb58)) called at t/abuse.t line 48
	main::__ANON__() called at /home/david/cpantesting/perl-5.24.4/lib/site_perl/5.24.4/Test/Builder.pm line 334
	eval {...} called at /home/david/cpantesting/perl-5.24.4/lib/site_perl/5.24.4/Test/Builder.pm line 334
	Test::Builder::subtest(Test::Builder=HASH(0x558b8863cc80), "load_many function requires a list of keys", CODE(0x558b8a395720)) called at /home/david/cpantesting/perl-5.24.4/lib/site_perl/5.24.4/Test/More.pm line 809
	Test::More::subtest("load_many function requires a list of keys", CODE(0x558b8a395720)) called at t/abuse.t line 49
# Tests were run but no plan was declared and done_testing() was not seen.
# Looks like your test exited with 255 just after 3.
t/abuse.t ............... 
Dubious, test returned 255 (wstat 65280, 0xff00)
All 3 subtests passed 
timed out at /home/david/cpantesting/perl-5.24.4/.cpan/build/DataLoader-0.02-CBU6dn/t/lib/DataLoader/Test.pm line 66.
# Tests were run but no plan was declared and done_testing() was not seen.
# Looks like your test exited with 255 just after 1.
t/all.t ................. 
Dubious, test returned 255 (wstat 65280, 0xff00)
All 1 subtests passed 
timed out at /home/david/cpantesting/perl-5.24.4/lib/site_perl/5.24.4/x86_64-linux-thread-multi/AnyEvent.pm line 2035.
	AnyEvent::CondVar::Base::recv(AnyEvent::CondVar=HASH(0x5609283280f0)) called at /home/david/cpantesting/perl-5.24.4/.cpan/build/DataLoader-0.02-CBU6dn/t/lib/DataLoader/Test.pm line 66
	DataLoader::Test::await(Mojo::Promise=HASH(0x560928826000)) called at t/basic.t line 24
	main::__ANON__() called at /home/david/cpantesting/perl-5.24.4/lib/site_perl/5.24.4/Test/Builder.pm line 334
	eval {...} called at /home/david/cpantesting/perl-5.24.4/lib/site_perl/5.24.4/Test/Builder.pm line 334
	Test::Builder::subtest(Test::Builder=HASH(0x560927ce8f00), "simple data loader", CODE(0x5609283baa28)) called at /home/david/cpantesting/perl-5.24.4/lib/site_perl/5.24.4/Test/More.pm line 809
	Test::More::subtest("simple data loader", CODE(0x5609283baa28)) called at t/basic.t line 25
# Tests were run but no plan was declared and done_testing() was not seen.
# Looks like your test exited with 255 just after 1.
t/basic.t ............... 
Dubious, test returned 255 (wstat 65280, 0xff00)
All 1 subtests passed 
    # No tests run!

#   Failed test 'No tests run for subtest "Complex cache behaviour via clear_all()"'
#   at t/cache-clear-all.t line 37.
timed out at /home/david/cpantesting/perl-5.24.4/.cpan/build/DataLoader-0.02-CBU6dn/t/lib/DataLoader/Test.pm line 66.
# Tests were run but no plan was declared and done_testing() was not seen.
# Looks like your test exited with 255 just after 1.
t/cache-clear-all.t ..... 
Dubious, test returned 255 (wstat 65280, 0xff00)
Failed 1/1 subtests 
t/error-class.t ......... ok

    #   Failed test 'threw Regexp ((?^u:Odd: 1))'
    #   at t/errors.t line 31.
    # expecting: Regexp ((?^u:Odd: 1))
    # found: timed out at /home/david/cpantesting/perl-5.24.4/lib/site_perl/5.24.4/x86_64-linux-thread-multi/AnyEvent.pm line 2035.
    # 	AnyEvent::CondVar::Base::recv() called at /home/david/cpantesting/perl-5.24.4/.cpan/build/DataLoader-0.02-CBU6dn/t/lib/DataLoader/Test.pm line 66
    # 	DataLoader::Test::await() called at t/errors.t line 31
    # 	Test::Exception::throws_ok() called at t/errors.t line 31
    # 	main::__ANON__() called at /home/david/cpantesting/perl-5.24.4/lib/site_perl/5.24.4/Test/Builder.pm line 334
    # 	eval {...} called at /home/david/cpantesting/perl-5.24.4/lib/site_perl/5.24.4/Test/Builder.pm line 334
    # 	Test::Builder::subtest() called at /home/david/cpantesting/perl-5.24.4/lib/site_perl/5.24.4/Test/More.pm line 809
    # 	Test::More::subtest() called at t/errors.t line 34
    # Looks like you failed 1 test of 1.

#   Failed test 'Resolves to error to indicate failure'
#   at t/errors.t line 34.
timed out at /home/david/cpantesting/perl-5.24.4/lib/site_perl/5.24.4/x86_64-linux-thread-multi/AnyEvent.pm line 2035.
	AnyEvent::CondVar::Base::recv(AnyEvent::CondVar=HASH(0x55583bc035a8)) called at /home/david/cpantesting/perl-5.24.4/.cpan/build/DataLoader-0.02-CBU6dn/t/lib/DataLoader/Test.pm line 66
	DataLoader::Test::await(Mojo::Promise=HASH(0x55583bbb8de8)) called at t/errors.t line 32
	main::__ANON__() called at /home/david/cpantesting/perl-5.24.4/lib/site_perl/5.24.4/Test/Builder.pm line 334
	eval {...} called at /home/david/cpantesting/perl-5.24.4/lib/site_perl/5.24.4/Test/Builder.pm line 334
	Test::Builder::subtest(Test::Builder=HASH(0x55583b5d6dd0), "Resolves to error to indicate failure", CODE(0x55583bc16570)) called at /home/david/cpantesting/perl-5.24.4/lib/site_perl/5.24.4/Test/More.pm line 809
	Test::More::subtest("Resolves to error to indicate failure", CODE(0x55583bc16570)) called at t/errors.t line 34
# Tests were run but no plan was declared and done_testing() was not seen.
# Looks like your test exited with 255 just after 1.
t/errors.t .............. 
Dubious, test returned 255 (wstat 65280, 0xff00)
Failed 1/1 subtests 
    # No tests run!

#   Failed test 'No tests run for subtest "batches loads occuring within promises"'
#   at t/job-queue-ordering.t line 38.
timed out at /home/david/cpantesting/perl-5.24.4/.cpan/build/DataLoader-0.02-CBU6dn/t/lib/DataLoader/Test.pm line 66.
# Tests were run but no plan was declared and done_testing() was not seen.
# Looks like your test exited with 255 just after 1.
t/job-queue-ordering.t .. 
Dubious, test returned 255 (wstat 65280, 0xff00)
Failed 1/1 subtests 
    # No tests run!

#   Failed test 'No tests run for subtest "May disable batching"'
#   at t/options.t line 27.
timed out at /home/david/cpantesting/perl-5.24.4/lib/site_perl/5.24.4/x86_64-linux-thread-multi/AnyEvent.pm line 2035.
	AnyEvent::CondVar::Base::recv(AnyEvent::CondVar=HASH(0x55a555d5a0b0)) called at /home/david/cpantesting/perl-5.24.4/.cpan/build/DataLoader-0.02-CBU6dn/t/lib/DataLoader/Test.pm line 66
	DataLoader::Test::await(Mojo::Promise=HASH(0x55a55748a958)) called at t/options.t line 23
	main::__ANON__() called at /home/david/cpantesting/perl-5.24.4/lib/site_perl/5.24.4/Test/Builder.pm line 334
	eval {...} called at /home/david/cpantesting/perl-5.24.4/lib/site_perl/5.24.4/Test/Builder.pm line 334
	Test::Builder::subtest(Test::Builder=HASH(0x55a55571aaf0), "May disable batching", CODE(0x55a555deca28)) called at /home/david/cpantesting/perl-5.24.4/lib/site_perl/5.24.4/Test/More.pm line 809
	Test::More::subtest("May disable batching", CODE(0x55a555deca28)) called at t/options.t line 27
# Tests were run but no plan was declared and done_testing() was not seen.
# Looks like your test exited with 255 just after 1.
t/options.t ............. 
Dubious, test returned 255 (wstat 65280, 0xff00)
Failed 1/1 subtests 
t/poll-backend.t ........ ok
    # No tests run!

#   Failed test 'No tests run for subtest "await"'
#   at t/test-libs.t line 17.
timed out at /home/david/cpantesting/perl-5.24.4/.cpan/build/DataLoader-0.02-CBU6dn/t/lib/DataLoader/Test.pm line 66.
# Tests were run but no plan was declared and done_testing() was not seen.
# Looks like your test exited with 255 just after 1.
t/test-libs.t ........... 
Dubious, test returned 255 (wstat 65280, 0xff00)
Failed 1/1 subtests 

Test Summary Report
-------------------
t/abuse.t             (Wstat: 65280 Tests: 3 Failed: 0)
  Non-zero exit status: 255
  Parse errors: No plan found in TAP output
t/all.t               (Wstat: 65280 Tests: 1 Failed: 0)
  Non-zero exit status: 255
  Parse errors: No plan found in TAP output
t/basic.t             (Wstat: 65280 Tests: 1 Failed: 0)
  Non-zero exit status: 255
  Parse errors: No plan found in TAP output
t/cache-clear-all.t   (Wstat: 65280 Tests: 1 Failed: 1)
  Failed test:  1
  Non-zero exit status: 255
  Parse errors: No plan found in TAP output
t/errors.t            (Wstat: 65280 Tests: 1 Failed: 1)
  Failed test:  1
  Non-zero exit status: 255
  Parse errors: No plan found in TAP output
t/job-queue-ordering.t (Wstat: 65280 Tests: 1 Failed: 1)
  Failed test:  1
  Non-zero exit status: 255
  Parse errors: No plan found in TAP output
t/options.t           (Wstat: 65280 Tests: 1 Failed: 1)
  Failed test:  1
  Non-zero exit status: 255
  Parse errors: No plan found in TAP output
t/test-libs.t         (Wstat: 65280 Tests: 1 Failed: 1)
  Failed test:  1
  Non-zero exit status: 255
  Parse errors: No plan found in TAP output
Files=11, Tests=16, 25 wallclock secs ( 0.04 usr  0.01 sys +  2.77 cusr  0.24 csys =  3.06 CPU)
Result: FAIL
Failed 8/11 test programs. 5/16 subtests failed.
Makefile:862: recipe for target 'test_dynamic' failed
make: *** [test_dynamic] Error 255

------------------------------
PREREQUISITES
------------------------------

Prerequisite modules loaded:

requires:

    Module              Need Have    
    ------------------- ---- --------
    AnyEvent            0    7.16    
    Carp                0    1.40    
    Data::Dump          0    1.23    
    FindBin             0    1.51    
    Mojolicious         8.0  8.22    
    Scalar::Util        0    1.50    
    Test::Deep          0    1.128   
    Test::Exception     0    0.43    
    Test::More          0.96 1.302164

build_requires:

    Module              Need Have    
    ------------------- ---- --------
    ExtUtils::MakeMaker 0    7.36    

configure_requires:

    Module              Need Have    
    ------------------- ---- --------
    ExtUtils::MakeMaker 0    7.36    


------------------------------
ENVIRONMENT AND OTHER CONTEXT
------------------------------

Environment variables:

    AUTOMATED_TESTING = 1
    LANG = en_US.UTF-8
    NONINTERACTIVE_TESTING = 1
    PATH = /usr/local/bin:/usr/bin:/bin:/usr/local/games:/usr/games
    PERL = 5.24.4
    PERL5LIB = 
    PERL5OPT = 
    PERL5_CPANPLUS_IS_RUNNING = 12288
    PERL5_CPAN_IS_RUNNING = 12288
    PERLVER = 5.24.4
    PERL_INLINE_DIRECTORY = /home/david/.Inline-5.24.4
    PERL_MM_USE_DEFAULT = 1
    PERL_USE_UNSAFE_INC = 0
    SHELL = /bin/bash
    TERM = screen

Perl special variables (and OS-specific diagnostics, for MSWin32):

    $^X = /home/david/cpantesting/perl-5.24.4/bin/perl
    $UID/$EUID = 1000 / 1000
    $GID = 1000 27 1000
    $EGID = 1000 27 1000

Perl module toolchain versions installed:

    Module              Have      
    ------------------- ----------
    CPAN                2.11_01   
    CPAN::Meta          2.150005  
    Cwd                 3.63_01   
    ExtUtils::CBuilder  0.280225  
    ExtUtils::Command   7.36      
    ExtUtils::Install   2.06      
    ExtUtils::MakeMaker 7.36      
    ExtUtils::Manifest  1.70      
    ExtUtils::ParseXS   3.31      
    File::Spec          3.63_01   
    JSON                4.02      
    JSON::PP            2.27300_01
    Module::Build       0.4229    
    Module::Signature   n/a       
    Parse::CPAN::Meta   1.4417_001
    Test::Harness       3.36_01   
    Test::More          1.302164  
    YAML                1.29      
    YAML::Syck          n/a       
    version             0.9916    


--

Summary of my perl5 (revision 5 version 24 subversion 4) configuration:
   
  Platform:
    osname=linux, osvers=4.9.0-8-amd64, archname=x86_64-linux-thread-multi
    uname='linux pigsty 4.9.0-8-amd64 #1 smp debian 4.9.144-3 (2019-02-02) x86_64 gnulinux '
    config_args='-de -Duse64bitall -Dusethreads -Dprefix=/home/david/cpantesting/perl-5.24.4'
    hint=recommended, useposix=true, d_sigaction=define
    useithreads=define, usemultiplicity=define
    use64bitint=define, use64bitall=define, uselongdouble=undef
    usemymalloc=n, bincompat5005=undef
  Compiler:
    cc='cc', ccflags ='-D_REENTRANT -D_GNU_SOURCE -fwrapv -fno-strict-aliasing -pipe -fstack-protector-strong -I/usr/local/include -D_LARGEFILE_SOURCE -D_FILE_OFFSET_BITS=64 -D_FORTIFY_SOURCE=2',
    optimize='-O2',
    cppflags='-D_REENTRANT -D_GNU_SOURCE -fwrapv -fno-strict-aliasing -pipe -fstack-protector-strong -I/usr/local/include'
    ccversion='', gccversion='6.3.0 20170516', gccosandvers=''
    intsize=4, longsize=8, ptrsize=8, doublesize=8, byteorder=12345678, doublekind=3
    d_longlong=define, longlongsize=8, d_longdbl=define, longdblsize=16, longdblkind=3
    ivtype='long', ivsize=8, nvtype='double', nvsize=8, Off_t='off_t', lseeksize=8
    alignbytes=8, prototype=define
  Linker and Libraries:
    ld='cc', ldflags =' -fstack-protector-strong -L/usr/local/lib'
    libpth=/usr/local/lib /usr/lib/gcc/x86_64-linux-gnu/6/include-fixed /usr/include/x86_64-linux-gnu /usr/lib /lib/x86_64-linux-gnu /lib/../lib /usr/lib/x86_64-linux-gnu /usr/lib/../lib /lib
    libs=-lpthread -lnsl -ldb -ldl -lm -lcrypt -lutil -lc
    perllibs=-lpthread -lnsl -ldl -lm -lcrypt -lutil -lc
    libc=libc-2.24.so, so=so, useshrplib=false, libperl=libperl.a
    gnulibc_version='2.24'
  Dynamic Linking:
    dlsrc=dl_dlopen.xs, dlext=so, d_dlsymun=undef, ccdlflags='-Wl,-E'
    cccdlflags='-fPIC', lddlflags='-shared -O2 -L/usr/local/lib -fstack-protector-strong'


Characteristics of this binary (from libperl): 
  Compile-time options: HAS_TIMES MULTIPLICITY PERLIO_LAYERS
                        PERL_COPY_ON_WRITE PERL_DONT_CREATE_GVSV
                        PERL_HASH_FUNC_ONE_AT_A_TIME_HARD
                        PERL_IMPLICIT_CONTEXT PERL_MALLOC_WRAP
                        PERL_PRESERVE_IVUV USE_64_BIT_ALL USE_64_BIT_INT
                        USE_ITHREADS USE_LARGE_FILES USE_LOCALE
                        USE_LOCALE_COLLATE USE_LOCALE_CTYPE
                        USE_LOCALE_NUMERIC USE_LOCALE_TIME USE_PERLIO
                        USE_PERL_ATOF USE_REENTRANT_API
  Built under linux
  Compiled at Apr 25 2019 01:35:31
  %ENV:
    PERL="5.24.4"
    PERL5LIB=""
    PERL5OPT=""
    PERL5_CPANPLUS_IS_RUNNING="12288"
    PERL5_CPAN_IS_RUNNING="12288"
    PERLVER="5.24.4"
    PERL_INLINE_DIRECTORY="/home/david/.Inline-5.24.4"
    PERL_MM_USE_DEFAULT="1"
    PERL_USE_UNSAFE_INC="0"
  @INC:
    /home/david/cpantesting/perl-5.24.4/lib/site_perl/5.24.4/x86_64-linux-thread-multi
    /home/david/cpantesting/perl-5.24.4/lib/site_perl/5.24.4
    /home/david/cpantesting/perl-5.24.4/lib/5.24.4/x86_64-linux-thread-multi
    /home/david/cpantesting/perl-5.24.4/lib/5.24.4
    .