DBIx-Class-EncodedColumn v0.00018 Perl 5 v5.16.3 x86_64-linux-thread-multi
- Status
- Fail
- From
- David Cantrell (DCANTRELL)
- Dist
-
DBIx-Class-EncodedColumn v0.00018
- Platform
- Perl 5 v5.16.3 x86_64-linux-thread-multi
- Date
- 2019-09-17 18:24:42
- ID
- 6ac5a57e-d978-11e9-9550-c524052d0de1
This distribution has been tested as part of the CPAN Testers
project, supporting the Perl programming language. See
http://wiki.cpantesters.org/ for more information or email
questions to cpan-testers-discuss@perl.org
--
Dear Wallace Reis,
This is a computer-generated report for DBIx-Class-EncodedColumn-0.00018
on perl 5.16.3, created by CPAN-Reporter-1.2018.
Thank you for uploading your work to CPAN. However, there was a problem
testing your distribution.
If you think this report is invalid, please consult the CPAN Testers Wiki
for suggestions on how to avoid getting FAIL reports for missing library
or binary dependencies, unsupported operating systems, and so on:
http://wiki.cpantesters.org/wiki/CPANAuthorNotes
Sections of this report:
* Tester comments
* Program output
* Prerequisites
* Environment and other context
------------------------------
TESTER COMMENTS
------------------------------
Additional comments from tester:
this report is from an automated smoke testing program
and was not reviewed by a human for accuracy
------------------------------
PROGRAM OUTPUT
------------------------------
Output from './Build test':
t/author-pod-syntax.t ....... skipped: these tests are for testing by the author
t/author/timestamp.t ........ skipped: Crypt::Eksblowfish::Bcrypt not available
{UNKNOWN}: Can't locate DBIx/Class/TimeStamp.pm in @INC (@INC contains: /home/david/cpantesting/perl-5.16.3/.cpan/build/DBIx-Class-EncodedColumn-0.00018-s5tbqr/t/author/../lib /home/david/cpantesting/perl-5.16.3/.cpan/build/DBIx-Class-EncodedColumn-0.00018-s5tbqr/blib/arch /home/david/cpantesting/perl-5.16.3/.cpan/build/DBIx-Class-EncodedColumn-0.00018-s5tbqr/blib/lib /home/david/cpantesting/perl-5.16.3/lib/site_perl/5.16.3/x86_64-linux-thread-multi /home/david/cpantesting/perl-5.16.3/lib/site_perl/5.16.3 /home/david/cpantesting/perl-5.16.3/lib/5.16.3/x86_64-linux-thread-multi /home/david/cpantesting/perl-5.16.3/lib/5.16.3 .) at /home/david/cpantesting/perl-5.16.3/lib/site_perl/5.16.3/Class/C3/Componentised.pm line 146.
at (eval 89) line 2.
Compilation failed in require at (eval 89) line 2.
...propagated at /home/david/cpantesting/perl-5.16.3/lib/5.16.3/base.pm line 84.
BEGIN failed--compilation aborted at /home/david/cpantesting/perl-5.16.3/.cpan/build/DBIx-Class-EncodedColumn-0.00018-s5tbqr/t/author/../lib/DigestTest/Schema/WithTimeStampChild.pm line 6.
Compilation failed in require at /home/david/cpantesting/perl-5.16.3/lib/site_perl/5.16.3/Class/C3/Componentised.pm line 146. at /home/david/cpantesting/perl-5.16.3/lib/site_perl/5.16.3/Class/C3/Componentised.pm line 151
t/author/timestamp_order.t ..
Dubious, test returned 2 (wstat 512, 0x200)
No subtests run
t/bcrypt.t .................. skipped: Crypt::Eksblowfish::Bcrypt not available
t/class_level_encoders.t .... ok
t/crypt.t ................... ok
t/digest_sha.t .............. ok
t/open_pgp.t ................ skipped: Crypt::OpenPGP not available
t/whirlpool.t ............... skipped: Digest::Whirlpool not available
Test Summary Report
-------------------
t/author/timestamp_order.t (Wstat: 512 Tests: 0 Failed: 0)
Non-zero exit status: 2
Parse errors: No plan found in TAP output
Files=9, Tests=43, 2 wallclock secs ( 0.04 usr 0.01 sys + 0.94 cusr 0.10 csys = 1.09 CPU)
Result: FAIL
------------------------------
PREREQUISITES
------------------------------
Prerequisite modules loaded:
requires:
Module Need Have
------------------- ------- --------
DBIx::Class 0.06002 0.082841
Encode 0 2.44_01
Sub::Name 0.04 0.21
build_requires:
Module Need Have
------------------- ------- --------
DBD::SQLite 0 1.64
Dir::Self 0 0.11
File::Spec 0 3.39_02
File::Temp 0 0.22
Test::Exception 0 0.43
Test::More 0 1.302162
configure_requires:
Module Need Have
------------------- ------- --------
Module::Build::Tiny 0.034 0.039
------------------------------
ENVIRONMENT AND OTHER CONTEXT
------------------------------
Environment variables:
AUTOMATED_TESTING = 1
LANG = en_US.UTF-8
NONINTERACTIVE_TESTING = 1
PATH = /usr/local/bin:/usr/bin:/bin:/usr/local/games:/usr/games
PERL = 5.16.3
PERL5LIB =
PERL5OPT =
PERL5_CPANPLUS_IS_RUNNING = 8458
PERL5_CPAN_IS_RUNNING = 8458
PERLVER = 5.16.3
PERL_INLINE_DIRECTORY = /home/david/.Inline-5.16.3
PERL_MM_USE_DEFAULT = 1
PERL_USE_UNSAFE_INC = 0
SHELL = /bin/bash
TERM = screen
Perl special variables (and OS-specific diagnostics, for MSWin32):
$^X = /home/david/cpantesting/perl-5.16.3/bin/perl
$UID/$EUID = 1000 / 1000
$GID = 1000 27 1000
$EGID = 1000 27 1000
Perl module toolchain versions installed:
Module Have
------------------- --------
CPAN 1.9800
CPAN::Meta 2.143240
Cwd 3.39_02
ExtUtils::CBuilder 0.280206
ExtUtils::Command 7.39_01
ExtUtils::Install 2.06
ExtUtils::MakeMaker 7.39_01
ExtUtils::Manifest 1.70
ExtUtils::ParseXS 3.35
File::Spec 3.39_02
JSON 4.02
JSON::PP 4.02
Module::Build 0.4229
Module::Signature n/a
Parse::CPAN::Meta 1.4414
Test::Harness 3.42
Test::More 1.302162
YAML 1.29
YAML::Syck n/a
version 0.99
--
Summary of my perl5 (revision 5 version 16 subversion 3) configuration:
Platform:
osname=linux, osvers=4.9.0-8-amd64, archname=x86_64-linux-thread-multi
uname='linux pigsty 4.9.0-8-amd64 #1 smp debian 4.9.144-3 (2019-02-02) x86_64 gnulinux '
config_args='-de -Duse64bitall -Dusethreads -Dprefix=/home/david/cpantesting/perl-5.16.3 -A ccflags=-fwrapv'
hint=previous, useposix=true, d_sigaction=define
useithreads=define, usemultiplicity=define
useperlio=define, d_sfio=undef, uselargefiles=define, usesocks=undef
use64bitint=define, use64bitall=define, uselongdouble=undef
usemymalloc=n, bincompat5005=undef
Compiler:
cc='cc', ccflags ='-D_REENTRANT -D_GNU_SOURCE -fwrapv -fno-strict-aliasing -pipe -fstack-protector -I/usr/local/include -D_LARGEFILE_SOURCE -D_FILE_OFFSET_BITS=64 -fwrapv -fwrapv',
optimize='-O2',
cppflags='-D_REENTRANT -D_GNU_SOURCE -fwrapv -fno-strict-aliasing -pipe -fstack-protector -I/usr/local/include -D_REENTRANT -D_GNU_SOURCE -fwrapv -fno-strict-aliasing -pipe -fstack-protector -I/usr/local/include -D_LARGEFILE_SOURCE -D_FILE_OFFSET_BITS=64 -fwrapv -D_REENTRANT -D_GNU_SOURCE -fwrapv -fno-strict-aliasing -pipe -fstack-protector -I/usr/local/include -D_LARGEFILE_SOURCE -D_FILE_OFFSET_BITS=64 -fwrapv -fwrapv'
ccversion='', gccversion='6.3.0 20170516', gccosandvers=''
intsize=4, longsize=8, ptrsize=8, doublesize=8, byteorder=12345678
d_longlong=define, longlongsize=8, d_longdbl=define, longdblsize=16
ivtype='long', ivsize=8, nvtype='double', nvsize=8, Off_t='off_t', lseeksize=8
alignbytes=8, prototype=define
Linker and Libraries:
ld='cc', ldflags =' -fstack-protector -L/usr/local/lib'
libpth=/usr/local/lib /lib/x86_64-linux-gnu /lib/../lib /usr/lib/x86_64-linux-gnu /usr/lib/../lib /lib /usr/lib
libs=-lnsl -ldb -ldl -lm -lcrypt -lutil -lpthread -lc
perllibs=-lnsl -ldl -lm -lcrypt -lutil -lpthread -lc
libc=libc-2.24.so, so=so, useshrplib=false, libperl=libperl.a
gnulibc_version='2.24'
Dynamic Linking:
dlsrc=dl_dlopen.xs, dlext=so, d_dlsymun=undef, ccdlflags='-Wl,-E'
cccdlflags='-fPIC', lddlflags='-shared -O2 -L/usr/local/lib -fstack-protector'
Characteristics of this binary (from libperl):
Compile-time options: HAS_TIMES MULTIPLICITY PERLIO_LAYERS
PERL_DONT_CREATE_GVSV PERL_IMPLICIT_CONTEXT
PERL_MALLOC_WRAP PERL_PRESERVE_IVUV USE_64_BIT_ALL
USE_64_BIT_INT USE_ITHREADS USE_LARGE_FILES
USE_LOCALE USE_LOCALE_COLLATE USE_LOCALE_CTYPE
USE_LOCALE_NUMERIC USE_PERLIO USE_PERL_ATOF
USE_REENTRANT_API
Locally applied patches:
Devel::PatchPerl 1.56
Built under linux
Compiled at Apr 25 2019 22:17:10
%ENV:
PERL="5.16.3"
PERL5LIB=""
PERL5OPT=""
PERL5_CPANPLUS_IS_RUNNING="8458"
PERL5_CPAN_IS_RUNNING="8458"
PERLVER="5.16.3"
PERL_INLINE_DIRECTORY="/home/david/.Inline-5.16.3"
PERL_MM_USE_DEFAULT="1"
PERL_USE_UNSAFE_INC="0"
@INC:
/home/david/cpantesting/perl-5.16.3/lib/site_perl/5.16.3/x86_64-linux-thread-multi
/home/david/cpantesting/perl-5.16.3/lib/site_perl/5.16.3
/home/david/cpantesting/perl-5.16.3/lib/5.16.3/x86_64-linux-thread-multi
/home/david/cpantesting/perl-5.16.3/lib/5.16.3
.