Dist-Zilla-Plugin-ChangelogFromGit-CPAN-Changes v0.230680 Perl 5 v5.30.3 x86_64-linux
- Status
- Fail
- From
- Andreas J. König (ANDK)
- Dist
-
Dist-Zilla-Plugin-ChangelogFromGit-CPAN-Changes v0.230680
- Platform
- Perl 5 v5.30.3 x86_64-linux
- Date
- 2024-05-06 07:01:10
- ID
- 6af949a8-0b76-11ef-9058-a1d6d828ee0c
This distribution has been tested as part of the CPAN Testers
project, supporting the Perl programming language. See
http://wiki.cpantesters.org/ for more information or email
questions to cpan-testers-discuss@perl.org
--
Dear Ioan Rogers,
This is a computer-generated report for Dist-Zilla-Plugin-ChangelogFromGit-CPAN-Changes-0.230680
on perl 5.30.3, created by CPAN-Reporter-1.2018.
Thank you for uploading your work to CPAN. However, there was a problem
testing your distribution.
If you think this report is invalid, please consult the CPAN Testers Wiki
for suggestions on how to avoid getting FAIL reports for missing library
or binary dependencies, unsupported operating systems, and so on:
http://wiki.cpantesters.org/wiki/CPANAuthorNotes
Sections of this report:
* Tester comments
* Program output
* Prerequisites
* Environment and other context
------------------------------
TESTER COMMENTS
------------------------------
Additional comments from tester:
this report is from an automated smoke testing program
and was not reviewed by a human for accuracy
------------------------------
PROGRAM OUTPUT
------------------------------
Output from './Build test':
t/00-check-deps.t ...... ok
t/00-compile.t ......... ok
#
# Versions for all modules listed in MYMETA.json (including optional ones):
#
# === Configure Requires ===
#
# Module Want Have
# ------------------- ----- -----
# Module::Build::Tiny 0.034 0.047
#
# === Test Requires ===
#
# Module Want Have
# --------------------------- ----- --------
# Archive::Tar any 3.02
# Dist::Zilla::File::InMemory any 6.029
# ExtUtils::MakeMaker any 7.64
# File::Spec any 3.78
# File::chdir any 0.1011
# IO::Handle any 1.51
# IPC::Open3 any 1.20
# Path::Tiny any 0.144
# Test::CPAN::Changes any 0.500003
# Test::CheckDeps 0.010 0.010
# Test::DZil any 6.029
# Test::More 0.94 1.302195
# Test::Roo any 1.004
# Test::Roo::Role any 1.004
# Test::TempDir::Tiny any 0.018
# lib any 0.65
# strict any 1.11
# warnings any 1.44
#
# === Test Recommends ===
#
# Module Want Have
# ---------- -------- --------
# CPAN::Meta 2.120900 2.150010
#
# === Runtime Requires ===
#
# Module Want Have
# ------------------------------- -------- --------
# CPAN::Changes 0.400002 0.500003
# CPAN::Changes::Release any 0.500003
# Class::Load any 0.25
# DateTime any 1.59
# Dist::Zilla 6.005 6.029
# Dist::Zilla::Role::AfterBuild any 6.029
# Dist::Zilla::Role::FileGatherer any 6.029
# Dist::Zilla::Role::Git::Repo any 2.048
# Encode any 3.20
# Git::Wrapper any 0.048
# Moose any 2.2201
# Moose::Util::TypeConstraints any 2.2201
# perl v5.24.0 5.030003
#
# === Runtime Recommends ===
#
# Module Want Have
# ------------------ ---- ----
# Proc::InvokeEditor any 1.13
#
t/00-report-prereqs.t .. ok
# Extracting /tmp/loop_over_bdir-3263531-ELRG6x/Dist-Zilla-Plugin-ChangelogFromGit-CPAN-Changes-0.230680-0/t/data/repos/test_repo.tar.gz to /tmp/loop_over_bdir-3263531-ELRG6x/Dist-Zilla-Plugin-ChangelogFromGit-CPAN-Changes-0.230680-0/tmp/t_changes_t/default_1
# Failed test '... has only one line...'
# at t/changes.t line 14.
# got: '2'
# expected: '1'
# Looks like you failed 1 test of 3.
# Failed test 'not_releasing_dont_get_changes'
# at /home/sand/src/perl/repoperls/installed-perls/host/k93msid/v5.30.3/da1c/lib/site_perl/5.30.3/Test/Roo.pm line 39.
# Comparing /tmp/loop_over_bdir-3263531-ELRG6x/Dist-Zilla-Plugin-ChangelogFromGit-CPAN-Changes-0.230680-0/tmp/LqCPRmddBc/build/Changes to t/data/changes/v1_defaults
# Failed test 'Matched line'
# at t/lib/Test/DZP/Changes.pm line 92.
# got: ' - No changes found
# '
# expected: ' - add line to file (Example Person)
# '
# Failed test 'Matched line'
# at t/lib/Test/DZP/Changes.pm line 92.
Wide character in print at /home/sand/src/perl/repoperls/installed-perls/host/k93msid/v5.30.3/da1c/lib/site_perl/5.30.3/Test2/Formatter/TAP.pm line 125.
# got: ' - add line to file (Example Person)
# '
# expected: ' - [FIX] Something fixed by someone else (êÂÂêÂÂêÂÂêÂÂêÂÂêÂÂêÂÂêÂÂêÂÂêÂÂ)
# '
# Failed test 'Matched line'
# at t/lib/Test/DZP/Changes.pm line 92.
Wide character in print at /home/sand/src/perl/repoperls/installed-perls/host/k93msid/v5.30.3/da1c/lib/site_perl/5.30.3/Test2/Formatter/TAP.pm line 125.
# got: ' - [FIX] Something fixed by someone else (êÂÂêÂÂêÂÂêÂÂêÂÂêÂÂêÂÂêÂÂêÂÂêÂÂ)
# '
# expected: ' - [ENH] Added important warning (Ioan Rogers)
# '
# Failed test 'Matched line'
# at t/lib/Test/DZP/Changes.pm line 92.
# got: '
# '
# expected: ' - [FIX] Typo (Ioan Rogers)
# '
# Failed test 'Matched line'
# at t/lib/Test/DZP/Changes.pm line 92.
# got: '1.000 2014-03-02T03:39:30
# '
# expected: ' - Initial commit (Ioan Rogers)
# '
# Failed test 'Matched line'
# at t/lib/Test/DZP/Changes.pm line 92.
# got: ' - [ENH] Added important warning (Ioan Rogers)
# '
# expected: '
# '
# Looks like you failed 6 tests of 17.
# Failed test 'v1_defaults'
# at /home/sand/src/perl/repoperls/installed-perls/host/k93msid/v5.30.3/da1c/lib/site_perl/5.30.3/Test/Roo.pm line 39.
# Comparing /tmp/loop_over_bdir-3263531-ELRG6x/Dist-Zilla-Plugin-ChangelogFromGit-CPAN-Changes-0.230680-0/tmp/mzqh9NYU9F/build/Changes to t/data/changes/v1_no_author
# Failed test 'Matched line'
# at t/lib/Test/DZP/Changes.pm line 92.
# got: ' - No changes found
# '
# expected: ' - add line to file
# '
# Failed test 'Matched line'
# at t/lib/Test/DZP/Changes.pm line 92.
# got: ' - add line to file
# '
# expected: ' - [FIX] Something fixed by someone else
# '
# Failed test 'Matched line'
# at t/lib/Test/DZP/Changes.pm line 92.
# got: ' - [FIX] Something fixed by someone else
# '
# expected: ' - [ENH] Added important warning
# '
# Failed test 'Matched line'
# at t/lib/Test/DZP/Changes.pm line 92.
# got: '
# '
# expected: ' - [FIX] Typo
# '
# Failed test 'Matched line'
# at t/lib/Test/DZP/Changes.pm line 92.
# got: '1.000 2014-03-02T03:39:30
# '
# expected: ' - Initial commit
# '
# Looks like you failed 5 tests of 16.
# Failed test 'v1_no_author'
# at /home/sand/src/perl/repoperls/installed-perls/host/k93msid/v5.30.3/da1c/lib/site_perl/5.30.3/Test/Roo.pm line 39.
# Comparing /tmp/loop_over_bdir-3263531-ELRG6x/Dist-Zilla-Plugin-ChangelogFromGit-CPAN-Changes-0.230680-0/tmp/15lilyskes/build/Changes to t/data/changes/v1_email
# Failed test 'Matched line'
# at t/lib/Test/DZP/Changes.pm line 92.
# got: ' - No changes found
# '
# expected: ' - add line to file (Example Person <person@example.com>)
# '
# Failed test 'Matched line'
# at t/lib/Test/DZP/Changes.pm line 92.
Wide character in print at /home/sand/src/perl/repoperls/installed-perls/host/k93msid/v5.30.3/da1c/lib/site_perl/5.30.3/Test2/Formatter/TAP.pm line 125.
# got: ' - add line to file (Example Person <person@example.com>)
# '
# expected: ' - [FIX] Something fixed by someone else (êÂÂêÂÂêÂÂêÂÂêÂÂêÂÂêÂÂêÂÂêÂÂê <person@example.com>)
# '
# Failed test 'Matched line'
# at t/lib/Test/DZP/Changes.pm line 92.
Wide character in print at /home/sand/src/perl/repoperls/installed-perls/host/k93msid/v5.30.3/da1c/lib/site_perl/5.30.3/Test2/Formatter/TAP.pm line 125.
# got: ' - [FIX] Something fixed by someone else (êÂÂêÂÂêÂÂêÂÂêÂÂêÂÂêÂÂêÂÂêÂÂê <person@example.com>)
# '
# expected: ' - [ENH] Added important warning (Ioan Rogers <ioanr@cpan.org>)
# '
# Failed test 'Matched line'
# at t/lib/Test/DZP/Changes.pm line 92.
# got: '
# '
# expected: ' - [FIX] Typo (Ioan Rogers <ioanr@cpan.org>)
# '
# Failed test 'Matched line'
# at t/lib/Test/DZP/Changes.pm line 92.
# got: '1.000 2014-03-02T03:39:30
# '
# expected: ' - Initial commit (Ioan Rogers <ioanr@cpan.org>)
# '
# Looks like you failed 5 tests of 16.
# Failed test 'v1_email'
# at /home/sand/src/perl/repoperls/installed-perls/host/k93msid/v5.30.3/da1c/lib/site_perl/5.30.3/Test/Roo.pm line 39.
# Comparing /tmp/loop_over_bdir-3263531-ELRG6x/Dist-Zilla-Plugin-ChangelogFromGit-CPAN-Changes-0.230680-0/tmp/Hpn_d7cqH5/build/Changes to t/data/changes/v1_group_author
# Failed test 'Matched line'
# at t/lib/Test/DZP/Changes.pm line 92.
# got: ' - No changes found
# '
# expected: ' [Example Person]
# '
# Failed test 'Matched line'
# at t/lib/Test/DZP/Changes.pm line 92.
# got: '
# '
# expected: ' - add line to file
# '
# Failed test 'Matched line'
# at t/lib/Test/DZP/Changes.pm line 92.
# got: '1.001_1 2016-01-22T08:20:07
# '
# expected: '
# '
# Failed test 'Matched line'
# at t/lib/Test/DZP/Changes.pm line 88.
# ' [Example Person]
# '
# doesn't match '(?^:^\d+\.\d{3}(_\d+)? \d{4}-\d{2}-\d{2}T\d{2}:\d{2}:\d{2}Z?$)'
# Failed test 'Matched line'
# at t/lib/Test/DZP/Changes.pm line 92.
Wide character in print at /home/sand/src/perl/repoperls/installed-perls/host/k93msid/v5.30.3/da1c/lib/site_perl/5.30.3/Test2/Formatter/TAP.pm line 125.
# got: ' - add line to file
# '
# expected: ' [êÂÂêÂÂêÂÂêÂÂêÂÂêÂÂêÂÂêÂÂêÂÂêÂÂ]
# '
# Failed test 'Matched line'
# at t/lib/Test/DZP/Changes.pm line 92.
# got: '
# '
# expected: ' - [FIX] Something fixed by someone else
# '
# Failed test 'Matched line'
# at t/lib/Test/DZP/Changes.pm line 92.
# got: '1.001 2014-06-13T02:25:00
# '
# expected: '
# '
# Failed test 'Matched line'
# at t/lib/Test/DZP/Changes.pm line 88.
Wide character in print at /home/sand/src/perl/repoperls/installed-perls/host/k93msid/v5.30.3/da1c/lib/site_perl/5.30.3/Test2/Formatter/TAP.pm line 125.
# ' [êÂÂêÂÂêÂÂêÂÂêÂÂêÂÂêÂÂêÂÂêÂÂêÂÂ]
# '
# doesn't match '(?^:^\d+\.\d{3}(_\d+)? \d{4}-\d{2}-\d{2}T\d{2}:\d{2}:\d{2}Z?$)'
# Failed test 'Matched line'
# at t/lib/Test/DZP/Changes.pm line 92.
# got: ' - [FIX] Something fixed by someone else
# '
# expected: ' [Ioan Rogers]
# '
# Failed test 'Matched line'
# at t/lib/Test/DZP/Changes.pm line 92.
# got: '
# '
# expected: ' - [ENH] Added important warning
# '
# Failed test 'Matched line'
# at t/lib/Test/DZP/Changes.pm line 92.
# got: '1.000 2014-03-02T03:39:30
# '
# expected: ' - [FIX] Typo
# '
# Failed test 'Matched line'
# at t/lib/Test/DZP/Changes.pm line 92.
# got: ' [Ioan Rogers]
# '
# expected: ' - Initial commit
# '
# Looks like you failed 12 tests of 19.
# Failed test 'v1_group_author'
# at /home/sand/src/perl/repoperls/installed-perls/host/k93msid/v5.30.3/da1c/lib/site_perl/5.30.3/Test/Roo.pm line 39.
# Comparing /tmp/loop_over_bdir-3263531-ELRG6x/Dist-Zilla-Plugin-ChangelogFromGit-CPAN-Changes-0.230680-0/tmp/YRCDhuGVlh/build/Changes to t/data/changes/v1_group_author_email
# Failed test 'Matched line'
# at t/lib/Test/DZP/Changes.pm line 92.
# got: ' - No changes found
# '
# expected: ' [Example Person <person@example.com>]
# '
# Failed test 'Matched line'
# at t/lib/Test/DZP/Changes.pm line 92.
# got: '
# '
# expected: ' - add line to file
# '
# Failed test 'Matched line'
# at t/lib/Test/DZP/Changes.pm line 92.
# got: '1.001_1 2016-01-22T08:20:07
# '
# expected: '
# '
# Failed test 'Matched line'
# at t/lib/Test/DZP/Changes.pm line 88.
# ' [Example Person <person@example.com>]
# '
# doesn't match '(?^:^\d+\.\d{3}(_\d+)? \d{4}-\d{2}-\d{2}T\d{2}:\d{2}:\d{2}Z?$)'
# Failed test 'Matched line'
# at t/lib/Test/DZP/Changes.pm line 92.
Wide character in print at /home/sand/src/perl/repoperls/installed-perls/host/k93msid/v5.30.3/da1c/lib/site_perl/5.30.3/Test2/Formatter/TAP.pm line 125.
# got: ' - add line to file
# '
# expected: ' [êÂÂêÂÂêÂÂêÂÂêÂÂêÂÂêÂÂêÂÂêÂÂê <person@example.com>]
# '
# Failed test 'Matched line'
# at t/lib/Test/DZP/Changes.pm line 92.
# got: '
# '
# expected: ' - [FIX] Something fixed by someone else
# '
# Failed test 'Matched line'
# at t/lib/Test/DZP/Changes.pm line 92.
# got: '1.001 2014-06-13T02:25:00
# '
# expected: '
# '
# Failed test 'Matched line'
# at t/lib/Test/DZP/Changes.pm line 88.
Wide character in print at /home/sand/src/perl/repoperls/installed-perls/host/k93msid/v5.30.3/da1c/lib/site_perl/5.30.3/Test2/Formatter/TAP.pm line 125.
# ' [êÂÂêÂÂêÂÂêÂÂêÂÂêÂÂêÂÂêÂÂêÂÂê <person@example.com>]
# '
# doesn't match '(?^:^\d+\.\d{3}(_\d+)? \d{4}-\d{2}-\d{2}T\d{2}:\d{2}:\d{2}Z?$)'
# Failed test 'Matched line'
# at t/lib/Test/DZP/Changes.pm line 92.
# got: ' - [FIX] Something fixed by someone else
# '
# expected: ' [Ioan Rogers <ioanr@cpan.org>]
# '
# Failed test 'Matched line'
# at t/lib/Test/DZP/Changes.pm line 92.
# got: '
# '
# expected: ' - [ENH] Added important warning
# '
# Failed test 'Matched line'
# at t/lib/Test/DZP/Changes.pm line 92.
# got: '1.000 2014-03-02T03:39:30
# '
# expected: ' - [FIX] Typo
# '
# Failed test 'Matched line'
# at t/lib/Test/DZP/Changes.pm line 92.
# got: ' [Ioan Rogers <ioanr@cpan.org>]
# '
# expected: ' - Initial commit
# '
# Looks like you failed 12 tests of 19.
# Failed test 'v1_group_author_email'
# at /home/sand/src/perl/repoperls/installed-perls/host/k93msid/v5.30.3/da1c/lib/site_perl/5.30.3/Test/Roo.pm line 39.
# Looks like you failed 6 tests of 6.
# Failed test 'testing with main'
# at /home/sand/src/perl/repoperls/installed-perls/host/k93msid/v5.30.3/da1c/lib/site_perl/5.30.3/Test/Roo/Class.pm line 89.
# Looks like you failed 1 test of 1.
t/changes.t ............
Dubious, test returned 1 (wstat 256, 0x100)
Failed 1/1 subtests
# Extracting /tmp/loop_over_bdir-3263531-ELRG6x/Dist-Zilla-Plugin-ChangelogFromGit-CPAN-Changes-0.230680-0/t/data/repos/first_release.tar.gz to /tmp/loop_over_bdir-3263531-ELRG6x/Dist-Zilla-Plugin-ChangelogFromGit-CPAN-Changes-0.230680-0/tmp/t_first_release_t/default_1
# Comparing /tmp/loop_over_bdir-3263531-ELRG6x/Dist-Zilla-Plugin-ChangelogFromGit-CPAN-Changes-0.230680-0/tmp/NCqQViUCie/build/Changes to t/data/changes/first_release
t/first_release.t ...... ok
Test Summary Report
-------------------
t/changes.t (Wstat: 256 (exited 1) Tests: 1 Failed: 1)
Failed test: 1
Non-zero exit status: 1
Files=5, Tests=36, 10 wallclock secs ( 0.04 usr 0.02 sys + 3.80 cusr 1.47 csys = 5.33 CPU)
Result: FAIL
------------------------------
PREREQUISITES
------------------------------
Prerequisite modules loaded:
requires:
Module Need Have
------------------------------- -------- --------
Class::Load 0 0.25
CPAN::Changes 0.400002 0.500003
CPAN::Changes::Release 0 0.500003
DateTime 0 1.59
Dist::Zilla 6.005 6.029
Dist::Zilla::Role::AfterBuild 0 6.029
Dist::Zilla::Role::FileGatherer 0 6.029
Dist::Zilla::Role::Git::Repo 0 2.048
Encode 0 3.20
Git::Wrapper 0 0.048
Moose 0 2.2201
Moose::Util::TypeConstraints 0 2.2201
perl v5.24.0 5.030003
build_requires:
Module Need Have
------------------------------- -------- --------
Archive::Tar 0 3.02
Dist::Zilla::File::InMemory 0 6.029
ExtUtils::MakeMaker 0 7.64
File::chdir 0 0.1011
File::Spec 0 3.78
IO::Handle 0 1.51
IPC::Open3 0 1.20
lib 0 0.65
Path::Tiny 0 0.144
strict 0 1.11
Test::CheckDeps 0.010 0.010
Test::CPAN::Changes 0 0.500003
Test::DZil 0 6.029
Test::More 0.94 1.302195
Test::Roo 0 1.004
Test::Roo::Role 0 1.004
Test::TempDir::Tiny 0 0.018
warnings 0 1.44
opt_requires:
Module Need Have
------------------------------- -------- --------
Proc::InvokeEditor 0 1.13
------------------------------
ENVIRONMENT AND OTHER CONTEXT
------------------------------
Environment variables:
AUTOMATED_TESTING = 1
LANG = en_US.UTF-8
LANGUAGE = en_US:en
PATH = /home/sand/bin:/usr/local/bin:/usr/bin:/bin:/usr/games:/usr/local/perl/bin:/usr/X11/bin:/sbin:/usr/sbin
PERL5LIB =
PERL5OPT =
PERL5_CPANPLUS_IS_RUNNING = 3263548
PERL5_CPAN_IS_RUNNING = 3263548
PERL_CANARY_STABILITY_NOPROMPT = 1
PERL_MM_USE_DEFAULT = 1
PERL_USE_UNSAFE_INC = 1
SHELL = /usr/bin/zsh
TERM = screen
Perl special variables (and OS-specific diagnostics, for MSWin32):
$^X = /home/sand/src/perl/repoperls/installed-perls/host/k93msid/v5.30.3/da1c/bin/perl
$UID/$EUID = 1005 / 1005
$GID = 1005 1005
$EGID = 1005 1005
Perl module toolchain versions installed:
Module Have
------------------- --------
CPAN 2.34
CPAN::Meta 2.150010
Cwd 3.78
ExtUtils::CBuilder 0.280236
ExtUtils::Command 7.64
ExtUtils::Install 2.14
ExtUtils::MakeMaker 7.64
ExtUtils::Manifest 1.72
ExtUtils::ParseXS 3.51
File::Spec 3.78
JSON 4.10
JSON::PP 4.17_01
Module::Build 0.4234
Module::Signature 0.88
Parse::CPAN::Meta 2.150010
Test::Harness 3.45_01
Test::More 1.302195
YAML 1.30
YAML::Syck 1.34
version 0.9929
--
Summary of my perl5 (revision 5 version 30 subversion 3) configuration:
Commit id: 65ddc30325817c6cd4df6ca1d4a1af2383875c3f
Platform:
osname=linux
osvers=5.10.0-14-amd64
archname=x86_64-linux
uname='linux k93msid 5.10.0-14-amd64 #1 smp debian 5.10.113-1 (2022-04-29) x86_64 gnulinux '
config_args='-Dprefix=/home/sand/src/perl/repoperls/installed-perls/host/k93msid/v5.30.3/da1c -Dmyhostname=k93msid -Dinstallusrbinperl=n -Uversiononly -Dusedevel -des -Ui_db -Dlibswanted=cl pthread socket inet nsl gdbm dbm malloc dl ld sun m crypt sec util c cposix posix ucb BSD gdbm_compat -Uuseithreads -Uuselongdouble -DEBUGGING=-g'
hint=recommended
useposix=true
d_sigaction=define
useithreads=undef
usemultiplicity=undef
use64bitint=define
use64bitall=define
uselongdouble=undef
usemymalloc=n
default_inc_excludes_dot=define
bincompat5005=undef
Compiler:
cc='cc'
ccflags ='-fwrapv -fno-strict-aliasing -pipe -fstack-protector-strong -I/usr/local/include -D_LARGEFILE_SOURCE -D_FILE_OFFSET_BITS=64 -D_FORTIFY_SOURCE=2'
optimize='-O2 -g'
cppflags='-fwrapv -fno-strict-aliasing -pipe -fstack-protector-strong -I/usr/local/include'
ccversion=''
gccversion='11.3.0'
gccosandvers=''
intsize=4
longsize=8
ptrsize=8
doublesize=8
byteorder=12345678
doublekind=3
d_longlong=define
longlongsize=8
d_longdbl=define
longdblsize=16
longdblkind=3
ivtype='long'
ivsize=8
nvtype='double'
nvsize=8
Off_t='off_t'
lseeksize=8
alignbytes=8
prototype=define
Linker and Libraries:
ld='cc'
ldflags =' -fstack-protector-strong -L/usr/local/lib'
libpth=/usr/local/lib /usr/include/x86_64-linux-gnu /usr/lib /lib/x86_64-linux-gnu /lib/../lib /usr/lib/x86_64-linux-gnu /usr/lib/../lib /lib /lib64 /usr/lib64
libs=-lpthread -lnsl -ldl -lm -lcrypt -lutil -lc
perllibs=-lpthread -lnsl -ldl -lm -lcrypt -lutil -lc
libc=libc-2.33.so
so=so
useshrplib=false
libperl=libperl.a
gnulibc_version='2.33'
Dynamic Linking:
dlsrc=dl_dlopen.xs
dlext=so
d_dlsymun=undef
ccdlflags='-Wl,-E'
cccdlflags='-fPIC'
lddlflags='-shared -O2 -g -L/usr/local/lib -fstack-protector-strong'
Characteristics of this binary (from libperl):
Compile-time options:
HAS_TIMES
PERLIO_LAYERS
PERL_COPY_ON_WRITE
PERL_DONT_CREATE_GVSV
PERL_MALLOC_WRAP
PERL_OP_PARENT
PERL_PRESERVE_IVUV
PERL_USE_DEVEL
USE_64_BIT_ALL
USE_64_BIT_INT
USE_LARGE_FILES
USE_LOCALE
USE_LOCALE_COLLATE
USE_LOCALE_CTYPE
USE_LOCALE_NUMERIC
USE_LOCALE_TIME
USE_PERLIO
USE_PERL_ATOF
Built under linux
Compiled at Jun 1 2022 11:58:06
%ENV:
PERL5LIB=""
PERL5OPT=""
PERL5_CPANPLUS_IS_RUNNING="3263548"
PERL5_CPAN_IS_RUNNING="3263548"
PERL_CANARY_STABILITY_NOPROMPT="1"
PERL_MM_USE_DEFAULT="1"
PERL_USE_UNSAFE_INC="1"
@INC:
/home/sand/src/perl/repoperls/installed-perls/host/k93msid/v5.30.3/da1c/lib/site_perl/5.30.3/x86_64-linux
/home/sand/src/perl/repoperls/installed-perls/host/k93msid/v5.30.3/da1c/lib/site_perl/5.30.3
/home/sand/src/perl/repoperls/installed-perls/host/k93msid/v5.30.3/da1c/lib/5.30.3/x86_64-linux
/home/sand/src/perl/repoperls/installed-perls/host/k93msid/v5.30.3/da1c/lib/5.30.3
.