TestML v0.08 Perl 5 v5.8.9 x86_64-linux-thread-multi

Status
Fail
From
David Cantrell (DCANTRELL)
Dist
TestML v0.08
Platform
Perl 5 v5.8.9 x86_64-linux-thread-multi
Date
2010-08-11 13:21:58
ID
6b0807f4-a54b-11df-8ed9-c31ae81e7b5c
This distribution has been tested as part of the CPAN Testers
project, supporting the Perl programming language.  See
http://wiki.cpantesters.org/ for more information or email
questions to cpan-testers-discuss@perl.org


--
Dear Ingy dot Net,

This is a computer-generated report for TestML-0.08
on perl 5.8.9, created by CPAN-Reporter-1.1711.

Thank you for uploading your work to CPAN.  However, there was a problem
testing your distribution.

If you think this report is invalid, please consult the CPAN Testers Wiki
for suggestions on how to avoid getting FAIL reports for missing library
or binary dependencies, unsupported operating systems, and so on:

http://wiki.cpantesters.org/wiki/CPANAuthorNotes

Sections of this report:

    * Tester comments
    * Program output
    * Prerequisites
    * Environment and other context

------------------------------
TESTER COMMENTS
------------------------------

Additional comments from tester:

this report is from an automated smoke testing program
and was not reviewed by a human for accuracy

------------------------------
PROGRAM OUTPUT
------------------------------

Output from '/usr/bin/make test':

PERL_DL_NONLAZY=1 /home/david/cpantesting/perl-5.8.9/bin/perl "-MExtUtils::Command::MM" "-e" "test_harness(0, 'inc', 'blib/lib', 'blib/arch')" t/*.t
Can't locate XXX.pm in @INC (@INC contains: /home/david/cpantesting/perl-5.8.9/.cpan/build/TestML-0.08-B620dW/inc /home/david/cpantesting/perl-5.8.9/.cpan/build/TestML-0.08-B620dW/blib/lib /home/david/cpantesting/perl-5.8.9/.cpan/build/TestML-0.08-B620dW/blib/arch /home/david/cpantesting/perl-5.8.9/lib/5.8.9/x86_64-linux-thread-multi /home/david/cpantesting/perl-5.8.9/lib/5.8.9 /home/david/cpantesting/perl-5.8.9/lib/site_perl/5.8.9/x86_64-linux-thread-multi /home/david/cpantesting/perl-5.8.9/lib/site_perl/5.8.9 .) at /home/david/cpantesting/perl-5.8.9/.cpan/build/TestML-0.08-B620dW/blib/lib/TestML/Runner.pm line 18.
BEGIN failed--compilation aborted at /home/david/cpantesting/perl-5.8.9/.cpan/build/TestML-0.08-B620dW/blib/lib/TestML/Runner.pm line 18.
Compilation failed in require at /home/david/cpantesting/perl-5.8.9/.cpan/build/TestML-0.08-B620dW/blib/lib/TestML/Runner/TAP.pm line 5.
BEGIN failed--compilation aborted at /home/david/cpantesting/perl-5.8.9/.cpan/build/TestML-0.08-B620dW/blib/lib/TestML/Runner/TAP.pm line 5.
Compilation failed in require at (eval 1) line 1.
END failed--call queue aborted.
t/arguments.t .............. 
Dubious, test returned 2 (wstat 512, 0x200)
No subtests run 
Can't locate XXX.pm in @INC (@INC contains: /home/david/cpantesting/perl-5.8.9/.cpan/build/TestML-0.08-B620dW/inc /home/david/cpantesting/perl-5.8.9/.cpan/build/TestML-0.08-B620dW/blib/lib /home/david/cpantesting/perl-5.8.9/.cpan/build/TestML-0.08-B620dW/blib/arch /home/david/cpantesting/perl-5.8.9/lib/5.8.9/x86_64-linux-thread-multi /home/david/cpantesting/perl-5.8.9/lib/5.8.9 /home/david/cpantesting/perl-5.8.9/lib/site_perl/5.8.9/x86_64-linux-thread-multi /home/david/cpantesting/perl-5.8.9/lib/site_perl/5.8.9 .) at /home/david/cpantesting/perl-5.8.9/.cpan/build/TestML-0.08-B620dW/blib/lib/TestML/Runner.pm line 18.
BEGIN failed--compilation aborted at /home/david/cpantesting/perl-5.8.9/.cpan/build/TestML-0.08-B620dW/blib/lib/TestML/Runner.pm line 18.
Compilation failed in require at /home/david/cpantesting/perl-5.8.9/.cpan/build/TestML-0.08-B620dW/blib/lib/TestML/Runner/TAP.pm line 5.
BEGIN failed--compilation aborted at /home/david/cpantesting/perl-5.8.9/.cpan/build/TestML-0.08-B620dW/blib/lib/TestML/Runner/TAP.pm line 5.
Compilation failed in require at (eval 1) line 1.
END failed--call queue aborted.
t/assertions.t ............. 
Dubious, test returned 2 (wstat 512, 0x200)
No subtests run 
Can't locate XXX.pm in @INC (@INC contains: /home/david/cpantesting/perl-5.8.9/.cpan/build/TestML-0.08-B620dW/inc /home/david/cpantesting/perl-5.8.9/.cpan/build/TestML-0.08-B620dW/blib/lib /home/david/cpantesting/perl-5.8.9/.cpan/build/TestML-0.08-B620dW/blib/arch /home/david/cpantesting/perl-5.8.9/lib/5.8.9/x86_64-linux-thread-multi /home/david/cpantesting/perl-5.8.9/lib/5.8.9 /home/david/cpantesting/perl-5.8.9/lib/site_perl/5.8.9/x86_64-linux-thread-multi /home/david/cpantesting/perl-5.8.9/lib/site_perl/5.8.9 .) at /home/david/cpantesting/perl-5.8.9/.cpan/build/TestML-0.08-B620dW/blib/lib/TestML/Runner.pm line 18.
BEGIN failed--compilation aborted at /home/david/cpantesting/perl-5.8.9/.cpan/build/TestML-0.08-B620dW/blib/lib/TestML/Runner.pm line 18.
Compilation failed in require at /home/david/cpantesting/perl-5.8.9/.cpan/build/TestML-0.08-B620dW/blib/lib/TestML/Runner/TAP.pm line 5.
BEGIN failed--compilation aborted at /home/david/cpantesting/perl-5.8.9/.cpan/build/TestML-0.08-B620dW/blib/lib/TestML/Runner/TAP.pm line 5.
Compilation failed in require at t/basic.t line 1.
BEGIN failed--compilation aborted at t/basic.t line 1.
t/basic.t .................. 
Dubious, test returned 2 (wstat 512, 0x200)
No subtests run 
Can't locate XXX.pm in @INC (@INC contains: /home/david/cpantesting/perl-5.8.9/.cpan/build/TestML-0.08-B620dW/inc /home/david/cpantesting/perl-5.8.9/.cpan/build/TestML-0.08-B620dW/blib/lib /home/david/cpantesting/perl-5.8.9/.cpan/build/TestML-0.08-B620dW/blib/arch /home/david/cpantesting/perl-5.8.9/lib/5.8.9/x86_64-linux-thread-multi /home/david/cpantesting/perl-5.8.9/lib/5.8.9 /home/david/cpantesting/perl-5.8.9/lib/site_perl/5.8.9/x86_64-linux-thread-multi /home/david/cpantesting/perl-5.8.9/lib/site_perl/5.8.9 .) at /home/david/cpantesting/perl-5.8.9/.cpan/build/TestML-0.08-B620dW/blib/lib/TestML/Runner.pm line 18.
BEGIN failed--compilation aborted at /home/david/cpantesting/perl-5.8.9/.cpan/build/TestML-0.08-B620dW/blib/lib/TestML/Runner.pm line 18.
Compilation failed in require at /home/david/cpantesting/perl-5.8.9/.cpan/build/TestML-0.08-B620dW/blib/lib/TestML/Runner/TAP.pm line 5.
BEGIN failed--compilation aborted at /home/david/cpantesting/perl-5.8.9/.cpan/build/TestML-0.08-B620dW/blib/lib/TestML/Runner/TAP.pm line 5.
Compilation failed in require at (eval 1) line 1.
END failed--call queue aborted.
t/dataless.t ............... 
Dubious, test returned 2 (wstat 512, 0x200)
No subtests run 
Can't locate XXX.pm in @INC (@INC contains: /home/david/cpantesting/perl-5.8.9/.cpan/build/TestML-0.08-B620dW/inc /home/david/cpantesting/perl-5.8.9/.cpan/build/TestML-0.08-B620dW/blib/lib /home/david/cpantesting/perl-5.8.9/.cpan/build/TestML-0.08-B620dW/blib/arch /home/david/cpantesting/perl-5.8.9/lib/5.8.9/x86_64-linux-thread-multi /home/david/cpantesting/perl-5.8.9/lib/5.8.9 /home/david/cpantesting/perl-5.8.9/lib/site_perl/5.8.9/x86_64-linux-thread-multi /home/david/cpantesting/perl-5.8.9/lib/site_perl/5.8.9 .) at /home/david/cpantesting/perl-5.8.9/.cpan/build/TestML-0.08-B620dW/blib/lib/TestML/Runner.pm line 18.
BEGIN failed--compilation aborted at /home/david/cpantesting/perl-5.8.9/.cpan/build/TestML-0.08-B620dW/blib/lib/TestML/Runner.pm line 18.
Compilation failed in require at /home/david/cpantesting/perl-5.8.9/.cpan/build/TestML-0.08-B620dW/blib/lib/TestML/Runner/TAP.pm line 5.
BEGIN failed--compilation aborted at /home/david/cpantesting/perl-5.8.9/.cpan/build/TestML-0.08-B620dW/blib/lib/TestML/Runner/TAP.pm line 5.
Compilation failed in require at (eval 1) line 1.
END failed--call queue aborted.
t/exceptions.t ............. 
Dubious, test returned 2 (wstat 512, 0x200)
No subtests run 
Can't locate XXX.pm in @INC (@INC contains: /home/david/cpantesting/perl-5.8.9/.cpan/build/TestML-0.08-B620dW/inc /home/david/cpantesting/perl-5.8.9/.cpan/build/TestML-0.08-B620dW/blib/lib /home/david/cpantesting/perl-5.8.9/.cpan/build/TestML-0.08-B620dW/blib/arch /home/david/cpantesting/perl-5.8.9/lib/5.8.9/x86_64-linux-thread-multi /home/david/cpantesting/perl-5.8.9/lib/5.8.9 /home/david/cpantesting/perl-5.8.9/lib/site_perl/5.8.9/x86_64-linux-thread-multi /home/david/cpantesting/perl-5.8.9/lib/site_perl/5.8.9 .) at /home/david/cpantesting/perl-5.8.9/.cpan/build/TestML-0.08-B620dW/blib/lib/TestML/Runner.pm line 18.
BEGIN failed--compilation aborted at /home/david/cpantesting/perl-5.8.9/.cpan/build/TestML-0.08-B620dW/blib/lib/TestML/Runner.pm line 18.
Compilation failed in require at /home/david/cpantesting/perl-5.8.9/.cpan/build/TestML-0.08-B620dW/blib/lib/TestML/Runner/TAP.pm line 5.
BEGIN failed--compilation aborted at /home/david/cpantesting/perl-5.8.9/.cpan/build/TestML-0.08-B620dW/blib/lib/TestML/Runner/TAP.pm line 5.
Compilation failed in require at (eval 1) line 1.
END failed--call queue aborted.
t/external.t ............... 
Dubious, test returned 2 (wstat 512, 0x200)
No subtests run 
Can't locate XXX.pm in @INC (@INC contains: /home/david/cpantesting/perl-5.8.9/.cpan/build/TestML-0.08-B620dW/inc /home/david/cpantesting/perl-5.8.9/.cpan/build/TestML-0.08-B620dW/blib/lib /home/david/cpantesting/perl-5.8.9/.cpan/build/TestML-0.08-B620dW/blib/arch /home/david/cpantesting/perl-5.8.9/lib/5.8.9/x86_64-linux-thread-multi /home/david/cpantesting/perl-5.8.9/lib/5.8.9 /home/david/cpantesting/perl-5.8.9/lib/site_perl/5.8.9/x86_64-linux-thread-multi /home/david/cpantesting/perl-5.8.9/lib/site_perl/5.8.9 .) at /home/david/cpantesting/perl-5.8.9/.cpan/build/TestML-0.08-B620dW/blib/lib/TestML/Runner.pm line 18.
BEGIN failed--compilation aborted at /home/david/cpantesting/perl-5.8.9/.cpan/build/TestML-0.08-B620dW/blib/lib/TestML/Runner.pm line 18.
Compilation failed in require at /home/david/cpantesting/perl-5.8.9/.cpan/build/TestML-0.08-B620dW/blib/lib/TestML/Runner/TAP.pm line 5.
BEGIN failed--compilation aborted at /home/david/cpantesting/perl-5.8.9/.cpan/build/TestML-0.08-B620dW/blib/lib/TestML/Runner/TAP.pm line 5.
Compilation failed in require at (eval 1) line 1.
END failed--call queue aborted.
t/inline-bridge.t .......... 
Dubious, test returned 2 (wstat 512, 0x200)
No subtests run 
Can't locate XXX.pm in @INC (@INC contains: /home/david/cpantesting/perl-5.8.9/.cpan/build/TestML-0.08-B620dW/inc /home/david/cpantesting/perl-5.8.9/.cpan/build/TestML-0.08-B620dW/blib/lib /home/david/cpantesting/perl-5.8.9/.cpan/build/TestML-0.08-B620dW/blib/arch /home/david/cpantesting/perl-5.8.9/lib/5.8.9/x86_64-linux-thread-multi /home/david/cpantesting/perl-5.8.9/lib/5.8.9 /home/david/cpantesting/perl-5.8.9/lib/site_perl/5.8.9/x86_64-linux-thread-multi /home/david/cpantesting/perl-5.8.9/lib/site_perl/5.8.9 .) at /home/david/cpantesting/perl-5.8.9/.cpan/build/TestML-0.08-B620dW/blib/lib/TestML/Runner.pm line 18.
BEGIN failed--compilation aborted at /home/david/cpantesting/perl-5.8.9/.cpan/build/TestML-0.08-B620dW/blib/lib/TestML/Runner.pm line 18.
Compilation failed in require at /home/david/cpantesting/perl-5.8.9/.cpan/build/TestML-0.08-B620dW/blib/lib/TestML/Runner/TAP.pm line 5.
BEGIN failed--compilation aborted at /home/david/cpantesting/perl-5.8.9/.cpan/build/TestML-0.08-B620dW/blib/lib/TestML/Runner/TAP.pm line 5.
Compilation failed in require at (eval 1) line 1.
END failed--call queue aborted.
t/inline.t ................. 
Dubious, test returned 2 (wstat 512, 0x200)
No subtests run 
Can't locate XXX.pm in @INC (@INC contains: /home/david/cpantesting/perl-5.8.9/.cpan/build/TestML-0.08-B620dW/inc /home/david/cpantesting/perl-5.8.9/.cpan/build/TestML-0.08-B620dW/blib/lib /home/david/cpantesting/perl-5.8.9/.cpan/build/TestML-0.08-B620dW/blib/arch /home/david/cpantesting/perl-5.8.9/lib/5.8.9/x86_64-linux-thread-multi /home/david/cpantesting/perl-5.8.9/lib/5.8.9 /home/david/cpantesting/perl-5.8.9/lib/site_perl/5.8.9/x86_64-linux-thread-multi /home/david/cpantesting/perl-5.8.9/lib/site_perl/5.8.9 .) at /home/david/cpantesting/perl-5.8.9/.cpan/build/TestML-0.08-B620dW/blib/lib/TestML/Runner.pm line 18.
BEGIN failed--compilation aborted at /home/david/cpantesting/perl-5.8.9/.cpan/build/TestML-0.08-B620dW/blib/lib/TestML/Runner.pm line 18.
Compilation failed in require at /home/david/cpantesting/perl-5.8.9/.cpan/build/TestML-0.08-B620dW/blib/lib/TestML/Runner/TAP.pm line 5.
BEGIN failed--compilation aborted at /home/david/cpantesting/perl-5.8.9/.cpan/build/TestML-0.08-B620dW/blib/lib/TestML/Runner/TAP.pm line 5.
Compilation failed in require at t/markers.t line 1.
BEGIN failed--compilation aborted at t/markers.t line 1.
t/markers.t ................ 
Dubious, test returned 2 (wstat 512, 0x200)
No subtests run 
Can't locate XXX.pm in @INC (@INC contains: /home/david/cpantesting/perl-5.8.9/.cpan/build/TestML-0.08-B620dW/inc /home/david/cpantesting/perl-5.8.9/.cpan/build/TestML-0.08-B620dW/blib/lib /home/david/cpantesting/perl-5.8.9/.cpan/build/TestML-0.08-B620dW/blib/arch /home/david/cpantesting/perl-5.8.9/lib/5.8.9/x86_64-linux-thread-multi /home/david/cpantesting/perl-5.8.9/lib/5.8.9 /home/david/cpantesting/perl-5.8.9/lib/site_perl/5.8.9/x86_64-linux-thread-multi /home/david/cpantesting/perl-5.8.9/lib/site_perl/5.8.9 .) at t/parse-testml-document.t line 22.
BEGIN failed--compilation aborted at t/parse-testml-document.t line 22.
# Looks like your test exited with 2 before it could output anything.
t/parse-testml-document.t .. 
Dubious, test returned 2 (wstat 512, 0x200)
Failed 23/23 subtests 
Can't locate XXX.pm in @INC (@INC contains: /home/david/cpantesting/perl-5.8.9/.cpan/build/TestML-0.08-B620dW/inc /home/david/cpantesting/perl-5.8.9/.cpan/build/TestML-0.08-B620dW/blib/lib /home/david/cpantesting/perl-5.8.9/.cpan/build/TestML-0.08-B620dW/blib/arch /home/david/cpantesting/perl-5.8.9/lib/5.8.9/x86_64-linux-thread-multi /home/david/cpantesting/perl-5.8.9/lib/5.8.9 /home/david/cpantesting/perl-5.8.9/lib/site_perl/5.8.9/x86_64-linux-thread-multi /home/david/cpantesting/perl-5.8.9/lib/site_perl/5.8.9 .) at /home/david/cpantesting/perl-5.8.9/.cpan/build/TestML-0.08-B620dW/blib/lib/TestML/Runner.pm line 18.
BEGIN failed--compilation aborted at /home/david/cpantesting/perl-5.8.9/.cpan/build/TestML-0.08-B620dW/blib/lib/TestML/Runner.pm line 18.
Compilation failed in require at /home/david/cpantesting/perl-5.8.9/.cpan/build/TestML-0.08-B620dW/blib/lib/TestML/Runner/TAP.pm line 5.
BEGIN failed--compilation aborted at /home/david/cpantesting/perl-5.8.9/.cpan/build/TestML-0.08-B620dW/blib/lib/TestML/Runner/TAP.pm line 5.
Compilation failed in require at (eval 1) line 1.
END failed--call queue aborted.
t/simple-use.t ............. 
Dubious, test returned 2 (wstat 512, 0x200)
No subtests run 
Can't locate XXX.pm in @INC (@INC contains: /home/david/cpantesting/perl-5.8.9/.cpan/build/TestML-0.08-B620dW/inc /home/david/cpantesting/perl-5.8.9/.cpan/build/TestML-0.08-B620dW/blib/lib /home/david/cpantesting/perl-5.8.9/.cpan/build/TestML-0.08-B620dW/blib/arch /home/david/cpantesting/perl-5.8.9/lib/5.8.9/x86_64-linux-thread-multi /home/david/cpantesting/perl-5.8.9/lib/5.8.9 /home/david/cpantesting/perl-5.8.9/lib/site_perl/5.8.9/x86_64-linux-thread-multi /home/david/cpantesting/perl-5.8.9/lib/site_perl/5.8.9 .) at /home/david/cpantesting/perl-5.8.9/.cpan/build/TestML-0.08-B620dW/blib/lib/TestML/Runner.pm line 18.
BEGIN failed--compilation aborted at /home/david/cpantesting/perl-5.8.9/.cpan/build/TestML-0.08-B620dW/blib/lib/TestML/Runner.pm line 18.
Compilation failed in require at /home/david/cpantesting/perl-5.8.9/.cpan/build/TestML-0.08-B620dW/blib/lib/TestML/Runner/TAP.pm line 5.
BEGIN failed--compilation aborted at /home/david/cpantesting/perl-5.8.9/.cpan/build/TestML-0.08-B620dW/blib/lib/TestML/Runner/TAP.pm line 5.
Compilation failed in require at (eval 1) line 1.
END failed--call queue aborted.
t/standard.t ............... 
Dubious, test returned 2 (wstat 512, 0x200)
No subtests run 
Can't locate XXX.pm in @INC (@INC contains: /home/david/cpantesting/perl-5.8.9/.cpan/build/TestML-0.08-B620dW/inc /home/david/cpantesting/perl-5.8.9/.cpan/build/TestML-0.08-B620dW/blib/lib /home/david/cpantesting/perl-5.8.9/.cpan/build/TestML-0.08-B620dW/blib/arch /home/david/cpantesting/perl-5.8.9/lib/5.8.9/x86_64-linux-thread-multi /home/david/cpantesting/perl-5.8.9/lib/5.8.9 /home/david/cpantesting/perl-5.8.9/lib/site_perl/5.8.9/x86_64-linux-thread-multi /home/david/cpantesting/perl-5.8.9/lib/site_perl/5.8.9 .) at /home/david/cpantesting/perl-5.8.9/.cpan/build/TestML-0.08-B620dW/blib/lib/TestML/Runner.pm line 18.
BEGIN failed--compilation aborted at /home/david/cpantesting/perl-5.8.9/.cpan/build/TestML-0.08-B620dW/blib/lib/TestML/Runner.pm line 18.
Compilation failed in require at /home/david/cpantesting/perl-5.8.9/.cpan/build/TestML-0.08-B620dW/blib/lib/TestML/Runner/TAP.pm line 5.
BEGIN failed--compilation aborted at /home/david/cpantesting/perl-5.8.9/.cpan/build/TestML-0.08-B620dW/blib/lib/TestML/Runner/TAP.pm line 5.
Compilation failed in require at (eval 1) line 1.
END failed--call queue aborted.
t/strings.t ................ 
Dubious, test returned 2 (wstat 512, 0x200)
No subtests run 
Can't locate XXX.pm in @INC (@INC contains: /home/david/cpantesting/perl-5.8.9/.cpan/build/TestML-0.08-B620dW/inc /home/david/cpantesting/perl-5.8.9/.cpan/build/TestML-0.08-B620dW/blib/lib /home/david/cpantesting/perl-5.8.9/.cpan/build/TestML-0.08-B620dW/blib/arch /home/david/cpantesting/perl-5.8.9/lib/5.8.9/x86_64-linux-thread-multi /home/david/cpantesting/perl-5.8.9/lib/5.8.9 /home/david/cpantesting/perl-5.8.9/lib/site_perl/5.8.9/x86_64-linux-thread-multi /home/david/cpantesting/perl-5.8.9/lib/site_perl/5.8.9 .) at /home/david/cpantesting/perl-5.8.9/.cpan/build/TestML-0.08-B620dW/blib/lib/TestML/Runner.pm line 18.
BEGIN failed--compilation aborted at /home/david/cpantesting/perl-5.8.9/.cpan/build/TestML-0.08-B620dW/blib/lib/TestML/Runner.pm line 18.
Compilation failed in require at /home/david/cpantesting/perl-5.8.9/.cpan/build/TestML-0.08-B620dW/blib/lib/TestML/Runner/TAP.pm line 5.
BEGIN failed--compilation aborted at /home/david/cpantesting/perl-5.8.9/.cpan/build/TestML-0.08-B620dW/blib/lib/TestML/Runner/TAP.pm line 5.
Compilation failed in require at (eval 1) line 1.
END failed--call queue aborted.
t/truth.t .................. 
Dubious, test returned 2 (wstat 512, 0x200)
No subtests run 
Can't locate XXX.pm in @INC (@INC contains: /home/david/cpantesting/perl-5.8.9/.cpan/build/TestML-0.08-B620dW/inc /home/david/cpantesting/perl-5.8.9/.cpan/build/TestML-0.08-B620dW/blib/lib /home/david/cpantesting/perl-5.8.9/.cpan/build/TestML-0.08-B620dW/blib/arch /home/david/cpantesting/perl-5.8.9/lib/5.8.9/x86_64-linux-thread-multi /home/david/cpantesting/perl-5.8.9/lib/5.8.9 /home/david/cpantesting/perl-5.8.9/lib/site_perl/5.8.9/x86_64-linux-thread-multi /home/david/cpantesting/perl-5.8.9/lib/site_perl/5.8.9 .) at /home/david/cpantesting/perl-5.8.9/.cpan/build/TestML-0.08-B620dW/blib/lib/TestML/Runner.pm line 18.
BEGIN failed--compilation aborted at /home/david/cpantesting/perl-5.8.9/.cpan/build/TestML-0.08-B620dW/blib/lib/TestML/Runner.pm line 18.
Compilation failed in require at /home/david/cpantesting/perl-5.8.9/.cpan/build/TestML-0.08-B620dW/blib/lib/TestML/Runner/TAP.pm line 5.
BEGIN failed--compilation aborted at /home/david/cpantesting/perl-5.8.9/.cpan/build/TestML-0.08-B620dW/blib/lib/TestML/Runner/TAP.pm line 5.
Compilation failed in require at (eval 1) line 1.
END failed--call queue aborted.
t/yaml-tests.t ............. 
Dubious, test returned 2 (wstat 512, 0x200)
No subtests run 

Test Summary Report
-------------------
t/arguments.t            (Wstat: 512 Tests: 0 Failed: 0)
  Non-zero exit status: 2
  Parse errors: No plan found in TAP output
t/assertions.t           (Wstat: 512 Tests: 0 Failed: 0)
  Non-zero exit status: 2
  Parse errors: No plan found in TAP output
t/basic.t                (Wstat: 512 Tests: 0 Failed: 0)
  Non-zero exit status: 2
  Parse errors: No plan found in TAP output
t/dataless.t             (Wstat: 512 Tests: 0 Failed: 0)
  Non-zero exit status: 2
  Parse errors: No plan found in TAP output
t/exceptions.t           (Wstat: 512 Tests: 0 Failed: 0)
  Non-zero exit status: 2
  Parse errors: No plan found in TAP output
t/external.t             (Wstat: 512 Tests: 0 Failed: 0)
  Non-zero exit status: 2
  Parse errors: No plan found in TAP output
t/inline-bridge.t        (Wstat: 512 Tests: 0 Failed: 0)
  Non-zero exit status: 2
  Parse errors: No plan found in TAP output
t/inline.t               (Wstat: 512 Tests: 0 Failed: 0)
  Non-zero exit status: 2
  Parse errors: No plan found in TAP output
t/markers.t              (Wstat: 512 Tests: 0 Failed: 0)
  Non-zero exit status: 2
  Parse errors: No plan found in TAP output
t/parse-testml-document.t (Wstat: 512 Tests: 0 Failed: 0)
  Non-zero exit status: 2
  Parse errors: Bad plan.  You planned 23 tests but ran 0.
t/simple-use.t           (Wstat: 512 Tests: 0 Failed: 0)
  Non-zero exit status: 2
  Parse errors: No plan found in TAP output
t/standard.t             (Wstat: 512 Tests: 0 Failed: 0)
  Non-zero exit status: 2
  Parse errors: No plan found in TAP output
t/strings.t              (Wstat: 512 Tests: 0 Failed: 0)
  Non-zero exit status: 2
  Parse errors: No plan found in TAP output
t/truth.t                (Wstat: 512 Tests: 0 Failed: 0)
  Non-zero exit status: 2
  Parse errors: No plan found in TAP output
t/yaml-tests.t           (Wstat: 512 Tests: 0 Failed: 0)
  Non-zero exit status: 2
  Parse errors: No plan found in TAP output
Files=15, Tests=0,  1 wallclock secs ( 0.06 usr  0.04 sys +  0.32 cusr  0.10 csys =  0.52 CPU)
Result: FAIL
Failed 15/15 test programs. 0/0 subtests failed.
make: *** [test_dynamic] Error 2

------------------------------
PREREQUISITES
------------------------------

Prerequisite modules loaded:

requires:

    Module              Need Have
    ------------------- ---- ----
    ExtUtils::MakeMaker 6.42 6.48
    Pegex               0    0.03

configure_requires:

    Module              Need Have
    ------------------- ---- ----
    ExtUtils::MakeMaker 6.42 6.48


------------------------------
ENVIRONMENT AND OTHER CONTEXT
------------------------------

Environment variables:

    AUTOMATED_TESTING = 1
    PATH = /usr/local/bin:/usr/bin:/bin:/usr/games
    PERL5LIB = 
    PERL5OPT = 
    PERL5_CPANPLUS_IS_RUNNING = 24617
    PERL5_CPAN_IS_RUNNING = 24617
    PERLVER = 5.8.9
    PERL_INLINE_DIRECTORY = /home/david/.Inline-5.8.9
    SHELL = /bin/bash
    TERM = screen

Perl special variables (and OS-specific diagnostics, for MSWin32):

    $^X = /home/david/cpantesting/perl-5.8.9/bin/perl
    $UID/$EUID = 1000 / 1000
    $GID = 1000 1000
    $EGID = 1000 1000

Perl module toolchain versions installed:

    Module              Have   
    ------------------- -------
    CPAN                1.9402 
    Cwd                 3.31   
    ExtUtils::CBuilder  0.2703 
    ExtUtils::Command   1.16   
    ExtUtils::Install   1.50_01
    ExtUtils::MakeMaker 6.48   
    ExtUtils::Manifest  1.55   
    ExtUtils::ParseXS   2.2206 
    File::Spec          3.31   
    Module::Build       0.3607 
    Module::Signature   n/a    
    Test::Harness       3.21   
    Test::More          0.94   
    YAML                0.71   
    YAML::Syck          1.12   
    version             0.82   


--

Summary of my perl5 (revision 5 version 8 subversion 9) configuration:
  Platform:
    osname=linux, osvers=2.6.18-4-xen-amd64, archname=x86_64-linux-thread-multi
    uname='linux pigsty2 2.6.18-4-xen-amd64 #1 smp fri may 4 02:40:51 utc 2007 x86_64 gnulinux '
    config_args='-de -Duse64bitall -Dusethreads -Dprefix=/home/david/cpantesting/perl-5.8.9'
    hint=recommended, useposix=true, d_sigaction=define
    usethreads=define use5005threads=undef useithreads=define usemultiplicity=define
    useperlio=define d_sfio=undef uselargefiles=define usesocks=undef
    use64bitint=define use64bitall=define uselongdouble=undef
    usemymalloc=n, bincompat5005=undef
  Compiler:
    cc='cc', ccflags ='-D_REENTRANT -D_GNU_SOURCE -DTHREADS_HAVE_PIDS -fno-strict-aliasing -pipe -I/usr/local/include -D_LARGEFILE_SOURCE -D_FILE_OFFSET_BITS=64',
    optimize='-O2',
    cppflags='-D_REENTRANT -D_GNU_SOURCE -DTHREADS_HAVE_PIDS -fno-strict-aliasing -pipe -I/usr/local/include'
    ccversion='', gccversion='4.1.2 20061115 (prerelease) (Debian 4.1.1-21)', gccosandvers=''
    intsize=4, longsize=8, ptrsize=8, doublesize=8, byteorder=12345678
    d_longlong=define, longlongsize=8, d_longdbl=define, longdblsize=16
    ivtype='long', ivsize=8, nvtype='double', nvsize=8, Off_t='off_t', lseeksize=8
    alignbytes=8, prototype=define
  Linker and Libraries:
    ld='cc', ldflags =' -L/usr/local/lib'
    libpth=/usr/local/lib /lib /usr/lib /lib64 /usr/lib64
    libs=-lnsl -lgdbm -ldb -ldl -lm -lcrypt -lutil -lpthread -lc
    perllibs=-lnsl -ldl -lm -lcrypt -lutil -lpthread -lc
    libc=/lib/libc-2.3.6.so, so=so, useshrplib=false, libperl=libperl.a
    gnulibc_version='2.3.6'
  Dynamic Linking:
    dlsrc=dl_dlopen.xs, dlext=so, d_dlsymun=undef, ccdlflags='-Wl,-E'
    cccdlflags='-fPIC', lddlflags='-shared -O2 -L/usr/local/lib'


Characteristics of this binary (from libperl): 
  Compile-time options: MULTIPLICITY PERL_IMPLICIT_CONTEXT PERL_MALLOC_WRAP
                        THREADS_HAVE_PIDS USE_64_BIT_ALL USE_64_BIT_INT
                        USE_FAST_STDIO USE_ITHREADS USE_LARGE_FILES
                        USE_PERLIO USE_REENTRANT_API
  Built under linux
  Compiled at Jan 17 2009 20:41:01
  %ENV:
    PERL5LIB=""
    PERL5OPT=""
    PERL5_CPANPLUS_IS_RUNNING="24617"
    PERL5_CPAN_IS_RUNNING="24617"
    PERLVER="5.8.9"
    PERL_INLINE_DIRECTORY="/home/david/.Inline-5.8.9"
  @INC:
    /home/david/cpantesting/perl-5.8.9/lib/5.8.9/x86_64-linux-thread-multi
    /home/david/cpantesting/perl-5.8.9/lib/5.8.9
    /home/david/cpantesting/perl-5.8.9/lib/site_perl/5.8.9/x86_64-linux-thread-multi
    /home/david/cpantesting/perl-5.8.9/lib/site_perl/5.8.9
    .