Config-DB v0.2 Perl 5 v5.26.2 OpenBSD.amd64-openbsd-thread-multi

Status
Fail
From
Alceu Rodrigues de Freitas Junior
Dist
Config-DB v0.2
Platform
Perl 5 v5.26.2 OpenBSD.amd64-openbsd-thread-multi
Date
2018-07-19 12:44:04
ID
6b3c7e68-8b51-11e8-94bc-0a3f0b774e51
This distribution has been tested as part of the CPAN Testers
project, supporting the Perl programming language.  See
http://wiki.cpantesters.org/ for more information or email
questions to cpan-testers-discuss@perl.org


--
Dear Daniele Ricci,

This is a computer-generated report for Config-DB-0.2
on perl 5.26.2, created by CPAN-Reporter-1.2018.

Thank you for uploading your work to CPAN.  However, there was a problem
testing your distribution.

If you think this report is invalid, please consult the CPAN Testers Wiki
for suggestions on how to avoid getting FAIL reports for missing library
or binary dependencies, unsupported operating systems, and so on:

http://wiki.cpantesters.org/wiki/CPANAuthorNotes

Sections of this report:

    * Tester comments
    * Program output
    * Prerequisites
    * Environment and other context

------------------------------
TESTER COMMENTS
------------------------------

Additional comments from tester:

this report is from an automated smoke testing program
and was not reviewed by a human for accuracy

------------------------------
PROGRAM OUTPUT
------------------------------

Output from '/usr/bin/make test':

PERL_DL_NONLAZY=1 "/home/goku/perl5/perlbrew/perls/perl-5.26.2/bin/perl" "-MExtUtils::Command::MM" "-MTest::Harness" "-e" "undef *Test::Harness::Switches; test_harness(0, 'blib/lib', 'blib/arch')" t/*.t

#   Failed test 'wrong new call - no parameters'
#   at t/01_new.t line 9.
#                   'Config::DB::new: wrong call at t/01_new.t line 8.
# '
#     doesn't match '(?^:^Config::DB::new: wrong call at t/01_new.t line \d+\n$)'

#   Failed test 'wrong new call - hack try 1'
#   at t/01_new.t line 16.
#                   'Config::DB::new: wrong call at t/01_new.t line 15.
# '
#     doesn't match '(?^:^Config::DB::new: wrong call at t/01_new.t line \d+\n$)'

#   Failed test 'wrong new call - hack try 2'
#   at t/01_new.t line 23.
#                   'Config::DB::new: 'NoOk' does not hinerit 'Config::DB' at t/01_new.t line 22.
# '
#     doesn't match '(?^:^Config::DB::new: 'NoOk' does not hinerit 'Config::DB' at t/01_new.t line \d+\n$)'

#   Failed test 'wrong new call - wrong class'
#   at t/01_new.t line 30.
#                   'Config::DB::new: 'Wrong::Class' does not hinerit 'Config::DB' at t/01_new.t line 29.
# '
#     doesn't match '(?^:^Config::DB::new: 'Wrong::Class' does not hinerit 'Config::DB' at t/01_new.t line \d+\n$)'

#   Failed test 'wrong new call - missing connect paramenter'
#   at t/01_new.t line 37.
#                   'Config::DB::new: missing 'connect' paramenter at t/01_new.t line 36.
# '
#     doesn't match '(?^:^Config::DB::new: missing 'connect' paramenter at t/01_new.t line \d+\n$)'

#   Failed test 'wrong new call - connect paramenter not array ref'
#   at t/01_new.t line 44.
#                   'Config::DB::new: 'connect' paramenter is not a reference to ARRAY at t/01_new.t line 43.
# '
#     doesn't match '(?^:^Config::DB::new: 'connect' paramenter is not a reference to ARRAY at t/01_new.t line \d+\n$)'

#   Failed test 'wrong new call - missing tables paramenter'
#   at t/01_new.t line 51.
#                   'Config::DB::new: missing 'tables' paramenter at t/01_new.t line 50.
# '
#     doesn't match '(?^:^Config::DB::new: missing 'tables' paramenter at t/01_new.t line \d+\n$)'

#   Failed test 'wrong new call - tables paramenter not array ref'
#   at t/01_new.t line 58.
#                   'Config::DB::new: 'tables' paramenter is not a reference to HASH at t/01_new.t line 57.
# '
#     doesn't match '(?^:^Config::DB::new: 'tables' paramenter is not a reference to HASH at t/01_new.t line \d+\n$)'

#   Failed test 'wrong new call - missing tables'
#   at t/01_new.t line 65.
#                   'Config::DB::new: no tables defined at t/01_new.t line 64.
# '
#     doesn't match '(?^:^Config::DB::new: no tables defined at t/01_new.t line \d+\n$)'
# Looks like you failed 9 tests of 13.
t/01_new.t ..... 
Dubious, test returned 9 (wstat 2304, 0x900)
Failed 9/13 subtests 
DBD::DBM::db do failed: 
Execution ERROR: Cannot open /mnt/cpan_build_dir/goku/Config-DB-0.2-0/notable.lck: No such file or directory (2) at /home/goku/perl5/perlbrew/perls/perl-5.26.2/lib/site_perl/5.26.2/OpenBSD.amd64-openbsd-thread-multi/DBI/DBD/SqlEngine.pm line 1624.
 called from /home/goku/perl5/perlbrew/perls/perl-5.26.2/lib/site_perl/5.26.2/OpenBSD.amd64-openbsd-thread-multi/DBI.pm at 1639.

 [for Statement "DROP TABLE notable"] at t/02_params.t line 5.

#   Failed test 'connection error'
#   at t/02_params.t line 18.
#                   'Can't connect to data source 'DBI:NotInstalled' because I can't work out what driver to use (it doesn't seem to contain a 'dbi:driver:' prefix and the DBI_DRIVER env var is not set) at /mnt/cpan_build_dir/goku/Config-DB-0.2-0/blib/lib/Config/DB.pm line 100.Config::DB::read: can't connect at t/02_params.t line 15.'
#     doesn't match '(?^:^Can't connect to data source 'DBI:NotInstalled'.*Config::DB::read: can't connect at t/02_params.t line \d+$)'

#   Failed test 'missing table'
#   at t/02_params.t line 32.
#                   'DBD::DBM::db selectall_hashref failed: Execution ERROR: Cannot open /mnt/cpan_build_dir/goku/Config-DB-0.2-0/notable.lck: No such file or directory (2) at /home/goku/perl5/perlbrew/perls/perl-5.26.2/lib/site_perl/5.26.2/OpenBSD.amd64-openbsd-thread-multi/DBI/DBD/SqlEngine.pm line 1624. called from /mnt/cpan_build_dir/goku/Config-DB-0.2-0/blib/lib/Config/DB.pm at 107. at /home/goku/perl5/perlbrew/perls/perl-5.26.2/lib/site_perl/5.26.2/OpenBSD.amd64-openbsd-thread-multi/DBI/DBD/SqlEngine.pm line 1271. [for Statement "SELECT nofield AS dbcfg_key, notable.* FROM notable"] at /mnt/cpan_build_dir/goku/Config-DB-0.2-0/blib/lib/Config/DB.pm line 107.Config::DB::read: reading 'notable' table at t/02_params.t line 29.'
#     doesn't match '(?^:^DBD::DBM::db selectall_hashref failed.*Config::DB::read: reading 'notable' table at t/02_params.t line \d+$)'

#   Failed test 'missing field'
#   at t/02_params.t line 43.
#                   'DBD::DBM::db selectall_hashref failed: Execution ERROR: No such column 'nofield' called from /home/goku/perl5/perlbrew/perls/perl-5.26.2/lib/site_perl/5.26.2/OpenBSD.amd64-openbsd-thread-multi/DBI.pm at 1688. at /home/goku/perl5/perlbrew/perls/perl-5.26.2/lib/site_perl/5.26.2/OpenBSD.amd64-openbsd-thread-multi/DBI/DBD/SqlEngine.pm line 1271. [for Statement "SELECT nofield AS dbcfg_key, notable.* FROM notable"] at /mnt/cpan_build_dir/goku/Config-DB-0.2-0/blib/lib/Config/DB.pm line 107.Config::DB::read: reading 'notable' table at t/02_params.t line 40.'
#     doesn't match '(?^:^DBD::DBM::db selectall_hashref failed.*Config::DB::read: reading 'notable' table at t/02_params.t line \d+$)'
# Looks like you failed 3 tests of 6.
t/02_params.t .. 
Dubious, test returned 3 (wstat 768, 0x300)
Failed 3/6 subtests 
DBD::DBM::db do failed: 
Execution ERROR: Cannot open /mnt/cpan_build_dir/goku/Config-DB-0.2-0/cfg.lck: No such file or directory (2) at /home/goku/perl5/perlbrew/perls/perl-5.26.2/lib/site_perl/5.26.2/OpenBSD.amd64-openbsd-thread-multi/DBI/DBD/SqlEngine.pm line 1624.
 called from /home/goku/perl5/perlbrew/perls/perl-5.26.2/lib/site_perl/5.26.2/OpenBSD.amd64-openbsd-thread-multi/DBI.pm at 1639.

 [for Statement "DROP TABLE cfg"] at t/03_get.t line 5.

#   Failed test 'missing table parameter'
#   at t/03_get.t line 23.
#                   'Config::DB::get: missing table parameter at t/03_get.t line 22.
# '
#     doesn't match '(?^:^Config::DB::get: missing table parameter at t/03_get.t line \d+$)'

#   Failed test 'missing table'
#   at t/03_get.t line 32.
#                   'Config::DB::get: unknown configuration table 'notable' at t/03_get.t line 31.
# '
#     doesn't match '(?^:^Config::DB::get: unknown configuration table 'notable' at t/03_get.t line \d+$)'

#   Failed test 'missing key'
#   at t/03_get.t line 39.
#                   'Config::DB::get: missing key '10' in configuration table 'cfg' at t/03_get.t line 38.
# '
#     doesn't match '(?^:^Config::DB::get: missing key '10' in configuration table 'cfg' at t/03_get.t line \d+$)'

#   Failed test 'missing field'
#   at t/03_get.t line 46.
#                   'Config::DB::get: unknown field 'nofield' for configuration table 'cfg' at t/03_get.t line 45.
# '
#     doesn't match '(?^:^Config::DB::get: unknown field 'nofield' for configuration table 'cfg' at t/03_get.t line \d+$)'

#   Failed test 'AUTOLOAD error'
#   at t/03_get.t line 67.
#                   'Can't locate object method "nomethod" via package "Config::DB" at t/03_get.t line 66.
# '
#     doesn't match '(?^:^Can't locate object method "nomethod" via package "Config::DB" at t/03_get.t line \d+$)'

#   Failed test 'AUTOLOAD missing table'
#   at t/03_get.t line 74.
#                   'Config::DB::get: unknown configuration table 'notable' at t/03_get.t line 73.
# '
#     doesn't match '(?^:^Config::DB::get: unknown configuration table 'notable' at t/03_get.t line \d+$)'

#   Failed test 'AUTOLOAD missing key'
#   at t/03_get.t line 81.
#                   'Config::DB::get: missing key '3000' in configuration table 'cfg' at t/03_get.t line 80.
# '
#     doesn't match '(?^:^Config::DB::get: missing key '3000' in configuration table 'cfg' at t/03_get.t line \d+$)'
# Looks like you failed 7 tests of 28.
t/03_get.t ..... 
Dubious, test returned 7 (wstat 1792, 0x700)
Failed 7/28 subtests 

Test Summary Report
-------------------
t/01_new.t   (Wstat: 2304 Tests: 13 Failed: 9)
  Failed tests:  3-11
  Non-zero exit status: 9
t/02_params.t (Wstat: 768 Tests: 6 Failed: 3)
  Failed tests:  3-5
  Non-zero exit status: 3
t/03_get.t   (Wstat: 1792 Tests: 28 Failed: 7)
  Failed tests:  4, 6-8, 14-16
  Non-zero exit status: 7
Files=3, Tests=47,  1 wallclock secs ( 0.05 usr  0.06 sys +  0.92 cusr  0.33 csys =  1.36 CPU)
Result: FAIL
Failed 3/3 test programs. 19/47 subtests failed.
*** Error 7 in /mnt/cpan_build_dir/goku/Config-DB-0.2-0 (Makefile:842 'test_dynamic')

------------------------------
PREREQUISITES
------------------------------

Prerequisite modules loaded:

requires:

    Module              Need  Have   
    ------------------- ----- -------
    DBI                 1.616 1.634  

build_requires:

    Module              Need  Have   
    ------------------- ----- -------
    ExtUtils::MakeMaker 0     7.35_05

configure_requires:

    Module              Need  Have   
    ------------------- ----- -------
    ExtUtils::MakeMaker 0     7.35_05


------------------------------
ENVIRONMENT AND OTHER CONTEXT
------------------------------

Environment variables:

    AUTOMATED_TESTING = 1
    DBD_MYSQL_TESTDB = test
    DBD_MYSQL_TESTHOST = localhost
    DBD_MYSQL_TESTPASSWORD = 
    DBD_MYSQL_TESTPORT = 3306
    DBD_MYSQL_TESTUSER = goku
    EXTENDED_TESTING = 1
    PATH = /home/goku/perl5/perlbrew/bin:/home/goku/perl5/perlbrew/perls/perl-5.26.2/bin:/home/goku/bin:/usr/bin:/bin:/usr/sbin:/sbin:/usr/X11R6/bin:/usr/local/bin:/usr/local/sbin
    PERL5LIB = 
    PERL5OPT = 
    PERL5_CPANPLUS_IS_RUNNING = 63851
    PERL5_CPAN_IS_RUNNING = 63851
    PERL5_CPAN_IS_RUNNING_IN_RECURSION = 62517,63851
    PERLBREW_HOME = /home/goku/.perlbrew
    PERLBREW_MANPATH = /home/goku/perl5/perlbrew/perls/perl-5.26.2/man
    PERLBREW_PATH = /home/goku/perl5/perlbrew/bin:/home/goku/perl5/perlbrew/perls/perl-5.26.2/bin
    PERLBREW_PERL = perl-5.26.2
    PERLBREW_ROOT = /home/goku/perl5/perlbrew
    PERLBREW_SHELLRC_VERSION = 0.84
    PERLBREW_VERSION = 0.84
    PERL_CR_SMOKER_CURRENT = Config-DB-0.2
    PERL_EXTUTILS_AUTOINSTALL = --defaultdeps
    PERL_MM_USE_DEFAULT = 1
    SHELL = /usr/local/bin/bash
    TERM = xterm

Perl special variables (and OS-specific diagnostics, for MSWin32):

    $^X = /home/goku/perl5/perlbrew/perls/perl-5.26.2/bin/perl
    $UID/$EUID = 1002 / 1002
    $GID = 1002 1002 1001
    $EGID = 1002 1002 1001

Perl module toolchain versions installed:

    Module              Have    
    ------------------- --------
    CPAN                2.16    
    CPAN::Meta          2.150010
    Cwd                 3.74    
    ExtUtils::CBuilder  0.280230
    ExtUtils::Command   7.35_05 
    ExtUtils::Install   2.14    
    ExtUtils::MakeMaker 7.35_05 
    ExtUtils::Manifest  1.71    
    ExtUtils::ParseXS   3.35    
    File::Spec          3.74    
    JSON                2.90    
    JSON::PP            2.97001 
    Module::Build       0.4224  
    Module::Signature   0.81    
    Parse::CPAN::Meta   2.150010
    Test::Harness       3.42    
    Test::More          1.302138
    YAML                1.26    
    YAML::Syck          1.30    
    version             0.9924  


--

Summary of my perl5 (revision 5 version 26 subversion 2) configuration:
   
  Platform:
    osname=openbsd
    osvers=6.3
    archname=OpenBSD.amd64-openbsd-thread-multi
    uname='openbsd cpan-smoker-openbsd 6.3 generic.mp#107 amd64 '
    config_args='-de -Dprefix=/home/goku/perl5/perlbrew/perls/perl-5.26.2 -Dman1dir=none -Dman3dir=none -Duse64bitall -Dusethreads -Dusemultiplicity -Duse64bitint -Aeval:scriptdir=/home/goku/perl5/perlbrew/perls/perl-5.26.2/bin'
    hint=recommended
    useposix=true
    d_sigaction=define
    useithreads=define
    usemultiplicity=define
    use64bitint=define
    use64bitall=define
    uselongdouble=undef
    usemymalloc=n
    default_inc_excludes_dot=define
    bincompat5005=undef
  Compiler:
    cc='cc'
    ccflags ='-pthread -fno-strict-aliasing -pipe -fstack-protector-strong -I/usr/local/include -D_FORTIFY_SOURCE=2'
    optimize='-O2'
    cppflags='-pthread -fno-strict-aliasing -pipe -fstack-protector-strong -I/usr/local/include'
    ccversion=''
    gccversion='4.2.1 Compatible OpenBSD Clang 5.0.1 (tags/RELEASE_501/final)'
    gccosandvers=''
    intsize=4
    longsize=8
    ptrsize=8
    doublesize=8
    byteorder=12345678
    doublekind=3
    d_longlong=define
    longlongsize=8
    d_longdbl=define
    longdblsize=16
    longdblkind=3
    ivtype='long'
    ivsize=8
    nvtype='double'
    nvsize=8
    Off_t='off_t'
    lseeksize=8
    alignbytes=8
    prototype=define
  Linker and Libraries:
    ld='cc'
    ldflags ='-pthread -Wl,-E  -fstack-protector-strong -L/usr/local/lib'
    libpth=/usr/lib /usr/local/lib
    libs=-lpthread -lm -lutil -lc
    perllibs=-lpthread -lm -lutil -lc
    libc=/usr/lib/libc.so.92.3
    so=so
    useshrplib=false
    libperl=libperl.a
    gnulibc_version=''
  Dynamic Linking:
    dlsrc=dl_dlopen.xs
    dlext=so
    d_dlsymun=undef
    ccdlflags=' '
    cccdlflags='-DPIC -fPIC '
    lddlflags='-shared -fPIC  -L/usr/local/lib -fstack-protector-strong'


Characteristics of this binary (from libperl): 
  Compile-time options:
    HAS_TIMES
    MULTIPLICITY
    PERLIO_LAYERS
    PERL_COPY_ON_WRITE
    PERL_DONT_CREATE_GVSV
    PERL_IMPLICIT_CONTEXT
    PERL_MALLOC_WRAP
    PERL_OP_PARENT
    PERL_PRESERVE_IVUV
    USE_64_BIT_ALL
    USE_64_BIT_INT
    USE_ITHREADS
    USE_LARGE_FILES
    USE_LOCALE
    USE_LOCALE_COLLATE
    USE_LOCALE_CTYPE
    USE_LOCALE_NUMERIC
    USE_LOCALE_TIME
    USE_PERLIO
    USE_PERL_ATOF
    USE_REENTRANT_API
  Locally applied patches:
    Devel::PatchPerl 1.48
  Built under openbsd
  Compiled at Jun 10 2018 14:27:37
  %ENV:
    PERL5LIB=""
    PERL5OPT=""
    PERL5_CPANPLUS_IS_RUNNING="63851"
    PERL5_CPAN_IS_RUNNING="63851"
    PERL5_CPAN_IS_RUNNING_IN_RECURSION="62517,63851"
    PERLBREW_HOME="/home/goku/.perlbrew"
    PERLBREW_MANPATH="/home/goku/perl5/perlbrew/perls/perl-5.26.2/man"
    PERLBREW_PATH="/home/goku/perl5/perlbrew/bin:/home/goku/perl5/perlbrew/perls/perl-5.26.2/bin"
    PERLBREW_PERL="perl-5.26.2"
    PERLBREW_ROOT="/home/goku/perl5/perlbrew"
    PERLBREW_SHELLRC_VERSION="0.84"
    PERLBREW_VERSION="0.84"
    PERL_CR_SMOKER_CURRENT="Config-DB-0.2"
    PERL_EXTUTILS_AUTOINSTALL="--defaultdeps"
    PERL_MM_USE_DEFAULT="1"
  @INC:
    /home/goku/perl5/perlbrew/perls/perl-5.26.2/lib/site_perl/5.26.2/OpenBSD.amd64-openbsd-thread-multi
    /home/goku/perl5/perlbrew/perls/perl-5.26.2/lib/site_perl/5.26.2
    /home/goku/perl5/perlbrew/perls/perl-5.26.2/lib/5.26.2/OpenBSD.amd64-openbsd-thread-multi
    /home/goku/perl5/perlbrew/perls/perl-5.26.2/lib/5.26.2