Report for Text-Placeholder-0.04

Back
From: metabase:user:322078bc-2aae-11df-837a-5e0a49663a4f
Subject: NA Text-Placeholder-0.04 v5.12.1 FreeBSD
Date: 2011-05-05T02:50:21Z

This distribution has been tested as part of the CPAN Testers
project, supporting the Perl programming language.  See
http://wiki.cpantesters.org/ for more information or email
questions to cpan-testers-discuss@perl.org


--

Dear WINTRU,

This is a computer-generated error report created automatically by
CPANPLUS, version 0.9104. Testers personal comments may appear
at the end of this report.


Thank you for uploading your work to CPAN.  However, it appears that
there were some problems testing your distribution.

TEST RESULTS:

Below is the error stack from stage 'make test':

[MSG] [Thu May  5 03:50:14 2011] Checking if your kit is complete...
Looks good
Warning: prerequisite Object::By 0.01 not found.
Writing Makefile for Text::Placeholder

[MSG] [Thu May  5 03:50:14 2011] DEFAULT 'filter_prereqs' HANDLER RETURNING 'sub return value'
[MSG] [Thu May  5 03:50:14 2011] Checking for previous PASS result for "Text-Placeholder-0.04"
[ERROR] [Thu May  5 03:50:14 2011] No such module 'Object::By' found on CPAN
[MSG] [Thu May  5 03:50:17 2011] cp lib/Text/Placeholder/Appliance/SQL/Retrieval_n_Display.pm blib/lib/Text/Placeholder/Appliance/SQL/Retrieval_n_Display.pm
cp lib/Text/Placeholder/Group/SQL/Result.pod blib/lib/Text/Placeholder/Group/SQL/Result.pod
cp lib/Text/Placeholder/Appliance/Directory_Listing.pod blib/lib/Text/Placeholder/Appliance/Directory_Listing.pod
cp lib/Text/Placeholder/Group/OS/Unix/File/Properties.pod blib/lib/Text/Placeholder/Group/OS/Unix/File/Properties.pod
cp lib/Text/Placeholder/Group/Perl_Inlined.pod blib/lib/Text/Placeholder/Group/Perl_Inlined.pod
cp lib/Text/Placeholder/Group/SQL/Statement.pm blib/lib/Text/Placeholder/Group/SQL/Statement.pm
cp lib/Text/Placeholder/Appliance/SQL/Retrieval_n_Display.pod blib/lib/Text/Placeholder/Appliance/SQL/Retrieval_n_Display.pod
cp lib/Text/Placeholder/Group/Counter.pm blib/lib/Text/Placeholder/Group/Counter.pm
cp lib/Text/Placeholder/Group/SQL/Statement.pod blib/lib/Text/Placeholder/Group/SQL/Statement.pod
cp lib/Text/Placeholder/Appliance/Directory_Listing.pm blib/lib/Text/Placeholder/Appliance/Directory_Listing.pm
cp lib/Text/Placeholder/Group/Counter.pod blib/lib/Text/Placeholder/Group/Counter.pod
cp lib/Text/Placeholder/Group/Generic.pod blib/lib/Text/Placeholder/Group/Generic.pod
cp lib/Text/Placeholder/Group/SQL/Result.pm blib/lib/Text/Placeholder/Group/SQL/Result.pm
cp lib/Text/Placeholder/Group/OS/Unix/File/Name.pm blib/lib/Text/Placeholder/Group/OS/Unix/File/Name.pm
cp lib/Text/Placeholder/Group/Aggregator.pod blib/lib/Text/Placeholder/Group/Aggregator.pod
cp lib/Text/Placeholder/Group/URI.pm blib/lib/Text/Placeholder/Group/URI.pm
cp lib/Text/Placeholder/Group/URI.pod blib/lib/Text/Placeholder/Group/URI.pod
cp lib/Text/Placeholder.pod blib/lib/Text/Placeholder.pod
cp lib/Text/Placeholder/Group/_.pm blib/lib/Text/Placeholder/Group/_.pm
cp lib/Text/Placeholder.pm blib/lib/Text/Placeholder.pm
cp lib/Text/Placeholder/Group/OS/Unix/File/Name.pod blib/lib/Text/Placeholder/Group/OS/Unix/File/Name.pod
cp lib/Text/Placeholder/Group/Perl_Inlined.pm blib/lib/Text/Placeholder/Group/Perl_Inlined.pm
cp lib/Text/Placeholder/Group/Aggregator.pm blib/lib/Text/Placeholder/Group/Aggregator.pm
cp lib/Text/Placeholder/Group/OS/Unix/File/Properties.pm blib/lib/Text/Placeholder/Group/OS/Unix/File/Properties.pm
cp lib/Text/Placeholder/Group/OS/Unix/File/Name.tst blib/lib/Text/Placeholder/Group/OS/Unix/File/Name.tst
cp lib/Text/Placeholder/Group/Generic.pm blib/lib/Text/Placeholder/Group/Generic.pm
Manifying blib/man3/Text::Placeholder::Group::SQL::Result.3
Manifying blib/man3/Text::Placeholder::Group::Aggregator.3
Manifying blib/man3/Text::Placeholder::Group::OS::Unix::File::Properties.3
Manifying blib/man3/Text::Placeholder::Appliance::Directory_Listing.3
Manifying blib/man3/Text::Placeholder::Group::Perl_Inlined.3
Manifying blib/man3/Text::Placeholder::Group::URI.3
Manifying blib/man3/Text::Placeholder::Group::SQL::Statement.3
Manifying blib/man3/Text::Placeholder::Appliance::SQL::Retrieval_n_Display.3
Manifying blib/man3/Text::Placeholder.3
Manifying blib/man3/Text::Placeholder::Group::Counter.3
Manifying blib/man3/Text::Placeholder::Group::OS::Unix::File::Name.3
Manifying blib/man3/Text::Placeholder::Group::Generic.3

[ERROR] [Thu May  5 03:50:18 2011] MAKE TEST failed: PERL_DL_NONLAZY=1 /usr/home/cpan/pit/thr/perl-5.12.1/bin/perl "-MExtUtils::Command::MM" "-e" "test_harness(0, 'blib/lib', 'blib/arch')" t/*.t
Can't locate Object/By/Array.pm in @INC (@INC contains: /usr/home/cpan/pit/thr/conf/perl-5.12.1/.cpanplus/5.12.1/build/Text-Placeholder-0.04/blib/lib /usr/home/cpan/pit/thr/conf/perl-5.12.1/.cpanplus/5.12.1/build/Text-Placeholder-0.04/blib/arch /usr/home/cpan/pit/thr/perl-5.12.1/lib/site_perl/5.12.1/amd64-freebsd-thread-multi /usr/home/cpan/pit/thr/perl-5.12.1/lib/site_perl/5.12.1 /usr/home/cpan/pit/thr/perl-5.12.1/lib/5.12.1/amd64-freebsd-thread-multi /usr/home/cpan/pit/thr/perl-5.12.1/lib/5.12.1) at /usr/home/cpan/pit/thr/perl-5.12.1/lib/5.12.1/parent.pm line 20.
BEGIN failed--compilation aborted at /usr/home/cpan/pit/thr/conf/perl-5.12.1/.cpanplus/5.12.1/build/Text-Placeholder-0.04/blib/lib/Text/Placeholder.pm line 7.
Compilation failed in require at t/01_generic.t line 6.
BEGIN failed--compilation aborted at t/01_generic.t line 6.
t/01_generic.t ..... 
Dubious, test returned 2 (wstat 512, 0x200)
Failed 1/1 subtests 
# Looks like your test exited with 2 before it could output anything.
Can't locate Object/By/Array.pm in @INC (@INC contains: /usr/home/cpan/pit/thr/conf/perl-5.12.1/.cpanplus/5.12.1/build/Text-Placeholder-0.04/blib/lib /usr/home/cpan/pit/thr/conf/perl-5.12.1/.cpanplus/5.12.1/build/Text-Placeholder-0.04/blib/arch /usr/home/cpan/pit/thr/perl-5.12.1/lib/site_perl/5.12.1/amd64-freebsd-thread-multi /usr/home/cpan/pit/thr/perl-5.12.1/lib/site_perl/5.12.1 /usr/home/cpan/pit/thr/perl-5.12.1/lib/5.12.1/amd64-freebsd-thread-multi /usr/home/cpan/pit/thr/perl-5.12.1/lib/5.12.1) at /usr/home/cpan/pit/thr/perl-5.12.1/lib/5.12.1/parent.pm line 20.
BEGIN failed--compilation aborted at /usr/home/cpan/pit/thr/conf/perl-5.12.1/.cpanplus/5.12.1/build/Text-Placeholder-0.04/blib/lib/Text/Placeholder.pm line 7.
Compilation failed in require at t/02_counter.t line 6.
BEGIN failed--compilation aborted at t/02_counter.t line 6.
t/02_counter.t ..... 
Dubious, test returned 2 (wstat 512, 0x200)
Failed 3/3 subtests 
# Looks like your test exited with 2 before it could output anything.
Can't locate Object/By/Array.pm in @INC (@INC contains: /usr/home/cpan/pit/thr/conf/perl-5.12.1/.cpanplus/5.12.1/build/Text-Placeholder-0.04/blib/lib /usr/home/cpan/pit/thr/conf/perl-5.12.1/.cpanplus/5.12.1/build/Text-Placeholder-0.04/blib/arch /usr/home/cpan/pit/thr/perl-5.12.1/lib/site_perl/5.12.1/amd64-freebsd-thread-multi /usr/home/cpan/pit/thr/perl-5.12.1/lib/site_perl/5.12.1 /usr/home/cpan/pit/thr/perl-5.12.1/lib/5.12.1/amd64-freebsd-thread-multi /usr/home/cpan/pit/thr/perl-5.12.1/lib/5.12.1) at /usr/home/cpan/pit/thr/perl-5.12.1/lib/5.12.1/parent.pm line 20.
BEGIN failed--compilation aborted at /usr/home/cpan/pit/thr/conf/perl-5.12.1/.cpanplus/5.12.1/build/Text-Placeholder-0.04/blib/lib/Text/Placeholder.pm line 7.
Compilation failed in require at t/03_parser.t line 6.
BEGIN failed--compilation aborted at t/03_parser.t line 6.
t/03_parser.t ...... 
Dubious, test returned 2 (wstat 512, 0x200)
Failed 1/1 subtests 
# Looks like your test exited with 2 before it could output anything.
Can't locate Object/By/Array.pm in @INC (@INC contains: /usr/home/cpan/pit/thr/conf/perl-5.12.1/.cpanplus/5.12.1/build/Text-Placeholder-0.04/blib/lib /usr/home/cpan/pit/thr/conf/perl-5.12.1/.cpanplus/5.12.1/build/Text-Placeholder-0.04/blib/arch /usr/home/cpan/pit/thr/perl-5.12.1/lib/site_perl/5.12.1/amd64-freebsd-thread-multi /usr/home/cpan/pit/thr/perl-5.12.1/lib/site_perl/5.12.1 /usr/home/cpan/pit/thr/perl-5.12.1/lib/5.12.1/amd64-freebsd-thread-multi /usr/home/cpan/pit/thr/perl-5.12.1/lib/5.12.1) at /usr/home/cpan/pit/thr/perl-5.12.1/lib/5.12.1/parent.pm line 20.
BEGIN failed--compilation aborted at /usr/home/cpan/pit/thr/conf/perl-5.12.1/.cpanplus/5.12.1/build/Text-Placeholder-0.04/blib/lib/Text/Placeholder.pm line 7.
Compilation failed in require at t/04_uri.t line 6.
BEGIN failed--compilation aborted at t/04_uri.t line 6.
t/04_uri.t ......... 
Dubious, test returned 2 (wstat 512, 0x200)
Failed 1/1 subtests 
# Looks like your test exited with 2 before it could output anything.
Can't locate Object/By/Array.pm in @INC (@INC contains: /usr/home/cpan/pit/thr/conf/perl-5.12.1/.cpanplus/5.12.1/build/Text-Placeholder-0.04/blib/lib /usr/home/cpan/pit/thr/conf/perl-5.12.1/.cpanplus/5.12.1/build/Text-Placeholder-0.04/blib/arch /usr/home/cpan/pit/thr/perl-5.12.1/lib/site_perl/5.12.1/amd64-freebsd-thread-multi /usr/home/cpan/pit/thr/perl-5.12.1/lib/site_perl/5.12.1 /usr/home/cpan/pit/thr/perl-5.12.1/lib/5.12.1/amd64-freebsd-thread-multi /usr/home/cpan/pit/thr/perl-5.12.1/lib/5.12.1) at /usr/home/cpan/pit/thr/perl-5.12.1/lib/5.12.1/parent.pm line 20.
BEGIN failed--compilation aborted at /usr/home/cpan/pit/thr/conf/perl-5.12.1/.cpanplus/5.12.1/build/Text-Placeholder-0.04/blib/lib/Text/Placeholder.pm line 7.
Compilation failed in require at t/05_combined.t line 6.
BEGIN failed--compilation aborted at t/05_combined.t line 6.
t/05_combined.t .... 
Dubious, test returned 2 (wstat 512, 0x200)
Failed 1/1 subtests 
# Looks like your test exited with 2 before it could output anything.
Can't locate Object/By/Array.pm in @INC (@INC contains: /usr/home/cpan/pit/thr/conf/perl-5.12.1/.cpanplus/5.12.1/build/Text-Placeholder-0.04/blib/lib /usr/home/cpan/pit/thr/conf/perl-5.12.1/.cpanplus/5.12.1/build/Text-Placeholder-0.04/blib/arch /usr/home/cpan/pit/thr/perl-5.12.1/lib/site_perl/5.12.1/amd64-freebsd-thread-multi /usr/home/cpan/pit/thr/perl-5.12.1/lib/site_perl/5.12.1 /usr/home/cpan/pit/thr/perl-5.12.1/lib/5.12.1/amd64-freebsd-thread-multi /usr/home/cpan/pit/thr/perl-5.12.1/lib/5.12.1) at /usr/home/cpan/pit/thr/perl-5.12.1/lib/5.12.1/parent.pm line 20.
BEGIN failed--compilation aborted at /usr/home/cpan/pit/thr/conf/perl-5.12.1/.cpanplus/5.12.1/build/Text-Placeholder-0.04/blib/lib/Text/Placeholder.pm line 7.
Compilation failed in require at t/06_aggregated.t line 6.
BEGIN failed--compilation aborted at t/06_aggregated.t line 6.
t/06_aggregated.t .. 
Dubious, test returned 2 (wstat 512, 0x200)
Failed 1/1 subtests 
# Looks like your test exited with 2 before it could output anything.
Can't locate Object/By/Array.pm in @INC (@INC contains: /usr/home/cpan/pit/thr/conf/perl-5.12.1/.cpanplus/5.12.1/build/Text-Placeholder-0.04/blib/lib /usr/home/cpan/pit/thr/conf/perl-5.12.1/.cpanplus/5.12.1/build/Text-Placeholder-0.04/blib/arch /usr/home/cpan/pit/thr/perl-5.12.1/lib/site_perl/5.12.1/amd64-freebsd-thread-multi /usr/home/cpan/pit/thr/perl-5.12.1/lib/site_perl/5.12.1 /usr/home/cpan/pit/thr/perl-5.12.1/lib/5.12.1/amd64-freebsd-thread-multi /usr/home/cpan/pit/thr/perl-5.12.1/lib/5.12.1) at /usr/home/cpan/pit/thr/perl-5.12.1/lib/5.12.1/parent.pm line 20.
BEGIN failed--compilation aborted at /usr/home/cpan/pit/thr/conf/perl-5.12.1/.cpanplus/5.12.1/build/Text-Placeholder-0.04/blib/lib/Text/Placeholder.pm line 7.
Compilation failed in require at t/07_sql_result.t line 6.
BEGIN failed--compilation aborted at t/07_sql_result.t line 6.
t/07_sql_result.t .. 
Dubious, test returned 2 (wstat 512, 0x200)
Failed 2/2 subtests 

Test Summary Report
-------------------
t/01_generic.t   (Wstat: 512 Tests: 0 Failed: 0)
  Non-zero exit status: 2
  Parse errors: Bad plan.  You planned 1 tests but ran 0.
t/02_counter.t   (Wstat: 512 Tests: 0 Failed: 0)
  Non-zero exit status: 2
  Parse errors: Bad plan.  You planned 3 tests but ran 0.
t/03_parser.t    (Wstat: 512 Tests: 0 Failed: 0)
  Non-zero exit status: 2
  Parse errors: Bad plan.  You planned 1 tests but ran 0.
t/04_uri.t       (Wstat: 512 Tests: 0 Failed: 0)
  Non-zero exit status: 2
  Parse errors: Bad plan.  You planned 1 tests but ran 0.
t/05_combined.t  (Wstat: 512 Tests: 0 Failed: 0)
  Non-zero exit status: 2
  Parse errors: Bad plan.  You planned 1 tests but ran 0.
t/06_aggregated.t (Wstat: 512 Tests: 0 Failed: 0)
  Non-zero exit status: 2
  Parse errors: Bad plan.  You planned 1 tests but ran 0.
t/07_sql_result.t (Wstat: 512 Tests: 0 Failed: 0)
  Non-zero exit status: 2
  Parse errors: Bad plan.  You planned 2 tests but ran 0.
Files=7, Tests=0,  0 wallclock secs ( 0.04 usr  0.03 sys +  0.12 cusr  0.08 csys =  0.27 CPU)
Result: FAIL
*** Error code 2

Stop in /usr/home/cpan/pit/thr/conf/perl-5.12.1/.cpanplus/5.12.1/build/Text-Placeholder-0.04.
# Looks like your test exited with 2 before it could output anything.
Failed 7/7 test programs. 0/0 subtests failed.

[MSG] [Thu May  5 03:50:18 2011] DEFAULT 'proceed_on_test_failure' HANDLER RETURNING 'sub return value'


******************************** NOTE ********************************
The comments above are created mechanically, possibly without manual
checking by the sender.  As there are many people performing automatic
tests on each upload to CPAN, it is likely that you will receive
identical messages about the same problem.

If you believe that the message is mistaken, please reply to the first
one with correction and/or additional informations, and do not take
it personally.  We appreciate your patience. :)
**********************************************************************

Additional comments:


This report was machine-generated by CPANPLUS::Dist::YACSmoke 0.62.
Powered by minismokebox version 0.44

------------------------------
ENVIRONMENT AND OTHER CONTEXT
------------------------------

Environment variables:

    AUTOMATED_TESTING = 1
    PATH = /sbin:/bin:/usr/sbin:/usr/bin:/usr/games:/usr/local/sbin:/usr/local/bin:/home/cpan/bin
    PERL5LIB = :/usr/home/cpan/pit/thr/conf/perl-5.12.1/.cpanplus/5.12.1/build/Text-Placeholder-0.04/blib/lib:/usr/home/cpan/pit/thr/conf/perl-5.12.1/.cpanplus/5.12.1/build/Text-Placeholder-0.04/blib/arch
    PERL5_CPANPLUS_IS_RUNNING = 71003
    PERL5_CPANPLUS_IS_VERSION = 0.9104
    PERL5_MINISMOKEBOX = 0.44
    PERL5_YACSMOKE_BASE = /usr/home/cpan/pit/thr/conf/perl-5.12.1
    PERL_EXTUTILS_AUTOINSTALL = --defaultdeps
    PERL_MM_USE_DEFAULT = 1
    SHELL = /usr/local/bin/bash
    TERM = screen

Perl special variables (and OS-specific diagnostics, for MSWin32):

    Perl: $^X = /usr/home/cpan/pit/thr/perl-5.12.1/bin/perl
    UID:  $<  = 1002
    EUID: $>  = 1002
    GID:  $(  = 1002 1002
    EGID: $)  = 1002 1002


-------------------------------


--

Summary of my perl5 (revision 5 version 12 subversion 1) configuration:
   
  Platform:
    osname=freebsd, osvers=9.0-current-201101, archname=amd64-freebsd-thread-multi
    uname='freebsd flooble.bingosnet.co.uk 9.0-current-201101 freebsd 9.0-current-201101 #0: mon jan 3 22:15:39 utc 2011 root@farrell.cse.buffalo.edu:usrobjusrsrcsysgeneric amd64 '
    config_args='-des -Dprefix=/usr/home/cpan/pit/thr/perl-5.12.1 -Dusethreads'
    hint=recommended, useposix=true, d_sigaction=define
    useithreads=define, usemultiplicity=define
    useperlio=define, d_sfio=undef, uselargefiles=define, usesocks=undef
    use64bitint=define, use64bitall=define, uselongdouble=undef
    usemymalloc=n, bincompat5005=undef
  Compiler:
    cc='cc', ccflags ='-DHAS_FPSETMASK -DHAS_FLOATINGPOINT_H -fno-strict-aliasing -pipe -fstack-protector -I/usr/local/include',
    optimize='-O',
    cppflags='-DHAS_FPSETMASK -DHAS_FLOATINGPOINT_H -fno-strict-aliasing -pipe -fstack-protector -I/usr/local/include'
    ccversion='', gccversion='4.2.1 20070719  [FreeBSD]', gccosandvers=''
    intsize=4, longsize=8, ptrsize=8, doublesize=8, byteorder=12345678
    d_longlong=define, longlongsize=8, d_longdbl=define, longdblsize=16
    ivtype='long', ivsize=8, nvtype='double', nvsize=8, Off_t='off_t', lseeksize=8
    alignbytes=8, prototype=define
  Linker and Libraries:
    ld='cc', ldflags ='-pthread -Wl,-E  -fstack-protector -L/usr/local/lib'
    libpth=/usr/lib /usr/local/lib
    libs=-lgdbm -lm -lcrypt
    perllibs=-lm -lcrypt
    libc=, so=so, useshrplib=false, libperl=libperl.a
    gnulibc_version=''
  Dynamic Linking:
    dlsrc=dl_dlopen.xs, dlext=so, d_dlsymun=undef, ccdlflags=' '
    cccdlflags='-DPIC -fPIC', lddlflags='-shared  -L/usr/local/lib -fstack-protector'


Characteristics of this binary (from libperl): 
  Compile-time options: MULTIPLICITY PERL_DONT_CREATE_GVSV
                        PERL_IMPLICIT_CONTEXT PERL_MALLOC_WRAP USE_64_BIT_ALL
                        USE_64_BIT_INT USE_ITHREADS USE_LARGE_FILES
                        USE_PERLIO USE_PERL_ATOF USE_REENTRANT_API
  Built under freebsd
  Compiled at Apr 29 2011 05:58:25
  %ENV:
    PERL5LIB=":/usr/home/cpan/pit/thr/conf/perl-5.12.1/.cpanplus/5.12.1/build/Text-Placeholder-0.04/blib/lib:/usr/home/cpan/pit/thr/conf/perl-5.12.1/.cpanplus/5.12.1/build/Text-Placeholder-0.04/blib/arch"
    PERL5_CPANPLUS_IS_RUNNING="71003"
    PERL5_CPANPLUS_IS_VERSION="0.9104"
    PERL5_MINISMOKEBOX="0.44"
    PERL5_YACSMOKE_BASE="/usr/home/cpan/pit/thr/conf/perl-5.12.1"
    PERL_EXTUTILS_AUTOINSTALL="--defaultdeps"
    PERL_MM_USE_DEFAULT="1"
  @INC:
    /usr/home/cpan/pit/thr/conf/perl-5.12.1/.cpanplus/5.12.1/build/Text-Placeholder-0.04/blib/lib
    /usr/home/cpan/pit/thr/conf/perl-5.12.1/.cpanplus/5.12.1/build/Text-Placeholder-0.04/blib/arch
    /usr/home/cpan/pit/thr/perl-5.12.1/lib/site_perl/5.12.1/amd64-freebsd-thread-multi
    /usr/home/cpan/pit/thr/perl-5.12.1/lib/site_perl/5.12.1
    /usr/home/cpan/pit/thr/perl-5.12.1/lib/5.12.1/amd64-freebsd-thread-multi
    /usr/home/cpan/pit/thr/perl-5.12.1/lib/5.12.1
    .