Report for App-Prove-Plugin-Distributed-0.08

Back
From: metabase:user:314402c4-2aae-11df-837a-5e0a49663a4f
Subject: FAIL App-Prove-Plugin-Distributed-0.08 v5.22.1 GNU/Linux
Date: 2017-04-24T18:25:40Z

This distribution has been tested as part of the CPAN Testers
project, supporting the Perl programming language.  See
http://wiki.cpantesters.org/ for more information or email
questions to cpan-testers-discuss@perl.org


--
Dear Shin Leong,

This is a computer-generated report for App-Prove-Plugin-Distributed-0.08
on perl 5.22.1, created by CPAN-Reporter-1.2017.

Thank you for uploading your work to CPAN.  However, there was a problem
testing your distribution.

If you think this report is invalid, please consult the CPAN Testers Wiki
for suggestions on how to avoid getting FAIL reports for missing library
or binary dependencies, unsupported operating systems, and so on:

http://wiki.cpantesters.org/wiki/CPANAuthorNotes

Sections of this report:

    * Tester comments
    * Program output
    * Prerequisites
    * Environment and other context

------------------------------
TESTER COMMENTS
------------------------------

Additional comments from tester:

none provided

------------------------------
PROGRAM OUTPUT
------------------------------

Output from 'make test':

PERL_DL_NONLAZY=1 "/opt/perl-5.22.1/bin/perl" "-MExtUtils::Command::MM" "-MTest::Harness" "-e" "undef *Test::Harness::Switches; test_harness(0, 'blib/lib', 'blib/arch')" t/*.t
t/App-Prove-Plugin-Distributed.t .. ok

#   Failed test 'Worker: next() should return the first result'
#   at t/iterator_worker.t line 77.
#          got: undef
#     expected: 'one'
Use of uninitialized value $fh in <HANDLE> at /opt/perl-5.22.1/lib/5.22.1/TAP/Parser/Iterator/Stream.pm line 78.
readline() on unopened filehandle at /opt/perl-5.22.1/lib/5.22.1/TAP/Parser/Iterator/Stream.pm line 78.
Can't use an undefined value as a symbol reference at /opt/perl-5.22.1/lib/5.22.1/TAP/Parser/Iterator/Stream.pm line 90.
# Looks like you planned 23 tests but ran 8.
# Looks like you failed 1 test of 8 run.
# Looks like your test exited with 255 just after 8.
t/iterator_worker.t ............... 
Dubious, test returned 255 (wstat 65280, 0xff00)
Failed 16/23 subtests 
t/no_tap_error.t .................. ok
t/redefine_main_bug.t ............. ok

#   Failed test '... line 1'
#   at t/source_handler.t line 159.
#          got: undef
#     expected: '1..1'
Use of uninitialized value $fh in <HANDLE> at /opt/perl-5.22.1/lib/5.22.1/TAP/Parser/Iterator/Stream.pm line 78.
readline() on unopened filehandle at /opt/perl-5.22.1/lib/5.22.1/TAP/Parser/Iterator/Stream.pm line 78.
Can't use an undefined value as a symbol reference at /opt/perl-5.22.1/lib/5.22.1/TAP/Parser/Iterator/Stream.pm line 90.
# Looks like you planned 12 tests but ran 10.
# Looks like you failed 1 test of 10 run.
# Looks like your test exited with 255 just after 10.
t/source_handler.t ................ 
Dubious, test returned 255 (wstat 65280, 0xff00)
Failed 3/12 subtests 
t/use_require_no_tap_error.t ...... ok

Test Summary Report
-------------------
t/iterator_worker.t             (Wstat: 65280 Tests: 8 Failed: 1)
  Failed test:  8
  Non-zero exit status: 255
  Parse errors: Bad plan.  You planned 23 tests but ran 8.
t/source_handler.t              (Wstat: 65280 Tests: 10 Failed: 1)
  Failed test:  10
  Non-zero exit status: 255
  Parse errors: Bad plan.  You planned 12 tests but ran 10.
Files=6, Tests=26,  0 wallclock secs ( 0.02 usr  0.00 sys +  0.16 cusr  0.01 csys =  0.19 CPU)
Result: FAIL
Failed 2/6 test programs. 2/26 subtests failed.
Makefile:921: recipe for target 'test_dynamic' failed
make: *** [test_dynamic] Error 255

------------------------------
PREREQUISITES
------------------------------

Prerequisite modules loaded:

requires:

    Module              Need Have    
    ------------------- ---- --------
    App::Prove          3.22 3.35    
    Carp                0    1.36    
    Config              0    5.022001
    Cwd                 0    3.56    
    File::Spec          0    3.56    
    Getopt::Long        0    2.45    
    IO::File            0    1.16    
    IO::Select          0    1.22    
    IO::Socket::INET    0    1.35    
    Sys::Hostname       0    1.20    
    Test::More          0    1.001014

build_requires:

    Module              Need Have    
    ------------------- ---- --------
    Test::Builder       0    1.001014
    Test::Fatal         0    0.014   
    Test::Requires      0    0.10    

configure_requires:

    Module              Need Have    
    ------------------- ---- --------
    ExtUtils::MakeMaker 0    7.04_01 


------------------------------
ENVIRONMENT AND OTHER CONTEXT
------------------------------

Environment variables:

    LANG = en_US.UTF-8
    PATH = /usr/local/bin:/usr/bin:/bin:/usr/local/sbin:/usr/sbin:/sbin:/home/eserte/bin/linux-gnu:/home/eserte/bin/sh:/home/eserte/bin:/home/eserte/bin/pistachio-perl/bin:/usr/games:/home/eserte/devel:/home/eserte/src/srezic-misc/scripts
    PERL5LIB = 
    PERL5OPT = 
    PERL5_CPANPLUS_IS_RUNNING = 13609
    PERL5_CPAN_IS_RUNNING = 13609
    PERL5_CPAN_IS_RUNNING_IN_RECURSION = 12049,13609
    PERLDOC = -MPod::Perldoc::ToTextOverstrike
    PERL_BATCH = yes
    PERL_CANARY_STABILITY_NOPROMPT = 1
    PERL_CPAN_REPORTER_CONFIG = /var/tmp/cpansmoker-1000/2017042418/cpanreporter_000_config.ini
    PERL_EXTUTILS_AUTOINSTALL = --defaultdeps
    PERL_USE_UNSAFE_INC = 1
    SHELL = /bin/zsh
    STDPERL = perl
    TERM = xterm
    TMPDIR = /var/tmp/cpansmoker-1000/2017042418

Perl special variables (and OS-specific diagnostics, for MSWin32):

    $^X = /opt/perl-5.22.1/bin/perl
    $UID/$EUID = 1000 / 1000
    $GID = 1000 4 24 25 27 29 30 44 46 108 111 115 128 1000 1024
    $EGID = 1000 4 24 25 27 29 30 44 46 108 111 115 128 1000 1024

Perl module toolchain versions installed:

    Module              Have    
    ------------------- --------
    CPAN                2.11    
    CPAN::Meta          2.150001
    Cwd                 3.56    
    ExtUtils::CBuilder  0.280221
    ExtUtils::Command   1.20    
    ExtUtils::Install   2.04    
    ExtUtils::MakeMaker 7.04_01 
    ExtUtils::Manifest  1.70    
    ExtUtils::ParseXS   3.28    
    File::Spec          3.56    
    JSON                n/a     
    JSON::PP            2.27300 
    Module::Build       0.4218  
    Module::Signature   n/a     
    Parse::CPAN::Meta   1.4414  
    Test::Harness       3.35    
    Test::More          1.001014
    YAML                1.15    
    YAML::Syck          1.29    
    version             0.9909  


--

Summary of my perl5 (revision 5 version 22 subversion 1) configuration:
   
  Platform:
    osname=linux, osvers=3.16.0-4-amd64, archname=x86_64-linux
    uname='linux cabulja 3.16.0-4-amd64 #1 smp debian 3.16.7-ckt25-2 (2016-04-08) x86_64 gnulinux '
    config_args='-ds -e -Dprefix=/opt/perl-5.22.1 -Dcf_email=srezic@cpan.org'
    hint=recommended, useposix=true, d_sigaction=define
    useithreads=undef, usemultiplicity=undef
    use64bitint=define, use64bitall=define, uselongdouble=undef
    usemymalloc=n, bincompat5005=undef
  Compiler:
    cc='cc', ccflags ='-fwrapv -fno-strict-aliasing -pipe -fstack-protector-strong -I/usr/local/include -D_LARGEFILE_SOURCE -D_FILE_OFFSET_BITS=64 -D_FORTIFY_SOURCE=2',
    optimize='-O2',
    cppflags='-fwrapv -fno-strict-aliasing -pipe -fstack-protector-strong -I/usr/local/include'
    ccversion='', gccversion='4.9.2', gccosandvers=''
    intsize=4, longsize=8, ptrsize=8, doublesize=8, byteorder=12345678, doublekind=3
    d_longlong=define, longlongsize=8, d_longdbl=define, longdblsize=16, longdblkind=3
    ivtype='long', ivsize=8, nvtype='double', nvsize=8, Off_t='off_t', lseeksize=8
    alignbytes=8, prototype=define
  Linker and Libraries:
    ld='cc', ldflags =' -fstack-protector-strong -L/usr/local/lib'
    libpth=/usr/local/lib /usr/lib/gcc/x86_64-linux-gnu/4.9/include-fixed /usr/include/x86_64-linux-gnu /usr/lib /lib/x86_64-linux-gnu /lib/../lib /usr/lib/x86_64-linux-gnu /usr/lib/../lib /lib
    libs=-lpthread -lnsl -lgdbm -ldb -ldl -lm -lcrypt -lutil -lc -lgdbm_compat
    perllibs=-lpthread -lnsl -ldl -lm -lcrypt -lutil -lc
    libc=libc-2.19.so, so=so, useshrplib=false, libperl=libperl.a
    gnulibc_version='2.19'
  Dynamic Linking:
    dlsrc=dl_dlopen.xs, dlext=so, d_dlsymun=undef, ccdlflags='-Wl,-E'
    cccdlflags='-fPIC', lddlflags='-shared -O2 -L/usr/local/lib -fstack-protector-strong'


Characteristics of this binary (from libperl): 
  Compile-time options: HAS_TIMES PERLIO_LAYERS PERL_DONT_CREATE_GVSV
                        PERL_HASH_FUNC_ONE_AT_A_TIME_HARD PERL_MALLOC_WRAP
                        PERL_NEW_COPY_ON_WRITE PERL_PRESERVE_IVUV
                        USE_64_BIT_ALL USE_64_BIT_INT USE_LARGE_FILES
                        USE_LOCALE USE_LOCALE_COLLATE USE_LOCALE_CTYPE
                        USE_LOCALE_NUMERIC USE_LOCALE_TIME USE_PERLIO
                        USE_PERL_ATOF
  Built under linux
  Compiled at May 28 2016 08:37:35
  %ENV:
    PERL5LIB=""
    PERL5OPT=""
    PERL5_CPANPLUS_IS_RUNNING="13609"
    PERL5_CPAN_IS_RUNNING="13609"
    PERL5_CPAN_IS_RUNNING_IN_RECURSION="12049,13609"
    PERLDOC="-MPod::Perldoc::ToTextOverstrike"
    PERL_BATCH="yes"
    PERL_CANARY_STABILITY_NOPROMPT="1"
    PERL_CPAN_REPORTER_CONFIG="/var/tmp/cpansmoker-1000/2017042418/cpanreporter_000_config.ini"
    PERL_EXTUTILS_AUTOINSTALL="--defaultdeps"
    PERL_USE_UNSAFE_INC="1"
  @INC:
    /opt/perl-5.22.1/lib/site_perl/5.22.1/x86_64-linux
    /opt/perl-5.22.1/lib/site_perl/5.22.1
    /opt/perl-5.22.1/lib/5.22.1/x86_64-linux
    /opt/perl-5.22.1/lib/5.22.1
    .