Report for WebService-NotifyMyAndroid-v0.0.2

Back
From: metabase:user:30977d10-2aae-11df-837a-5e0a49663a4f
Subject: FAIL WebService-NotifyMyAndroid-v0.0.2 v5.8.9 GNU/Linux
Date: 2011-08-06T16:16:20Z

This distribution has been tested as part of the CPAN Testers
project, supporting the Perl programming language.  See
http://wiki.cpantesters.org/ for more information or email
questions to cpan-testers-discuss@perl.org


--
Dear Steve Huff,

This is a computer-generated report for WebService-NotifyMyAndroid-v0.0.2
on perl 5.8.9, created by CPAN-Reporter-1.1902.

Thank you for uploading your work to CPAN.  However, there was a problem
testing your distribution.

If you think this report is invalid, please consult the CPAN Testers Wiki
for suggestions on how to avoid getting FAIL reports for missing library
or binary dependencies, unsupported operating systems, and so on:

http://wiki.cpantesters.org/wiki/CPANAuthorNotes

Sections of this report:

    * Tester comments
    * Program output
    * Prerequisites
    * Environment and other context

------------------------------
TESTER COMMENTS
------------------------------

Additional comments from tester:

this report is from an automated smoke testing program
and was not reviewed by a human for accuracy

------------------------------
PROGRAM OUTPUT
------------------------------

Output from './Build test':

# Testing WebService::NotifyMyAndroid v0.0.2
t/00.load.t ....... ok
t/01.verify.t ..... ok
t/02.notify.t ..... ok

#   Failed test 'Test::Perl::Critic for "blib/lib/WebService/NotifyMyAndroid.pm"'
#   at /home/trushel/perl/perl589m/lib/site_perl/5.8.9/Test/Perl/Critic.pm line 110.
# 
# Perl::Critic found these violations in "blib/lib/WebService/NotifyMyAndroid.pm":
# Modules have to return a true value ("1;") at line 1, column 1.  Use "1;" as the last statement of the module.  (Severity: 5)
# I/O layer ":utf8" used at line 6, column 1.  Use ":encoding(UTF-8)" to get strict validation.  (Severity: 5)
# Variable, subroutine, and package names have to be in CamelCase at line 18, column 13.  (no explanation).  (Severity: 5)
# Variable, subroutine, and package names have to be in CamelCase at line 35, column 24.  (no explanation).  (Severity: 5)
# Variable, subroutine, and package names have to be in CamelCase at line 41, column 4.  (no explanation).  (Severity: 5)
# Variable, subroutine, and package names have to be in CamelCase at line 45, column 33.  (no explanation).  (Severity: 5)
# Variable, subroutine, and package names have to be in CamelCase at line 52, column 33.  (no explanation).  (Severity: 5)
# Variable, subroutine, and package names have to be in CamelCase at line 57, column 1.  (no explanation).  (Severity: 5)
# Variable, subroutine, and package names have to be in CamelCase at line 58, column 8.  (no explanation).  (Severity: 5)
# Variable, subroutine, and package names have to be in CamelCase at line 59, column 8.  (no explanation).  (Severity: 5)
# Variable, subroutine, and package names have to be in CamelCase at line 59, column 33.  (no explanation).  (Severity: 5)
# Variable, subroutine, and package names have to be in CamelCase at line 60, column 5.  (no explanation).  (Severity: 5)
# Variable, subroutine, and package names have to be in CamelCase at line 60, column 28.  (no explanation).  (Severity: 5)
# Method invokation should use "()" at line 60, column 37.  Use "->MethodName()" instead of "->MethodName".  (Severity: 5)
# Variable, subroutine, and package names have to be in CamelCase at line 63, column 4.  (no explanation).  (Severity: 5)
# Use of bitwise operator at line 65, column 24.  Use of bitwise operator "|".  (Severity: 5)
# Variable, subroutine, and package names have to be in CamelCase at line 67, column 33.  (no explanation).  (Severity: 5)
# Variable, subroutine, and package names have to be in CamelCase at line 92, column 33.  (no explanation).  (Severity: 5)
# Variable, subroutine, and package names have to be in CamelCase at line 97, column 1.  (no explanation).  (Severity: 5)
# Variable, subroutine, and package names have to be in CamelCase at line 98, column 8.  (no explanation).  (Severity: 5)
# Variable, subroutine, and package names have to be in CamelCase at line 99, column 8.  (no explanation).  (Severity: 5)
# Variable, subroutine, and package names have to be in CamelCase at line 99, column 33.  (no explanation).  (Severity: 5)
# Variable, subroutine, and package names have to be in CamelCase at line 100, column 5.  (no explanation).  (Severity: 5)
# Variable, subroutine, and package names have to be in CamelCase at line 100, column 29.  (no explanation).  (Severity: 5)
# Method invokation should use "()" at line 100, column 38.  Use "->MethodName()" instead of "->MethodName".  (Severity: 5)
# Variable, subroutine, and package names have to be in CamelCase at line 105, column 1.  (no explanation).  (Severity: 5)
# Variable, subroutine, and package names have to be in CamelCase at line 106, column 9.  (no explanation).  (Severity: 5)
# Variable, subroutine, and package names have to be in CamelCase at line 106, column 21.  (no explanation).  (Severity: 5)
# Variable, subroutine, and package names have to be in CamelCase at line 108, column 15.  (no explanation).  (Severity: 5)
# Variable, subroutine, and package names have to be in CamelCase at line 109, column 20.  (no explanation).  (Severity: 5)
# Variable, subroutine, and package names have to be in CamelCase at line 109, column 29.  (no explanation).  (Severity: 5)
# Variable, subroutine, and package names have to be in CamelCase at line 110, column 29.  (no explanation).  (Severity: 5)
# Use of low precedence operators is not allowed at line 110, column 36.  Replace low precedence operators with the high precedence substitutes.  (Severity: 5)
# Variable, subroutine, and package names have to be in CamelCase at line 114, column 9.  (no explanation).  (Severity: 5)
# Use of low precedence operators is not allowed at line 114, column 38.  Replace low precedence operators with the high precedence substitutes.  (Severity: 5)
# Variable, subroutine, and package names have to be in CamelCase at line 116, column 13.  (no explanation).  (Severity: 5)
# Looks like you failed 1 test of 1.
t/perlcritic.t .... 
Dubious, test returned 1 (wstat 256, 0x100)
Failed 1/1 subtests 
t/pod-coverage.t .. ok
t/pod.t ........... ok

Test Summary Report
-------------------
t/perlcritic.t  (Wstat: 256 Tests: 1 Failed: 1)
  Failed test:  1
  Non-zero exit status: 1
Files=6, Tests=8,  6 wallclock secs ( 0.04 usr  0.01 sys +  1.41 cusr  0.20 csys =  1.66 CPU)
Result: FAIL
Failed 1/6 test programs. 1/8 subtests failed.

------------------------------
PREREQUISITES
------------------------------

Prerequisite modules loaded:

requires:

    Module              Need Have      
    ------------------- ---- ----------
    Carp                0    1.10      
    Params::Validate    0    1.00      
    Readonly            0    1.03      
    Regexp::Common      0    2011041701
    version             0    0.93      
    WebService::Simple  0    0.18      
    XML::Simple         0    2.18      

configure_requires:

    Module              Need Have      
    ------------------- ---- ----------
    Module::Build       0.36 0.3800    
    Test::More          0    0.98      
    Test::Perl::Critic  0    1.02      
    Test::Pod           1.14 1.45      
    Test::Pod::Coverage 1.04 1.08      


------------------------------
ENVIRONMENT AND OTHER CONTEXT
------------------------------

Environment variables:

    AUTOMATED_TESTING = 1
    LANG = en_US.UTF-8
    LANGUAGE = en
    LC_COLLATE = C
    LC_MONETARY = C
    LC_NUMERIC = C
    LC_TIME = C
    PATH = /usr/local/sbin:/usr/local/bin:/usr/sbin:/usr/bin:/sbin:/bin
    PERL5LIB = 
    PERL5OPT = 
    PERL5_CPANPLUS_IS_RUNNING = 25751
    PERL5_CPAN_IS_RUNNING = 25751
    PERL5_CPAN_IS_RUNNING_IN_RECURSION = 2687,25751
    PERL_CR_SMOKER_CURRENT = WebService-NotifyMyAndroid-v0.0.2
    PERL_EXTUTILS_AUTOINSTALL = --defaultdeps
    PERL_MM_USE_DEFAULT = 1
    SHELL = /bin/bash
    TERM = xterm

Perl special variables (and OS-specific diagnostics, for MSWin32):

    $^X = /home/trushel/perl/perl589m/bin/perl
    $UID/$EUID = 138375 / 138375
    $GID = 5762 4 20 21 24 25 26 30 44 46 104 105 119 122 431 5762
    $EGID = 5762 4 20 21 24 25 26 30 44 46 104 105 119 122 431 5762

Perl module toolchain versions installed:

    Module              Have    
    ------------------- --------
    CPAN                1.97_51 
    Cwd                 3.33    
    ExtUtils::CBuilder  0.280202
    ExtUtils::Command   1.16    
    ExtUtils::Install   1.54    
    ExtUtils::MakeMaker 6.58    
    ExtUtils::Manifest  1.58    
    ExtUtils::ParseXS   3.02    
    File::Spec          3.33    
    Module::Build       0.3800  
    Module::Signature   n/a     
    Test::Harness       3.23    
    Test::More          0.98    
    YAML                0.73    
    YAML::Syck          1.17    
    version             0.93    


--

Summary of my perl5 (revision 5 version 8 subversion 9) configuration:
  Platform:
    osname=linux, osvers=2.6.32-33-generic, archname=x86_64-linux-multi
    uname='linux trushel-glaptop 2.6.32-33-generic #70-ubuntu smp thu jul 7 21:13:52 utc 2011 x86_64 gnulinux '
    config_args=''
    hint=recommended, useposix=true, d_sigaction=define
    usethreads=undef use5005threads=undef useithreads=undef usemultiplicity=define
    useperlio=define d_sfio=undef uselargefiles=define usesocks=undef
    use64bitint=define use64bitall=define uselongdouble=undef
    usemymalloc=n, bincompat5005=undef
  Compiler:
    cc='cc', ccflags ='-fno-strict-aliasing -pipe -I/usr/local/include -D_LARGEFILE_SOURCE -D_FILE_OFFSET_BITS=64',
    optimize='-O2',
    cppflags='-fno-strict-aliasing -pipe -I/usr/local/include'
    ccversion='', gccversion='4.4.3', gccosandvers=''
    intsize=4, longsize=8, ptrsize=8, doublesize=8, byteorder=12345678
    d_longlong=define, longlongsize=8, d_longdbl=define, longdblsize=16
    ivtype='long', ivsize=8, nvtype='double', nvsize=8, Off_t='off_t', lseeksize=8
    alignbytes=8, prototype=define
  Linker and Libraries:
    ld='cc', ldflags =' -L/usr/local/lib'
    libpth=/usr/local/lib /lib /usr/lib /lib64 /usr/lib64
    libs=-lnsl -ldb -ldl -lm -lcrypt -lutil -lc
    perllibs=-lnsl -ldl -lm -lcrypt -lutil -lc
    libc=/lib/libc-2.11.1.so, so=so, useshrplib=false, libperl=libperl.a
    gnulibc_version='2.11.1'
  Dynamic Linking:
    dlsrc=dl_dlopen.xs, dlext=so, d_dlsymun=undef, ccdlflags='-Wl,-E'
    cccdlflags='-fPIC', lddlflags='-shared -O2 -L/usr/local/lib'


Characteristics of this binary (from libperl): 
  Compile-time options: MULTIPLICITY PERL_IMPLICIT_CONTEXT PERL_MALLOC_WRAP
                        USE_64_BIT_ALL USE_64_BIT_INT USE_FAST_STDIO
                        USE_LARGE_FILES USE_PERLIO
  Built under linux
  Compiled at Aug  1 2011 06:32:31
  %ENV:
    PERL5LIB=""
    PERL5OPT=""
    PERL5_CPANPLUS_IS_RUNNING="25751"
    PERL5_CPAN_IS_RUNNING="25751"
    PERL5_CPAN_IS_RUNNING_IN_RECURSION="2687,25751"
    PERL_CR_SMOKER_CURRENT="WebService-NotifyMyAndroid-v0.0.2"
    PERL_EXTUTILS_AUTOINSTALL="--defaultdeps"
    PERL_MM_USE_DEFAULT="1"
  @INC:
    /home/trushel/perl/perl589m/lib/5.8.9/x86_64-linux-multi
    /home/trushel/perl/perl589m/lib/5.8.9
    /home/trushel/perl/perl589m/lib/site_perl/5.8.9/x86_64-linux-multi
    /home/trushel/perl/perl589m/lib/site_perl/5.8.9
    .