QBit-Application-Model-DB v0.023 Perl 5 v5.26.1 amd64-freebsd-thread-multi
- Status
- Fail
- From
- Slaven Rezić (SREZIC)
- Dist
-
QBit-Application-Model-DB v0.023
- Platform
- Perl 5 v5.26.1 amd64-freebsd-thread-multi
- Date
- 2017-11-07 22:38:48
- ID
- 6bd77cf4-c40c-11e7-8ed5-a9d5a594eef5
This distribution has been tested as part of the CPAN Testers
project, supporting the Perl programming language. See
http://wiki.cpantesters.org/ for more information or email
questions to cpan-testers-discuss@perl.org
--
Dear Igor Sverdlov,
This is a computer-generated report for QBit-Application-Model-DB-0.023
on perl 5.26.1, created by CPAN-Reporter-1.2018.
Thank you for uploading your work to CPAN. However, there was a problem
testing your distribution.
If you think this report is invalid, please consult the CPAN Testers Wiki
for suggestions on how to avoid getting FAIL reports for missing library
or binary dependencies, unsupported operating systems, and so on:
http://wiki.cpantesters.org/wiki/CPANAuthorNotes
Sections of this report:
* Tester comments
* Program output
* Prerequisites
* Environment and other context
------------------------------
TESTER COMMENTS
------------------------------
Additional comments from tester:
none provided
------------------------------
PROGRAM OUTPUT
------------------------------
Output from '/usr/bin/make test':
PERL_DL_NONLAZY=1 "/usr/perl5.26.1t/bin/perl" "-MExtUtils::Command::MM" "-MTest::Harness" "-e" "undef *Test::Harness::Switches; test_harness(0, 'blib/lib', 'blib/arch')" t/*.t
Use of uninitialized value $class:: in concatenation (.) or string at /usr/home/cpansand/.cpan/build/2017110718/QBit-Application-Model-DB-0.023-1/lib/QBit/Application/Model/DB.pm line 254.
# Looks like your test exited with 255 before it could output anything.
t/qbit-application-model-db-multiple.t ......
Dubious, test returned 255 (wstat 65280, 0xff00)
Failed 2/2 subtests
Use of uninitialized value $class:: in concatenation (.) or string at /usr/home/cpansand/.cpan/build/2017110718/QBit-Application-Model-DB-0.023-1/lib/QBit/Application/Model/DB.pm line 254.
# Looks like your test exited with 255 before it could output anything.
t/qbit-application-model-db-query-having.t ..
Dubious, test returned 255 (wstat 65280, 0xff00)
Failed 1/1 subtests
Use of uninitialized value $class:: in concatenation (.) or string at /usr/home/cpansand/.cpan/build/2017110718/QBit-Application-Model-DB-0.023-1/lib/QBit/Application/Model/DB.pm line 254.
# Looks like your test exited with 255 before it could output anything.
t/qbit-application-model-db.t ...............
Dubious, test returned 255 (wstat 65280, 0xff00)
Failed 26/26 subtests
Test Summary Report
-------------------
t/qbit-application-model-db-multiple.t (Wstat: 65280 Tests: 0 Failed: 0)
Non-zero exit status: 255
Parse errors: Bad plan. You planned 2 tests but ran 0.
t/qbit-application-model-db-query-having.t (Wstat: 65280 Tests: 0 Failed: 0)
Non-zero exit status: 255
Parse errors: Bad plan. You planned 1 tests but ran 0.
t/qbit-application-model-db.t (Wstat: 65280 Tests: 0 Failed: 0)
Non-zero exit status: 255
Parse errors: Bad plan. You planned 26 tests but ran 0.
Files=3, Tests=0, 1 wallclock secs ( 0.05 usr 0.02 sys + 0.98 cusr 0.16 csys = 1.21 CPU)
Result: FAIL
Failed 3/3 test programs. 0/0 subtests failed.
*** Error code 255
Stop.
make: stopped in /usr/home/cpansand/.cpan/build/2017110718/QBit-Application-Model-DB-0.023-1
------------------------------
PREREQUISITES
------------------------------
Prerequisite modules loaded:
requires:
Module Need Have
------------------------ ---- --------
base 0 2.26
DBI 0 1.637
Exception 0 0.102
qbit 0 2.4
QBit::Application::Model 0 0.015
QBit::Class 0 0.3
strict 0 1.11
Sys::Hostname 0 1.20
Sys::SigAction 0 0.23
build_requires:
Module Need Have
------------------------ ---- --------
DBD::Mock 0 1.45
ExtUtils::MakeMaker 0 7.30
lib::abs 0 0.93
QBit::Application 0 0.015
Test::Differences 0 0.64
Test::More 0 1.302106
configure_requires:
Module Need Have
------------------------ ---- --------
ExtUtils::MakeMaker 0 7.30
------------------------------
ENVIRONMENT AND OTHER CONTEXT
------------------------------
Environment variables:
PATH = /usr/local/bin:/usr/bin:/bin:/usr/local/sbin:/usr/sbin:/sbin:/home/cpansand/bin/freebsd12.0:/home/cpansand/bin/sh:/home/cpansand/bin:/usr/games:/home/cpansand/devel:/usr/home/eserte/src/srezic-misc/scripts
PERL5LIB =
PERL5OPT =
PERL5_CPANPLUS_IS_RUNNING = 34810
PERL5_CPAN_IS_RUNNING = 34810
PERL5_CPAN_IS_RUNNING_IN_RECURSION = 2428,34810
PERL_BATCH = yes
PERL_CANARY_STABILITY_NOPROMPT = 1
PERL_CPAN_REPORTER_CONFIG = /var/tmp/cpansmoker-1023/2017110718/cpanreporter_000_config.ini
PERL_EXTUTILS_AUTOINSTALL = --defaultdeps
PERL_USE_UNSAFE_INC = 1
SHELL = /bin/sh
TMPDIR = /var/tmp/cpansmoker-1023/2017110718
Perl special variables (and OS-specific diagnostics, for MSWin32):
$^X = /usr/perl5.26.1t/bin/perl
$UID/$EUID = 1023 / 1023
$GID = 1023 1023
$EGID = 1023 1023
Perl module toolchain versions installed:
Module Have
------------------- --------
CPAN 2.18
CPAN::Meta 2.150010
Cwd 3.67
ExtUtils::CBuilder 0.280226
ExtUtils::Command 7.30
ExtUtils::Install 2.06
ExtUtils::MakeMaker 7.30
ExtUtils::Manifest 1.70
ExtUtils::ParseXS 3.34
File::Spec 3.67
JSON 2.94
JSON::PP 2.94
Module::Build 0.4224
Module::Signature 0.81
Parse::CPAN::Meta 2.150010
Test::Harness 3.39
Test::More 1.302106
YAML 1.24
YAML::Syck 1.30
version 0.9917
--
Summary of my perl5 (revision 5 version 26 subversion 1) configuration:
Platform:
osname=freebsd
osvers=12.0-current
archname=amd64-freebsd-thread-multi
uname='freebsd freebsd 12.0-current freebsd 12.0-current #0 fcca5326804(master): mon oct 23 13:24:36 cest 2017 root@freebsd:usrobjusrsrcsysgeneric-nodebug amd64 '
config_args='-ds -e -Dprefix=/usr/perl5.26.1t -Dusethreads -Dcf_email=srezic@cpan.org -Doptimize=-O2 -pipe'
hint=recommended
useposix=true
d_sigaction=define
useithreads=define
usemultiplicity=define
use64bitint=define
use64bitall=define
uselongdouble=undef
usemymalloc=n
default_inc_excludes_dot=define
bincompat5005=undef
Compiler:
cc='cc'
ccflags ='-DHAS_FPSETMASK -DHAS_FLOATINGPOINT_H -fno-strict-aliasing -pipe -fstack-protector-strong -I/usr/local/include -D_FORTIFY_SOURCE=2'
optimize='-O2 -pipe'
cppflags='-DHAS_FPSETMASK -DHAS_FLOATINGPOINT_H -fno-strict-aliasing -pipe -fstack-protector-strong -I/usr/local/include'
ccversion=''
gccversion='4.2.1 Compatible FreeBSD Clang 5.0.0 (tags/RELEASE_500/final 312559)'
gccosandvers=''
intsize=4
longsize=8
ptrsize=8
doublesize=8
byteorder=12345678
doublekind=3
d_longlong=define
longlongsize=8
d_longdbl=define
longdblsize=16
longdblkind=3
ivtype='long'
ivsize=8
nvtype='double'
nvsize=8
Off_t='off_t'
lseeksize=8
alignbytes=8
prototype=define
Linker and Libraries:
ld='cc'
ldflags ='-pthread -Wl,-E -fstack-protector-strong -L/usr/local/lib'
libpth=/usr/lib /usr/local/lib /usr/lib/clang/5.0.0/lib /usr/lib
libs=-lpthread -lgdbm -lm -lcrypt -lutil
perllibs=-lpthread -lm -lcrypt -lutil
libc=
so=so
useshrplib=false
libperl=libperl.a
gnulibc_version=''
Dynamic Linking:
dlsrc=dl_dlopen.xs
dlext=so
d_dlsymun=undef
ccdlflags=' '
cccdlflags='-DPIC -fPIC'
lddlflags='-shared -L/usr/local/lib -fstack-protector-strong'
Characteristics of this binary (from libperl):
Compile-time options:
HAS_TIMES
MULTIPLICITY
PERLIO_LAYERS
PERL_COPY_ON_WRITE
PERL_DONT_CREATE_GVSV
PERL_IMPLICIT_CONTEXT
PERL_MALLOC_WRAP
PERL_OP_PARENT
PERL_PRESERVE_IVUV
USE_64_BIT_ALL
USE_64_BIT_INT
USE_ITHREADS
USE_LARGE_FILES
USE_LOCALE
USE_LOCALE_COLLATE
USE_LOCALE_CTYPE
USE_LOCALE_NUMERIC
USE_LOCALE_TIME
USE_PERLIO
USE_PERL_ATOF
USE_REENTRANT_API
Built under freebsd
Compiled at Oct 24 2017 21:46:16
%ENV:
PERL5LIB=""
PERL5OPT=""
PERL5_CPANPLUS_IS_RUNNING="34810"
PERL5_CPAN_IS_RUNNING="34810"
PERL5_CPAN_IS_RUNNING_IN_RECURSION="2428,34810"
PERL_BATCH="yes"
PERL_CANARY_STABILITY_NOPROMPT="1"
PERL_CPAN_REPORTER_CONFIG="/var/tmp/cpansmoker-1023/2017110718/cpanreporter_000_config.ini"
PERL_EXTUTILS_AUTOINSTALL="--defaultdeps"
PERL_USE_UNSAFE_INC="1"
@INC:
/usr/perl5.26.1t/lib/site_perl/5.26.1/amd64-freebsd-thread-multi
/usr/perl5.26.1t/lib/site_perl/5.26.1
/usr/perl5.26.1t/lib/5.26.1/amd64-freebsd-thread-multi
/usr/perl5.26.1t/lib/5.26.1
.