OpenERP-XMLRPC-Simple v0.25 Perl 5 v5.43.2 x86_64-linux

Status
Fail
From
Andreas J. König (ANDK)
Dist
OpenERP-XMLRPC-Simple v0.25
Platform
Perl 5 v5.43.2 x86_64-linux
Date
2025-09-05 04:04:29
ID
6bdcf5ce-8a0d-11f0-880d-cf490a1bcb00
This distribution has been tested as part of the CPAN Testers
project, supporting the Perl programming language.  See
http://wiki.cpantesters.org/ for more information or email
questions to cpan-testers-discuss@perl.org


--
Dear Nicholas Booker,

This is a computer-generated report for OpenERP-XMLRPC-Simple-0.25
on perl 5.43.2, created by CPAN-Reporter-1.2020.

Thank you for uploading your work to CPAN.  However, there was a problem
testing your distribution.

If you think this report is invalid, please consult the CPAN Testers Wiki
for suggestions on how to avoid getting FAIL reports for missing library
or binary dependencies, unsupported operating systems, and so on:

http://wiki.cpantesters.org/wiki/CPANAuthorNotes

Sections of this report:

    * Tester comments
    * Program output
    * Prerequisites
    * Environment and other context

------------------------------
TESTER COMMENTS
------------------------------

Additional comments from tester:

this report is from an automated smoke testing program
and was not reviewed by a human for accuracy

------------------------------
PROGRAM OUTPUT
------------------------------

Output from '/usr/bin/make test':

PERL_DL_NONLAZY=1 "/tmp/basesmoker-reloperl-X2Ur/bin/perl" "-MExtUtils::Command::MM" "-MTest::Harness" "-e" "undef *Test::Harness::Switches; test_harness(0, 'blib/lib', 'blib/arch')" t/*.t
# Testing OpenERP::XMLRPC::Client 
t/00-load.t ............ ok
# 
# Versions for all modules listed in MYMETA.json (including optional ones):
# 
# === Configure Requires ===
# 
#     Module              Want Have
#     ------------------- ---- ----
#     ExtUtils::MakeMaker  any 7.76
# 
# === Build Requires ===
# 
#     Module              Want Have
#     ------------------- ---- ----
#     ExtUtils::MakeMaker  any 7.76
# 
# === Test Requires ===
# 
#     Module              Want     Have
#     ------------------- ---- --------
#     Data::Dumper         any    2.192
#     ExtUtils::MakeMaker  any     7.76
#     File::ShareDir       any    1.118
#     File::Slurp          any  9999.32
#     File::Spec           any     3.94
#     FindBin              any     1.54
#     HTTP::Request        any     7.00
#     HTTP::Response       any     7.00
#     IO::File             any     1.55
#     Net::HTTPServer      any    1.1.1
#     Test::More          0.96 1.302214
#     XML::Simple          any     2.25
#     lib                  any     0.65
#     strict               any     1.14
#     warnings             any     1.74
# 
# === Test Recommends ===
# 
#     Module         Want     Have
#     ---------- -------- --------
#     CPAN::Meta 2.120900 2.150010
# 
# === Runtime Requires ===
# 
#     Module                       Want    Have
#     ---------------------------- ---- -------
#     MIME::Base64                  any 3.16_01
#     Moose                         any  2.4000
#     MooseX::Role::XMLRPC::Client  any    0.06
#     failures                      any   0.004
# 
t/00-report-prereqs.t .. ok
Nonblocking reads only make sense if you're giving me file handles, y'know (well, actually sockets). Use parse_file at /home/sand/src/perl/repoperls/installed-perls/host/k93focal/v5.43.2/b254/lib/site_perl/5.43.2/XML/Simple.pm line 396.
XML::Simple called at /tmp/loop_over_bdir-1215702-hxGB3Y/OpenERP-XMLRPC-Simple-0.25-0/t/lib/Test/MockOpenERP.pm line 230.
RPC::XML::Client::send_request: HTTP server error: Server closed connection without sending any data back at /home/sand/src/perl/repoperls/installed-perls/host/k93focal/v5.43.2/b254/lib/site_perl/5.43.2/MooseX/Role/XMLRPC/Client.pm line 101.
	MooseX::Role::XMLRPC::Client::__ANON__("RPC::XML::Client::send_request: HTTP server error: Server clo"...) called at /home/sand/src/perl/repoperls/installed-perls/host/k93focal/v5.43.2/b254/lib/site_perl/5.43.2/RPC/XML/Client.pm line 430
	RPC::XML::Client::send_request(RPC::XML::Client=HASH(0x559bdb326a68), "login", RPC::XML::string=SCALAR(0x559bdad714f8), "admin", SCALAR(0x559bdbbc89f0)) called at /tmp/loop_over_bdir-1215702-hxGB3Y/OpenERP-XMLRPC-Simple-0.25-0/blib/lib/OpenERP/XMLRPC/Client.pm line 49
	OpenERP::XMLRPC::Client::openerp_login(OpenERP::XMLRPC::Client=HASH(0x559bdb89d3e0)) called at /tmp/loop_over_bdir-1215702-hxGB3Y/OpenERP-XMLRPC-Simple-0.25-0/blib/lib/OpenERP/XMLRPC/Client.pm line 91
	OpenERP::XMLRPC::Client::BUILD(OpenERP::XMLRPC::Client=HASH(0x559bdb89d3e0), HASH(0x559bd9dd5d40)) called at /home/sand/src/perl/repoperls/installed-perls/host/k93focal/v5.43.2/b254/lib/site_perl/5.43.2/x86_64-linux/Class/MOP/Method.pm line 128
	Class::MOP::Method::execute(Moose::Meta::Method=HASH(0x559bdae9eec8), OpenERP::XMLRPC::Client=HASH(0x559bdb89d3e0), HASH(0x559bd9dd5d40)) called at /home/sand/src/perl/repoperls/installed-perls/host/k93focal/v5.43.2/b254/lib/site_perl/5.43.2/x86_64-linux/Moose/Object.pm line 54
	Moose::Object::BUILDALL(OpenERP::XMLRPC::Client=HASH(0x559bdb89d3e0), HASH(0x559bd9dd5d40)) called at /home/sand/src/perl/repoperls/installed-perls/host/k93focal/v5.43.2/b254/lib/site_perl/5.43.2/x86_64-linux/Moose/Meta/Class.pm line 279
	Moose::Meta::Class::new_object(Moose::Meta::Class=HASH(0x559bd9d74750), HASH(0x559bd9dd5d40)) called at /home/sand/src/perl/repoperls/installed-perls/host/k93focal/v5.43.2/b254/lib/site_perl/5.43.2/x86_64-linux/Moose/Object.pm line 24
	Moose::Object::new("OpenERP::XMLRPC::Client", "port", 8000) called at t/01-xmlrpc-client.t line 27
# Tests were run but no plan was declared and done_testing() was not seen.
# Looks like your test exited with 255 just after 1.
t/01-xmlrpc-client.t ... 
Dubious, test returned 255 (wstat 65280, 0xff00)
All 1 subtests passed 
# 
# #################################################################
# #                                                               #
# # The following tests are built to run against a Mock OpenERP.  #
# # (and will do, by default)                                     #
# # To run the tests against a real OpenERP please specify the    #
# # following $ENV variables                                      #
# #                                                               #
# #     OPENERP_SIMPLE_HOST - required!                           #
# #     OPENERP_SIMPLE_PORT - default = 8069                      #
# #     OPENERP_SIMPLE_NAME - default = terp                      #
# #     OPENERP_SIMPLE_USER - default = admin                     #
# #     OPENERP_SIMPLE_PASS - default = admin                     #
# #                                                               #
# #################################################################
# Testing against mock OpenERP server
Nonblocking reads only make sense if you're giving me file handles, y'know (well, actually sockets). Use parse_file at /home/sand/src/perl/repoperls/installed-perls/host/k93focal/v5.43.2/b254/lib/site_perl/5.43.2/XML/Simple.pm line 396.
XML::Simple called at /tmp/loop_over_bdir-1215702-hxGB3Y/OpenERP-XMLRPC-Simple-0.25-0/t/lib/Test/MockOpenERP.pm line 230.
RPC::XML::Client::send_request: HTTP server error: Server closed connection without sending any data back at /home/sand/src/perl/repoperls/installed-perls/host/k93focal/v5.43.2/b254/lib/site_perl/5.43.2/MooseX/Role/XMLRPC/Client.pm line 101.
	MooseX::Role::XMLRPC::Client::__ANON__("RPC::XML::Client::send_request: HTTP server error: Server clo"...) called at /home/sand/src/perl/repoperls/installed-perls/host/k93focal/v5.43.2/b254/lib/site_perl/5.43.2/RPC/XML/Client.pm line 430
	RPC::XML::Client::send_request(RPC::XML::Client=HASH(0x55c1333a6b68), "login", RPC::XML::string=SCALAR(0x55c132592220), "admin", SCALAR(0x55c133482720)) called at /tmp/loop_over_bdir-1215702-hxGB3Y/OpenERP-XMLRPC-Simple-0.25-0/blib/lib/OpenERP/XMLRPC/Client.pm line 49
	OpenERP::XMLRPC::Client::openerp_login(OpenERP::XMLRPC::Client=HASH(0x55c1326d7b88)) called at /tmp/loop_over_bdir-1215702-hxGB3Y/OpenERP-XMLRPC-Simple-0.25-0/blib/lib/OpenERP/XMLRPC/Client.pm line 91
	OpenERP::XMLRPC::Client::BUILD(OpenERP::XMLRPC::Client=HASH(0x55c1326d7b88), HASH(0x55c1327b5698)) called at /home/sand/src/perl/repoperls/installed-perls/host/k93focal/v5.43.2/b254/lib/site_perl/5.43.2/x86_64-linux/Class/MOP/Method.pm line 128
	Class::MOP::Method::execute(Moose::Meta::Method=HASH(0x55c13116bca0), OpenERP::XMLRPC::Client=HASH(0x55c1326d7b88), HASH(0x55c1327b5698)) called at /home/sand/src/perl/repoperls/installed-perls/host/k93focal/v5.43.2/b254/lib/site_perl/5.43.2/x86_64-linux/Moose/Object.pm line 54
	Moose::Object::BUILDALL(OpenERP::XMLRPC::Client=HASH(0x55c1326d7b88), HASH(0x55c1327b5698)) called at /home/sand/src/perl/repoperls/installed-perls/host/k93focal/v5.43.2/b254/lib/site_perl/5.43.2/x86_64-linux/Moose/Meta/Class.pm line 279
	Moose::Meta::Class::new_object(Moose::Meta::Class=HASH(0x55c1315821c8), HASH(0x55c1327b5698)) called at /home/sand/src/perl/repoperls/installed-perls/host/k93focal/v5.43.2/b254/lib/site_perl/5.43.2/x86_64-linux/Moose/Object.pm line 24
	Moose::Object::new("OpenERP::XMLRPC::Client", "port", 8000) called at t/02-xmlrpc-simple.t line 85
# Looks like your test exited with 255 just after 1.
t/02-xmlrpc-simple.t ... 
Dubious, test returned 255 (wstat 65280, 0xff00)
Failed 17/18 subtests 
t/author-critic.t ...... skipped: these tests are for testing by the author
t/pod.t ................ skipped: set TEST_POD to enable this test

Test Summary Report
-------------------
t/01-xmlrpc-client.t (Wstat: 65280 (exited 255) Tests: 1 Failed: 0)
  Non-zero exit status: 255
  Parse errors: No plan found in TAP output
t/02-xmlrpc-simple.t (Wstat: 65280 (exited 255) Tests: 1 Failed: 0)
  Non-zero exit status: 255
  Parse errors: Bad plan.  You planned 18 tests but ran 1.
Files=6, Tests=4,  5 wallclock secs ( 0.03 usr  0.00 sys +  2.71 cusr  0.29 csys =  3.03 CPU)
Result: FAIL
Failed 2/6 test programs. 0/4 subtests failed.
make: *** [Makefile:893: test_dynamic] Error 255

------------------------------
PREREQUISITES
------------------------------

Prerequisite modules loaded:

requires:

    Module                       Need  Have    
    ---------------------------- ----- --------
    failures                     0     0.004   
    MIME::Base64                 0     3.16_01 
    Moose                        0     2.4000  
    MooseX::Role::XMLRPC::Client 0     0.06    
    perl                         5.010 5.043002

build_requires:

    Module                       Need  Have    
    ---------------------------- ----- --------
    Data::Dumper                 0     2.192   
    ExtUtils::MakeMaker          0     7.76    
    File::ShareDir               0     1.118   
    File::Slurp                  0     9999.32 
    File::Spec                   0     3.94    
    FindBin                      0     1.54    
    HTTP::Request                0     7.00    
    HTTP::Response               0     7.00    
    IO::File                     0     1.55    
    lib                          0     0.65    
    Net::HTTPServer              0     1.1.1   
    strict                       0     1.14    
    Test::More                   0.96  1.302214
    warnings                     0     1.74    
    XML::Simple                  0     2.25    

configure_requires:

    Module                       Need  Have    
    ---------------------------- ----- --------
    ExtUtils::MakeMaker          0     7.76    


------------------------------
ENVIRONMENT AND OTHER CONTEXT
------------------------------

Environment variables:

    AUTOMATED_TESTING = 1
    LANG = en_US.UTF-8
    PATH = /home/sand/bin:/usr/local/bin:/usr/local/sbin:/usr/sbin:/usr/bin:/sbin:/bin:/usr/games:/usr/local/games:/snap/bin:/usr/local/perl/bin:/usr/X11/bin
    PERL = /tmp/basesmoker-reloperl-X2Ur/bin/perl
    PERL5LIB = /tmp/loop_over_bdir-1215702-hxGB3Y/Net-OpenVPN-DDNS-0.1-0/blib/arch:/tmp/loop_over_bdir-1215702-hxGB3Y/Net-OpenVPN-DDNS-0.1-0/blib/lib:/tmp/loop_over_bdir-1215702-hxGB3Y/Business-Shipping-DataFiles-1.02-0/blib/arch:/tmp/loop_over_bdir-1215702-hxGB3Y/Business-Shipping-DataFiles-1.02-0/blib/lib:/tmp/loop_over_bdir-1215702-hxGB3Y/Net-Async-WebService-lxd-0.03-0/blib/arch:/tmp/loop_over_bdir-1215702-hxGB3Y/Net-Async-WebService-lxd-0.03-0/blib/lib
    PERL5OPT = 
    PERL5_CPANPLUS_IS_RUNNING = 1215715
    PERL5_CPAN_IS_RUNNING = 1215715
    PERL_CANARY_STABILITY_NOPROMPT = 1
    PERL_MM_USE_DEFAULT = 1
    PERL_USE_UNSAFE_INC = 1
    SHELL = /usr/bin/zsh
    TERM = screen

Perl special variables (and OS-specific diagnostics, for MSWin32):

    $^X = /tmp/basesmoker-reloperl-X2Ur/bin/perl
    $UID/$EUID = 1005 / 1005
    $GID = 1005 1005
    $EGID = 1005 1005

Perl module toolchain versions installed:

    Module              Have    
    ------------------- --------
    CPAN                2.38    
    CPAN::Meta          2.150010
    Cwd                 3.94    
    ExtUtils::CBuilder  0.280242
    ExtUtils::Command   7.76    
    ExtUtils::Install   2.22    
    ExtUtils::MakeMaker 7.76    
    ExtUtils::Manifest  1.75    
    ExtUtils::ParseXS   3.59    
    File::Spec          3.94    
    JSON                4.10    
    JSON::PP            4.16    
    Module::Build       0.4234  
    Module::Signature   0.93    
    Parse::CPAN::Meta   2.150010
    Test2               1.302214
    Test::Harness       3.52    
    Test::More          1.302214
    YAML                1.31    
    YAML::Syck          1.34    
    version             0.9933  


--

Summary of my perl5 (revision 5 version 43 subversion 2) configuration:
  Commit id: 7afd3f158f75d5730469889406f8f98c681d58c1
  Platform:
    osname=linux
    osvers=5.4.0-216-generic
    archname=x86_64-linux
    uname='linux k93focal 5.4.0-216-generic #236-ubuntu smp fri apr 11 19:53:21 utc 2025 x86_64 x86_64 x86_64 gnulinux '
    config_args='-Dprefix=/home/sand/src/perl/repoperls/installed-perls/host/k93focal/v5.43.2/b254 -Dmyhostname=k93focal -Dinstallusrbinperl=n -Uversiononly -Dusedevel -des -Ui_db -Dlibswanted=cl pthread socket inet nsl gdbm dbm malloc dl ld sun m crypt sec util c cposix posix ucb BSD gdbm_compat -Uuseithreads -Uuselongdouble -DEBUGGING=both'
    hint=recommended
    useposix=true
    d_sigaction=define
    useithreads=undef
    usemultiplicity=undef
    use64bitint=define
    use64bitall=define
    uselongdouble=undef
    usemymalloc=n
    default_inc_excludes_dot=define
  Compiler:
    cc='cc'
    ccflags ='-fwrapv -DDEBUGGING -fno-strict-aliasing -pipe -fstack-protector-strong -I/usr/local/include -D_LARGEFILE_SOURCE -D_FILE_OFFSET_BITS=64'
    optimize='-O2 -g'
    cppflags='-fwrapv -DDEBUGGING -fno-strict-aliasing -pipe -fstack-protector-strong -I/usr/local/include'
    ccversion=''
    gccversion='9.4.0'
    gccosandvers=''
    intsize=4
    longsize=8
    ptrsize=8
    doublesize=8
    byteorder=12345678
    doublekind=3
    d_longlong=define
    longlongsize=8
    d_longdbl=define
    longdblsize=16
    longdblkind=3
    ivtype='long'
    ivsize=8
    nvtype='double'
    nvsize=8
    Off_t='off_t'
    lseeksize=8
    alignbytes=8
    prototype=define
  Linker and Libraries:
    ld='cc'
    ldflags =' -fstack-protector-strong -L/usr/local/lib'
    libpth=/usr/local/lib /usr/lib/x86_64-linux-gnu /usr/lib /usr/lib64
    libs=-lpthread -lnsl -ldl -lm -lcrypt -lutil -lc
    perllibs=-lpthread -lnsl -ldl -lm -lcrypt -lutil -lc
    libc=libc-2.31.so
    so=so
    useshrplib=false
    libperl=libperl.a
    gnulibc_version='2.31'
  Dynamic Linking:
    dlsrc=dl_dlopen.xs
    dlext=so
    d_dlsymun=undef
    ccdlflags='-Wl,-E'
    cccdlflags='-fPIC'
    lddlflags='-shared -O2 -g -L/usr/local/lib -fstack-protector-strong'


Characteristics of this binary (from libperl): 
  Compile-time options:
    DEBUGGING
    HAS_LONG_DOUBLE
    HAS_STRTOLD
    HAS_TIMES
    PERLIO_LAYERS
    PERL_COPY_ON_WRITE
    PERL_DONT_CREATE_GVSV
    PERL_HASH_FUNC_SIPHASH13
    PERL_HASH_USE_SBOX32
    PERL_MALLOC_WRAP
    PERL_OP_PARENT
    PERL_PRESERVE_IVUV
    PERL_USE_DEVEL
    PERL_USE_SAFE_PUTENV
    USE_64_BIT_ALL
    USE_64_BIT_INT
    USE_LARGE_FILES
    USE_LOCALE
    USE_LOCALE_COLLATE
    USE_LOCALE_CTYPE
    USE_LOCALE_NUMERIC
    USE_LOCALE_TIME
    USE_PERLIO
    USE_PERL_ATOF
  Built under linux
  Compiled at Aug 26 2025 20:20:28
  %ENV:
    PERL="/tmp/basesmoker-reloperl-X2Ur/bin/perl"
    PERL5LIB="/tmp/loop_over_bdir-1215702-hxGB3Y/Net-OpenVPN-DDNS-0.1-0/blib/arch:/tmp/loop_over_bdir-1215702-hxGB3Y/Net-OpenVPN-DDNS-0.1-0/blib/lib:/tmp/loop_over_bdir-1215702-hxGB3Y/Business-Shipping-DataFiles-1.02-0/blib/arch:/tmp/loop_over_bdir-1215702-hxGB3Y/Business-Shipping-DataFiles-1.02-0/blib/lib:/tmp/loop_over_bdir-1215702-hxGB3Y/Net-Async-WebService-lxd-0.03-0/blib/arch:/tmp/loop_over_bdir-1215702-hxGB3Y/Net-Async-WebService-lxd-0.03-0/blib/lib"
    PERL5OPT=""
    PERL5_CPANPLUS_IS_RUNNING="1215715"
    PERL5_CPAN_IS_RUNNING="1215715"
    PERL_CANARY_STABILITY_NOPROMPT="1"
    PERL_MM_USE_DEFAULT="1"
    PERL_USE_UNSAFE_INC="1"
  @INC:
    /tmp/loop_over_bdir-1215702-hxGB3Y/Net-OpenVPN-DDNS-0.1-0/blib/arch
    /tmp/loop_over_bdir-1215702-hxGB3Y/Net-OpenVPN-DDNS-0.1-0/blib/lib
    /tmp/loop_over_bdir-1215702-hxGB3Y/Business-Shipping-DataFiles-1.02-0/blib/arch
    /tmp/loop_over_bdir-1215702-hxGB3Y/Business-Shipping-DataFiles-1.02-0/blib/lib
    /tmp/loop_over_bdir-1215702-hxGB3Y/Net-Async-WebService-lxd-0.03-0/blib/arch
    /tmp/loop_over_bdir-1215702-hxGB3Y/Net-Async-WebService-lxd-0.03-0/blib/lib
    /home/sand/src/perl/repoperls/installed-perls/host/k93focal/v5.43.2/b254/lib/site_perl/5.43.2/x86_64-linux
    /home/sand/src/perl/repoperls/installed-perls/host/k93focal/v5.43.2/b254/lib/site_perl/5.43.2
    /home/sand/src/perl/repoperls/installed-perls/host/k93focal/v5.43.2/b254/lib/5.43.2/x86_64-linux
    /home/sand/src/perl/repoperls/installed-perls/host/k93focal/v5.43.2/b254/lib/5.43.2
    .