Back
From: metabase:user:d2c9f356-b46f-11df-9a90-20a83c0b7757
Subject: FAIL DBIx-Class-Tree-Mobius-0.212 v5.15.5 SunOS/Solaris
Date: 2011-12-04T16:10:02Z
This distribution has been tested as part of the CPAN Testers
project, supporting the Perl programming language. See
http://wiki.cpantesters.org/ for more information or email
questions to cpan-testers-discuss@perl.org
--
Dear Valentin D Guillois,
This is a computer-generated report for DBIx-Class-Tree-Mobius-0.212
on perl 5.15.5, created by CPAN-Reporter-1.2002.
Thank you for uploading your work to CPAN. However, there was a problem
testing your distribution.
If you think this report is invalid, please consult the CPAN Testers Wiki
for suggestions on how to avoid getting FAIL reports for missing library
or binary dependencies, unsupported operating systems, and so on:
http://wiki.cpantesters.org/wiki/CPANAuthorNotes
Sections of this report:
* Tester comments
* Program output
* Prerequisites
* Environment and other context
------------------------------
TESTER COMMENTS
------------------------------
Additional comments from tester:
this report is from an automated smoke testing program
and was not reviewed by a human for accuracy
------------------------------
PROGRAM OUTPUT
------------------------------
Output from '/usr/local/bin/make test':
PERL_DL_NONLAZY=1 /export/home/cpant4/perl5/bin/perl5.15.5 "-MExtUtils::Command::MM" "-e" "test_harness(0, 'blib/lib', 'blib/arch')" t/*.t
t/01load.t ................ ok
# Failed test 'check mobius path rec 3 child 1'
# at t/02run.t line 82.
# got: '2'
# expected: '3.2'
# Failed test 'check mobius path rec 3 child 2'
# at t/02run.t line 83.
# got: '2'
# expected: '3.2'
# Failed test 'check mobius path rec 3 child 3'
# at t/02run.t line 84.
# got: '1.2.1.2'
# expected: '3.2'
# Failed test 'check descendants count rec id 3'
# at t/02run.t line 86.
# got: '0'
# expected: '3'
DBIx::Class::Tree::Mobius::attach_child(): DBI Exception: DBD::SQLite::st execute failed: columns a, c are not unique [for Statement "UPDATE test SET a = ?, c = ?, is_inner = ?, lft = ?, rgt = ? WHERE ( id = ? )"] at t/02run.t line 93
# Looks like you planned 86 tests but ran 26.
# Looks like you failed 4 tests of 26 run.
# Looks like your test exited with 2 just after 26.
t/02run.t .................
Dubious, test returned 2 (wstat 512, 0x200)
Failed 64/86 subtests
t/03update.t .............. ok
t/04limits.t .............. skipped: these tests are for testing by the author
t/author-critic.t ......... skipped: these tests are for testing by the author
t/release-pod-coverage.t .. skipped: these tests are for release candidate testing
t/release-pod-syntax.t .... skipped: these tests are for release candidate testing
Test Summary Report
-------------------
t/02run.t (Wstat: 512 Tests: 26 Failed: 4)
Failed tests: 23-26
Non-zero exit status: 2
Parse errors: Bad plan. You planned 86 tests but ran 26.
Files=7, Tests=28, 2 wallclock secs ( 0.05 usr 0.02 sys + 0.90 cusr 0.13 csys = 1.10 CPU)
Result: FAIL
Failed 1/7 test programs. 4/28 subtests failed.
make: *** [test_dynamic] Error 255
------------------------------
PREREQUISITES
------------------------------
Prerequisite modules loaded:
requires:
Module Need Have
------------------- ------- -------
Carp 0 1.23
DBIx::Class 0 0.08196
Digest 0 1.17
ExtUtils::MakeMaker 0 6.63_02
Math::BigFloat 0 1.997
build_requires:
Module Need Have
------------------- ------- -------
SQL::Translator 0.11006 0.11010
Test::More 0 0.98
configure_requires:
Module Need Have
------------------- ------- -------
ExtUtils::MakeMaker 6.31 6.63_02
------------------------------
ENVIRONMENT AND OTHER CONTEXT
------------------------------
Environment variables:
AUTOMATED_TESTING = 1
LANG = C
LD_LIBRARY_PATH = /usr/local/lib:
PATH = /export/home/cpant4/perl5/bin:/usr/local/bin:/usr/bin
PERL5LIB = /export/home/cpant4/.cpan/build/DBIx-Class-0.08196-95ljuB/blib/arch:/export/home/cpant4/.cpan/build/DBIx-Class-0.08196-95ljuB/blib/lib:/export/home/cpant4/.cpan/build/SQL-Translator-0.11010-1AuWo_/blib/arch:/export/home/cpant4/.cpan/build/SQL-Translator-0.11010-1AuWo_/blib/lib:/export/home/cpant4/.cpan/build/Class-MakeMethods-1.01-vrPtbD/blib/arch:/export/home/cpant4/.cpan/build/Class-MakeMethods-1.01-vrPtbD/blib/lib:/export/home/cpant4/.cpan/build/Class-Base-0.03-ygOCBc/blib/arch:/export/home/cpant4/.cpan/build/Class-Base-0.03-ygOCBc/blib/lib
PERL5OPT =
PERL5_CPANPLUS_IS_RUNNING = 11809
PERL5_CPAN_IS_RUNNING = 11809
PERL5_CPAN_IS_RUNNING_IN_RECURSION = 19504,11809
PERL_CR_SMOKER_CURRENT = DBIx-Class-Tree-Mobius-0.212
PERL_EXTUTILS_AUTOINSTALL = --defaultdeps
PERL_MM_USE_DEFAULT = 1
SHELL = /bin/bash
TERM = xterm
Perl special variables (and OS-specific diagnostics, for MSWin32):
$^X = /export/home/cpant4/perl5/bin/perl5.15.5
$UID/$EUID = 104 / 104
$GID = 1 1
$EGID = 1 1
Perl module toolchain versions installed:
Module Have
------------------- --------
CPAN 1.9800
CPAN::Meta 2.112621
Cwd 3.37
ExtUtils::CBuilder 0.280204
ExtUtils::Command 1.17
ExtUtils::Install 1.57
ExtUtils::MakeMaker 6.63_02
ExtUtils::Manifest 1.60
ExtUtils::ParseXS 3.05
File::Spec 3.34
JSON 2.53
JSON::PP 2.27200
Module::Build 0.39_01
Module::Signature n/a
Parse::CPAN::Meta 1.4401
Test::Harness 3.23
Test::More 0.98
YAML 0.77
YAML::Syck 1.19
version 0.95
--
Summary of my perl5 (revision 5 version 15 subversion 5) configuration:
Platform:
osname=solaris, osvers=2.10, archname=i86pc-solaris-64int
uname='sunos vmrz0046 5.10 generic_141445-09 i86pc i386 i86pc solaris '
config_args='-Dcc=gcc -Dprefix=~/perl5 -Duse64bitint -Dusedevel -d'
hint=recommended, useposix=true, d_sigaction=define
useithreads=undef, usemultiplicity=undef
useperlio=define, d_sfio=undef, uselargefiles=define, usesocks=undef
use64bitint=define, use64bitall=undef, uselongdouble=undef
usemymalloc=n, bincompat5005=undef
Compiler:
cc='gcc', ccflags ='-DPTR_IS_LONG -fno-strict-aliasing -pipe -I/usr/local/include -D_LARGEFILE_SOURCE -D_FILE_OFFSET_BITS=64 -DPERL_USE_SAFE_PUTENV',
optimize='-O',
cppflags='-DPTR_IS_LONG -fno-strict-aliasing -pipe -I/usr/local/include'
ccversion='', gccversion='3.4.6', gccosandvers='solaris2.10'
intsize=4, longsize=4, ptrsize=4, doublesize=8, byteorder=12345678
d_longlong=define, longlongsize=8, d_longdbl=define, longdblsize=12
ivtype='long long', ivsize=8, nvtype='double', nvsize=8, Off_t='off_t', lseeksize=8
alignbytes=4, prototype=define
Linker and Libraries:
ld='gcc', ldflags =' -L/usr/local/lib '
libpth=/usr/local/lib /usr/lib /usr/ccs/lib
libs=-lsocket -lnsl -lgdbm -ldl -lm -lc
perllibs=-lsocket -lnsl -ldl -lm -lc
libc=/lib/libc.so, so=so, useshrplib=false, libperl=libperl.a
gnulibc_version=''
Dynamic Linking:
dlsrc=dl_dlopen.xs, dlext=so, d_dlsymun=undef, ccdlflags=' '
cccdlflags='-fPIC', lddlflags='-G -L/usr/local/lib'
Characteristics of this binary (from libperl):
Compile-time options: HAS_TIMES PERLIO_LAYERS PERL_DONT_CREATE_GVSV
PERL_MALLOC_WRAP PERL_PRESERVE_IVUV PERL_USE_DEVEL
PERL_USE_SAFE_PUTENV USE_64_BIT_INT USE_LARGE_FILES
USE_LOCALE USE_LOCALE_COLLATE USE_LOCALE_CTYPE
USE_LOCALE_NUMERIC USE_PERLIO USE_PERL_ATOF
Built under solaris
Compiled at Nov 28 2011 11:34:47
%ENV:
PERL5LIB="/export/home/cpant4/.cpan/build/DBIx-Class-0.08196-95ljuB/blib/arch:/export/home/cpant4/.cpan/build/DBIx-Class-0.08196-95ljuB/blib/lib:/export/home/cpant4/.cpan/build/SQL-Translator-0.11010-1AuWo_/blib/arch:/export/home/cpant4/.cpan/build/SQL-Translator-0.11010-1AuWo_/blib/lib:/export/home/cpant4/.cpan/build/Class-MakeMethods-1.01-vrPtbD/blib/arch:/export/home/cpant4/.cpan/build/Class-MakeMethods-1.01-vrPtbD/blib/lib:/export/home/cpant4/.cpan/build/Class-Base-0.03-ygOCBc/blib/arch:/export/home/cpant4/.cpan/build/Class-Base-0.03-ygOCBc/blib/lib"
PERL5OPT=""
PERL5_CPANPLUS_IS_RUNNING="11809"
PERL5_CPAN_IS_RUNNING="11809"
PERL5_CPAN_IS_RUNNING_IN_RECURSION="19504,11809"
PERL_CR_SMOKER_CURRENT="DBIx-Class-Tree-Mobius-0.212"
PERL_EXTUTILS_AUTOINSTALL="--defaultdeps"
PERL_MM_USE_DEFAULT="1"
@INC:
/export/home/cpant4/.cpan/build/DBIx-Class-0.08196-95ljuB/blib/arch
/export/home/cpant4/.cpan/build/DBIx-Class-0.08196-95ljuB/blib/lib
/export/home/cpant4/.cpan/build/SQL-Translator-0.11010-1AuWo_/blib/arch
/export/home/cpant4/.cpan/build/SQL-Translator-0.11010-1AuWo_/blib/lib
/export/home/cpant4/.cpan/build/Class-MakeMethods-1.01-vrPtbD/blib/arch
/export/home/cpant4/.cpan/build/Class-MakeMethods-1.01-vrPtbD/blib/lib
/export/home/cpant4/.cpan/build/Class-Base-0.03-ygOCBc/blib/arch
/export/home/cpant4/.cpan/build/Class-Base-0.03-ygOCBc/blib/lib
/export/home/cpant4/perl5/lib/site_perl/5.15.5/i86pc-solaris-64int
/export/home/cpant4/perl5/lib/site_perl/5.15.5
/export/home/cpant4/perl5/lib/5.15.5/i86pc-solaris-64int
/export/home/cpant4/perl5/lib/5.15.5
/export/home/cpant4/perl5/lib/site_perl
.