Back
From: metabase:user:31d414ea-2aae-11df-837a-5e0a49663a4f
Subject: FAIL POE-Component-Server-HTTP-KeepAlive-0.0306 v5.10.1 GNU/Linux
Date: 2012-11-29T21:47:50Z
This distribution has been tested as part of the CPAN Testers
project, supporting the Perl programming language. See
http://wiki.cpantesters.org/ for more information or email
questions to cpan-testers-discuss@perl.org
--
Dear Philip Gwyn,
This is a computer-generated report for POE-Component-Server-HTTP-KeepAlive-0.0306
on perl 5.10.1, created by CPAN-Reporter-1.1803.
Thank you for uploading your work to CPAN. However, there was a problem
testing your distribution.
If you think this report is invalid, please consult the CPAN Testers Wiki
for suggestions on how to avoid getting FAIL reports for missing library
or binary dependencies, unsupported operating systems, and so on:
http://wiki.cpantesters.org/wiki/CPANAuthorNotes
Sections of this report:
* Tester comments
* Program output
* Prerequisites
* Environment and other context
------------------------------
TESTER COMMENTS
------------------------------
Additional comments from tester:
this report is from an automated smoke testing program
and was not reviewed by a human for accuracy
------------------------------
PROGRAM OUTPUT
------------------------------
Output from '/usr/bin/make test':
PERL_DL_NONLAZY=1 /home/david/cpantesting/perl-5.10.1/bin/perl "-MExtUtils::Command::MM" "-e" "test_harness(0, 'blib/lib', 'blib/arch')" t/*.t
t/00_compile.t .......... ok
t/01_pod.t .............. ok
t/02_pod_coverage.t ..... skipped: Test::Pod::Coverage 1.00 required for testing POD coverage
t/10_object.t ........... ok
t/20_poco_http.t ........ ok
# 12873: Sleep 15...
POE::Component::Server::SimpleHTTP tried 5 times to create a Wheel and is giving up... at /home/david/cpantesting/perl-5.10.1/lib/site_perl/5.10.1/POE/Component/Server/SimpleHTTP.pm line 311.
# 12873: continue
# 12873: Sleep 1...
# 12873: continue
# 12873: Sleep 1...
# 12873: continue
# 12873: Sleep 16...
# 12873: continue
# 12873: Sleep 1...
# 12873: continue
# Failed test 'Sane shutdown (5632)'
# at t/25_poco_simplehttp.t line 55.
# got: '5632'
# expected: '0'
# Looks like you failed 1 test of 47.
# Looks like your test exited with 5632 just after 47.
t/25_poco_simplehttp.t ..
Failed 1/47 subtests
Test Summary Report
-------------------
t/25_poco_simplehttp.t (Wstat: 0 Tests: 47 Failed: 1)
Failed test: 47
Files=6, Tests=134, 42 wallclock secs ( 0.02 usr 0.03 sys + 0.75 cusr 0.12 csys = 0.92 CPU)
Result: FAIL
Failed 1/6 test programs. 1/134 subtests failed.
make: *** [test_dynamic] Error 255
------------------------------
PREREQUISITES
------------------------------
Prerequisite modules loaded:
requires:
Module Need Have
---------------------------------- ----- -----
HTTP::Request 0 6.00
HTTP::Response 0 6.04
HTTP::Status 0 6.03
POE 1.311 1.354
POE::Component::Server::SimpleHTTP 1.30 2.16
build_requires:
Module Need Have
---------------------------------- ----- -----
ExtUtils::MakeMaker 0 6.62
------------------------------
ENVIRONMENT AND OTHER CONTEXT
------------------------------
Environment variables:
AUTOMATED_TESTING = 1
PATH = /usr/local/bin:/usr/bin:/bin:/usr/games
PERL = 5.10.1
PERL5LIB = /home/david/cpantesting/perl-5.10.1/.cpan/build/Sub-Exporter-ForMethods-0.100050-NWbpGE/blib/arch:/home/david/cpantesting/perl-5.10.1/.cpan/build/Sub-Exporter-ForMethods-0.100050-NWbpGE/blib/lib
PERL5OPT =
PERL5_CPANPLUS_IS_RUNNING = 4506
PERL5_CPAN_IS_RUNNING = 4506
PERLVER = 5.10.1
PERL_INLINE_DIRECTORY = /home/david/.Inline-5.10.1
PERL_MM_USE_DEFAULT = 1
SHELL = /bin/bash
TERM = screen
Perl special variables (and OS-specific diagnostics, for MSWin32):
$^X = /home/david/cpantesting/perl-5.10.1/bin/perl
$UID/$EUID = 1000 / 1000
$GID = 1000 1000
$EGID = 1000 1000
Perl module toolchain versions installed:
Module Have
------------------- ------
CPAN 1.9402
Cwd 3.30
ExtUtils::CBuilder 0.2703
ExtUtils::Command 1.16
ExtUtils::Install 1.54
ExtUtils::MakeMaker 6.62
ExtUtils::Manifest 1.58
ExtUtils::ParseXS 2.2206
File::Spec 3.30
Module::Build 0.4003
Module::Signature 0.70
Test::Harness 3.25
Test::More 0.98
YAML 0.70
YAML::Syck 1.21
version 0.9901
--
Summary of my perl5 (revision 5 version 10 subversion 1) configuration:
Platform:
osname=linux, osvers=2.6.18-4-xen-amd64, archname=x86_64-linux-thread-multi
uname='linux pigsty.barnyard.co.uk 2.6.18-4-xen-amd64 #1 smp fri may 4 02:40:51 utc 2007 x86_64 gnulinux '
config_args='-de -Duse64bitall -Dusethreads -Dprefix=/home/david/cpantesting/perl-5.10.1'
hint=recommended, useposix=true, d_sigaction=define
useithreads=define, usemultiplicity=define
useperlio=define, d_sfio=undef, uselargefiles=define, usesocks=undef
use64bitint=define, use64bitall=define, uselongdouble=undef
usemymalloc=n, bincompat5005=undef
Compiler:
cc='cc', ccflags ='-D_REENTRANT -D_GNU_SOURCE -fno-strict-aliasing -pipe -fstack-protector -I/usr/local/include -D_LARGEFILE_SOURCE -D_FILE_OFFSET_BITS=64',
optimize='-O2',
cppflags='-D_REENTRANT -D_GNU_SOURCE -fno-strict-aliasing -pipe -fstack-protector -I/usr/local/include'
ccversion='', gccversion='4.1.2 20061115 (prerelease) (Debian 4.1.1-21)', gccosandvers=''
intsize=4, longsize=8, ptrsize=8, doublesize=8, byteorder=12345678
d_longlong=define, longlongsize=8, d_longdbl=define, longdblsize=16
ivtype='long', ivsize=8, nvtype='double', nvsize=8, Off_t='off_t', lseeksize=8
alignbytes=8, prototype=define
Linker and Libraries:
ld='cc', ldflags =' -fstack-protector -L/usr/local/lib'
libpth=/usr/local/lib /lib /usr/lib /lib64 /usr/lib64
libs=-lnsl -lgdbm -ldb -ldl -lm -lcrypt -lutil -lpthread -lc -lgdbm_compat
perllibs=-lnsl -ldl -lm -lcrypt -lutil -lpthread -lc
libc=/lib/libc-2.3.6.so, so=so, useshrplib=false, libperl=libperl.a
gnulibc_version='2.3.6'
Dynamic Linking:
dlsrc=dl_dlopen.xs, dlext=so, d_dlsymun=undef, ccdlflags='-Wl,-E'
cccdlflags='-fPIC', lddlflags='-shared -O2 -L/usr/local/lib -fstack-protector'
Characteristics of this binary (from libperl):
Compile-time options: MULTIPLICITY PERL_DONT_CREATE_GVSV
PERL_IMPLICIT_CONTEXT PERL_MALLOC_WRAP USE_64_BIT_ALL
USE_64_BIT_INT USE_ITHREADS USE_LARGE_FILES
USE_PERLIO USE_REENTRANT_API
Built under linux
Compiled at Aug 25 2009 16:04:12
%ENV:
PERL="5.10.1"
PERL5LIB="/home/david/cpantesting/perl-5.10.1/.cpan/build/Sub-Exporter-ForMethods-0.100050-NWbpGE/blib/arch:/home/david/cpantesting/perl-5.10.1/.cpan/build/Sub-Exporter-ForMethods-0.100050-NWbpGE/blib/lib"
PERL5OPT=""
PERL5_CPANPLUS_IS_RUNNING="4506"
PERL5_CPAN_IS_RUNNING="4506"
PERLVER="5.10.1"
PERL_INLINE_DIRECTORY="/home/david/.Inline-5.10.1"
PERL_MM_USE_DEFAULT="1"
@INC:
/home/david/cpantesting/perl-5.10.1/.cpan/build/Sub-Exporter-ForMethods-0.100050-NWbpGE/blib/arch
/home/david/cpantesting/perl-5.10.1/.cpan/build/Sub-Exporter-ForMethods-0.100050-NWbpGE/blib/lib
/home/david/cpantesting/perl-5.10.1/lib/5.10.1/x86_64-linux-thread-multi
/home/david/cpantesting/perl-5.10.1/lib/5.10.1
/home/david/cpantesting/perl-5.10.1/lib/site_perl/5.10.1/x86_64-linux-thread-multi
/home/david/cpantesting/perl-5.10.1/lib/site_perl/5.10.1
.