Back
From: metabase:user:313dc9fe-2aae-11df-837a-5e0a49663a4f
Subject: FAIL MyLibrary-3.0.4 v5.12.2 GNU/Linux
Date: 2010-11-15T21:00:48Z
This distribution has been tested as part of the CPAN Testers
project, supporting the Perl programming language. See
http://wiki.cpantesters.org/ for more information or email
questions to cpan-testers-discuss@perl.org
--
Dear Eric Lease Morgan,
This is a computer-generated report for MyLibrary-3.0.4
on perl 5.12.2, created by CPAN-Reporter-1.1805.
Thank you for uploading your work to CPAN. However, there was a problem
testing your distribution.
If you think this report is invalid, please consult the CPAN Testers Wiki
for suggestions on how to avoid getting FAIL reports for missing library
or binary dependencies, unsupported operating systems, and so on:
http://wiki.cpantesters.org/wiki/CPANAuthorNotes
Sections of this report:
* Tester comments
* Program output
* Prerequisites
* Environment and other context
------------------------------
TESTER COMMENTS
------------------------------
Additional comments from tester:
this report is from an automated smoke testing program
and was not reviewed by a human for accuracy
------------------------------
PROGRAM OUTPUT
------------------------------
Output from '/usr/bin/make test':
PERL_DL_NONLAZY=1 /home/perl5122/perl/bin/perl "-MExtUtils::Command::MM" "-e" "test_harness(0, 'blib/lib', 'blib/arch')" t/*.t
Can't locate Test/LongString.pm in @INC (@INC contains: /home/perl5122/.cpan/build/MyLibrary-3.0.4-79boFf/blib/lib /home/perl5122/.cpan/build/MyLibrary-3.0.4-79boFf/blib/arch /home/perl5122/.cpan/build/CGI-Session-4.42-XxfF5x/blib/arch /home/perl5122/.cpan/build/CGI-Session-4.42-XxfF5x/blib/lib /home/perl5122/.cpan/build/CGI-Session-4.42-XxfF5x/blib/arch /home/perl5122/.cpan/build/CGI-Session-4.42-XxfF5x/blib/lib /home/perl5122/perl/lib /home/perl5122/perl/lib .) at t/Auth_Basic.t line 2.
BEGIN failed--compilation aborted at t/Auth_Basic.t line 2.
# Looks like your test exited with 2 before it could output anything.
t/Auth_Basic.t .....
Dubious, test returned 2 (wstat 512, 0x200)
Failed 10/10 subtests
t/Config.t ......... ok
install_driver(mysql) failed: Can't locate DBD/mysql.pm in @INC (@INC contains: /home/perl5122/.cpan/build/MyLibrary-3.0.4-79boFf/blib/lib /home/perl5122/.cpan/build/MyLibrary-3.0.4-79boFf/blib/arch /home/perl5122/.cpan/build/CGI-Session-4.42-XxfF5x/blib/arch /home/perl5122/.cpan/build/CGI-Session-4.42-XxfF5x/blib/lib /home/perl5122/.cpan/build/CGI-Session-4.42-XxfF5x/blib/arch /home/perl5122/.cpan/build/CGI-Session-4.42-XxfF5x/blib/lib /home/perl5122/perl/lib /home/perl5122/perl/lib .) at (eval 7) line 3.
Perhaps the DBD::mysql perl module hasn't been fully installed,
or perhaps the capitalisation of 'mysql' isn't right.
Available drivers: DBM, ExampleP, File, Gofer, Proxy, Sponge.
at /home/perl5122/.cpan/build/MyLibrary-3.0.4-79boFf/blib/lib/MyLibrary/DB.pm line 42
# Looks like you planned 3 tests but ran 1.
# Looks like your test exited with 2 just after 1.
t/DB.t .............
Dubious, test returned 2 (wstat 512, 0x200)
Failed 2/3 subtests
install_driver(mysql) failed: Can't locate DBD/mysql.pm in @INC (@INC contains: /home/perl5122/.cpan/build/MyLibrary-3.0.4-79boFf/blib/lib /home/perl5122/.cpan/build/MyLibrary-3.0.4-79boFf/blib/arch /home/perl5122/.cpan/build/CGI-Session-4.42-XxfF5x/blib/arch /home/perl5122/.cpan/build/CGI-Session-4.42-XxfF5x/blib/lib /home/perl5122/.cpan/build/CGI-Session-4.42-XxfF5x/blib/arch /home/perl5122/.cpan/build/CGI-Session-4.42-XxfF5x/blib/lib /home/perl5122/perl/lib /home/perl5122/perl/lib .) at (eval 9) line 3.
Perhaps the DBD::mysql perl module hasn't been fully installed,
or perhaps the capitalisation of 'mysql' isn't right.
Available drivers: DBM, ExampleP, File, Gofer, Proxy, Sponge.
at /home/perl5122/.cpan/build/MyLibrary-3.0.4-79boFf/blib/lib/MyLibrary/DB.pm line 42
# Looks like you planned 31 tests but ran 4.
# Looks like your test exited with 2 just after 4.
t/Facet.t ..........
Dubious, test returned 2 (wstat 512, 0x200)
Failed 27/31 subtests
install_driver(mysql) failed: Can't locate DBD/mysql.pm in @INC (@INC contains: /home/perl5122/.cpan/build/MyLibrary-3.0.4-79boFf/blib/lib /home/perl5122/.cpan/build/MyLibrary-3.0.4-79boFf/blib/arch /home/perl5122/.cpan/build/CGI-Session-4.42-XxfF5x/blib/arch /home/perl5122/.cpan/build/CGI-Session-4.42-XxfF5x/blib/lib /home/perl5122/.cpan/build/CGI-Session-4.42-XxfF5x/blib/arch /home/perl5122/.cpan/build/CGI-Session-4.42-XxfF5x/blib/lib /home/perl5122/perl/lib /home/perl5122/perl/lib .) at (eval 12) line 3.
Perhaps the DBD::mysql perl module hasn't been fully installed,
or perhaps the capitalisation of 'mysql' isn't right.
Available drivers: DBM, ExampleP, File, Gofer, Proxy, Sponge.
at /home/perl5122/.cpan/build/MyLibrary-3.0.4-79boFf/blib/lib/MyLibrary/DB.pm line 42
# Looks like you planned 17 tests but ran 7.
# Looks like your test exited with 2 just after 7.
t/Librarian.t ......
Dubious, test returned 2 (wstat 512, 0x200)
Failed 10/17 subtests
install_driver(mysql) failed: Can't locate DBD/mysql.pm in @INC (@INC contains: /home/perl5122/.cpan/build/MyLibrary-3.0.4-79boFf/blib/lib /home/perl5122/.cpan/build/MyLibrary-3.0.4-79boFf/blib/arch /home/perl5122/.cpan/build/CGI-Session-4.42-XxfF5x/blib/arch /home/perl5122/.cpan/build/CGI-Session-4.42-XxfF5x/blib/lib /home/perl5122/.cpan/build/CGI-Session-4.42-XxfF5x/blib/arch /home/perl5122/.cpan/build/CGI-Session-4.42-XxfF5x/blib/lib /home/perl5122/perl/lib /home/perl5122/perl/lib .) at (eval 7) line 3.
Perhaps the DBD::mysql perl module hasn't been fully installed,
or perhaps the capitalisation of 'mysql' isn't right.
Available drivers: DBM, ExampleP, File, Gofer, Proxy, Sponge.
at /home/perl5122/.cpan/build/MyLibrary-3.0.4-79boFf/blib/lib/MyLibrary/DB.pm line 42
# Looks like you planned 23 tests but ran 1.
# Looks like your test exited with 2 just after 1.
t/Location.t .......
Dubious, test returned 2 (wstat 512, 0x200)
Failed 22/23 subtests
install_driver(mysql) failed: Can't locate DBD/mysql.pm in @INC (@INC contains: /home/perl5122/.cpan/build/MyLibrary-3.0.4-79boFf/blib/lib /home/perl5122/.cpan/build/MyLibrary-3.0.4-79boFf/blib/arch /home/perl5122/.cpan/build/CGI-Session-4.42-XxfF5x/blib/arch /home/perl5122/.cpan/build/CGI-Session-4.42-XxfF5x/blib/lib /home/perl5122/.cpan/build/CGI-Session-4.42-XxfF5x/blib/arch /home/perl5122/.cpan/build/CGI-Session-4.42-XxfF5x/blib/lib /home/perl5122/perl/lib /home/perl5122/perl/lib .) at (eval 9) line 3.
Perhaps the DBD::mysql perl module hasn't been fully installed,
or perhaps the capitalisation of 'mysql' isn't right.
Available drivers: DBM, ExampleP, File, Gofer, Proxy, Sponge.
at /home/perl5122/.cpan/build/MyLibrary-3.0.4-79boFf/blib/lib/MyLibrary/DB.pm line 42
# Looks like you planned 7 tests but ran 4.
# Looks like your test exited with 2 just after 4.
t/Location_Type.t ..
Dubious, test returned 2 (wstat 512, 0x200)
Failed 3/7 subtests
install_driver(mysql) failed: Can't locate DBD/mysql.pm in @INC (@INC contains: /home/perl5122/.cpan/build/MyLibrary-3.0.4-79boFf/blib/lib /home/perl5122/.cpan/build/MyLibrary-3.0.4-79boFf/blib/arch /home/perl5122/.cpan/build/CGI-Session-4.42-XxfF5x/blib/arch /home/perl5122/.cpan/build/CGI-Session-4.42-XxfF5x/blib/lib /home/perl5122/.cpan/build/CGI-Session-4.42-XxfF5x/blib/arch /home/perl5122/.cpan/build/CGI-Session-4.42-XxfF5x/blib/lib /home/perl5122/perl/lib /home/perl5122/perl/lib .) at (eval 11) line 3.
Perhaps the DBD::mysql perl module hasn't been fully installed,
or perhaps the capitalisation of 'mysql' isn't right.
Available drivers: DBM, ExampleP, File, Gofer, Proxy, Sponge.
at /home/perl5122/.cpan/build/MyLibrary-3.0.4-79boFf/blib/lib/MyLibrary/DB.pm line 42
# Looks like you planned 15 tests but ran 6.
# Looks like your test exited with 2 just after 6.
t/Message.t ........
Dubious, test returned 2 (wstat 512, 0x200)
Failed 9/15 subtests
install_driver(mysql) failed: Can't locate DBD/mysql.pm in @INC (@INC contains: /home/perl5122/.cpan/build/MyLibrary-3.0.4-79boFf/blib/lib /home/perl5122/.cpan/build/MyLibrary-3.0.4-79boFf/blib/arch /home/perl5122/.cpan/build/CGI-Session-4.42-XxfF5x/blib/arch /home/perl5122/.cpan/build/CGI-Session-4.42-XxfF5x/blib/lib /home/perl5122/.cpan/build/CGI-Session-4.42-XxfF5x/blib/arch /home/perl5122/.cpan/build/CGI-Session-4.42-XxfF5x/blib/lib /home/perl5122/perl/lib /home/perl5122/perl/lib .) at (eval 25) line 3.
Perhaps the DBD::mysql perl module hasn't been fully installed,
or perhaps the capitalisation of 'mysql' isn't right.
Available drivers: DBM, ExampleP, File, Gofer, Proxy, Sponge.
at /home/perl5122/.cpan/build/MyLibrary-3.0.4-79boFf/blib/lib/MyLibrary/DB.pm line 42
# Looks like you planned 40 tests but ran 20.
# Looks like your test exited with 2 just after 20.
t/Patron.t .........
Dubious, test returned 2 (wstat 512, 0x200)
Failed 20/40 subtests
install_driver(mysql) failed: Can't locate DBD/mysql.pm in @INC (@INC contains: /home/perl5122/.cpan/build/MyLibrary-3.0.4-79boFf/blib/lib /home/perl5122/.cpan/build/MyLibrary-3.0.4-79boFf/blib/arch /home/perl5122/.cpan/build/CGI-Session-4.42-XxfF5x/blib/arch /home/perl5122/.cpan/build/CGI-Session-4.42-XxfF5x/blib/lib /home/perl5122/.cpan/build/CGI-Session-4.42-XxfF5x/blib/arch /home/perl5122/.cpan/build/CGI-Session-4.42-XxfF5x/blib/lib /home/perl5122/perl/lib /home/perl5122/perl/lib .) at (eval 7) line 3.
Perhaps the DBD::mysql perl module hasn't been fully installed,
or perhaps the capitalisation of 'mysql' isn't right.
Available drivers: DBM, ExampleP, File, Gofer, Proxy, Sponge.
at /home/perl5122/.cpan/build/MyLibrary-3.0.4-79boFf/blib/lib/MyLibrary/DB.pm line 42
# Looks like you planned 10 tests but ran 1.
# Looks like your test exited with 2 just after 1.
t/Patron_Links.t ...
Dubious, test returned 2 (wstat 512, 0x200)
Failed 9/10 subtests
install_driver(mysql) failed: Can't locate DBD/mysql.pm in @INC (@INC contains: /home/perl5122/.cpan/build/MyLibrary-3.0.4-79boFf/blib/lib /home/perl5122/.cpan/build/MyLibrary-3.0.4-79boFf/blib/arch /home/perl5122/.cpan/build/CGI-Session-4.42-XxfF5x/blib/arch /home/perl5122/.cpan/build/CGI-Session-4.42-XxfF5x/blib/lib /home/perl5122/.cpan/build/CGI-Session-4.42-XxfF5x/blib/arch /home/perl5122/.cpan/build/CGI-Session-4.42-XxfF5x/blib/lib /home/perl5122/perl/lib /home/perl5122/perl/lib .) at (eval 31) line 3.
Perhaps the DBD::mysql perl module hasn't been fully installed,
or perhaps the capitalisation of 'mysql' isn't right.
Available drivers: DBM, ExampleP, File, Gofer, Proxy, Sponge.
at /home/perl5122/.cpan/build/MyLibrary-3.0.4-79boFf/blib/lib/MyLibrary/DB.pm line 42
# Looks like you planned 100 tests but ran 26.
# Looks like your test exited with 2 just after 26.
t/Resource.t .......
Dubious, test returned 2 (wstat 512, 0x200)
Failed 74/100 subtests
install_driver(mysql) failed: Can't locate DBD/mysql.pm in @INC (@INC contains: /home/perl5122/.cpan/build/MyLibrary-3.0.4-79boFf/blib/lib /home/perl5122/.cpan/build/MyLibrary-3.0.4-79boFf/blib/arch /home/perl5122/.cpan/build/CGI-Session-4.42-XxfF5x/blib/arch /home/perl5122/.cpan/build/CGI-Session-4.42-XxfF5x/blib/lib /home/perl5122/.cpan/build/CGI-Session-4.42-XxfF5x/blib/arch /home/perl5122/.cpan/build/CGI-Session-4.42-XxfF5x/blib/lib /home/perl5122/perl/lib /home/perl5122/perl/lib .) at (eval 13) line 3.
Perhaps the DBD::mysql perl module hasn't been fully installed,
or perhaps the capitalisation of 'mysql' isn't right.
Available drivers: DBM, ExampleP, File, Gofer, Proxy, Sponge.
at /home/perl5122/.cpan/build/MyLibrary-3.0.4-79boFf/blib/lib/MyLibrary/DB.pm line 42
# Looks like you planned 20 tests but ran 8.
# Looks like your test exited with 2 just after 8.
t/Review.t .........
Dubious, test returned 2 (wstat 512, 0x200)
Failed 12/20 subtests
install_driver(mysql) failed: Can't locate DBD/mysql.pm in @INC (@INC contains: /home/perl5122/.cpan/build/MyLibrary-3.0.4-79boFf/blib/lib /home/perl5122/.cpan/build/MyLibrary-3.0.4-79boFf/blib/arch /home/perl5122/.cpan/build/CGI-Session-4.42-XxfF5x/blib/arch /home/perl5122/.cpan/build/CGI-Session-4.42-XxfF5x/blib/lib /home/perl5122/.cpan/build/CGI-Session-4.42-XxfF5x/blib/arch /home/perl5122/.cpan/build/CGI-Session-4.42-XxfF5x/blib/lib /home/perl5122/perl/lib /home/perl5122/perl/lib .) at (eval 10) line 3.
Perhaps the DBD::mysql perl module hasn't been fully installed,
or perhaps the capitalisation of 'mysql' isn't right.
Available drivers: DBM, ExampleP, File, Gofer, Proxy, Sponge.
at /home/perl5122/.cpan/build/MyLibrary-3.0.4-79boFf/blib/lib/MyLibrary/DB.pm line 42
# Looks like you planned 12 tests but ran 5.
# Looks like your test exited with 2 just after 5.
t/Stylesheet.t .....
Dubious, test returned 2 (wstat 512, 0x200)
Failed 7/12 subtests
install_driver(mysql) failed: Can't locate DBD/mysql.pm in @INC (@INC contains: /home/perl5122/.cpan/build/MyLibrary-3.0.4-79boFf/blib/lib /home/perl5122/.cpan/build/MyLibrary-3.0.4-79boFf/blib/arch /home/perl5122/.cpan/build/CGI-Session-4.42-XxfF5x/blib/arch /home/perl5122/.cpan/build/CGI-Session-4.42-XxfF5x/blib/lib /home/perl5122/.cpan/build/CGI-Session-4.42-XxfF5x/blib/arch /home/perl5122/.cpan/build/CGI-Session-4.42-XxfF5x/blib/lib /home/perl5122/perl/lib /home/perl5122/perl/lib .) at (eval 10) line 3.
Perhaps the DBD::mysql perl module hasn't been fully installed,
or perhaps the capitalisation of 'mysql' isn't right.
Available drivers: DBM, ExampleP, File, Gofer, Proxy, Sponge.
at /home/perl5122/.cpan/build/MyLibrary-3.0.4-79boFf/blib/lib/MyLibrary/DB.pm line 42
# Looks like you planned 48 tests but ran 5.
# Looks like your test exited with 2 just after 5.
t/Term.t ...........
Dubious, test returned 2 (wstat 512, 0x200)
Failed 43/48 subtests
Test Summary Report
-------------------
t/Auth_Basic.t (Wstat: 512 Tests: 0 Failed: 0)
Non-zero exit status: 2
Parse errors: Bad plan. You planned 10 tests but ran 0.
t/DB.t (Wstat: 512 Tests: 1 Failed: 0)
Non-zero exit status: 2
Parse errors: Bad plan. You planned 3 tests but ran 1.
t/Facet.t (Wstat: 512 Tests: 4 Failed: 0)
Non-zero exit status: 2
Parse errors: Bad plan. You planned 31 tests but ran 4.
t/Librarian.t (Wstat: 512 Tests: 7 Failed: 0)
Non-zero exit status: 2
Parse errors: Bad plan. You planned 17 tests but ran 7.
t/Location.t (Wstat: 512 Tests: 1 Failed: 0)
Non-zero exit status: 2
Parse errors: Bad plan. You planned 23 tests but ran 1.
t/Location_Type.t (Wstat: 512 Tests: 4 Failed: 0)
Non-zero exit status: 2
Parse errors: Bad plan. You planned 7 tests but ran 4.
t/Message.t (Wstat: 512 Tests: 6 Failed: 0)
Non-zero exit status: 2
Parse errors: Bad plan. You planned 15 tests but ran 6.
t/Patron.t (Wstat: 512 Tests: 20 Failed: 0)
Non-zero exit status: 2
Parse errors: Bad plan. You planned 40 tests but ran 20.
t/Patron_Links.t (Wstat: 512 Tests: 1 Failed: 0)
Non-zero exit status: 2
Parse errors: Bad plan. You planned 10 tests but ran 1.
t/Resource.t (Wstat: 512 Tests: 26 Failed: 0)
Non-zero exit status: 2
Parse errors: Bad plan. You planned 100 tests but ran 26.
t/Review.t (Wstat: 512 Tests: 8 Failed: 0)
Non-zero exit status: 2
Parse errors: Bad plan. You planned 20 tests but ran 8.
t/Stylesheet.t (Wstat: 512 Tests: 5 Failed: 0)
Non-zero exit status: 2
Parse errors: Bad plan. You planned 12 tests but ran 5.
t/Term.t (Wstat: 512 Tests: 5 Failed: 0)
Non-zero exit status: 2
Parse errors: Bad plan. You planned 48 tests but ran 5.
Files=14, Tests=92, 1 wallclock secs ( 0.06 usr 0.04 sys + 1.04 cusr 0.13 csys = 1.27 CPU)
Result: FAIL
Failed 13/14 test programs. 0/92 subtests failed.
make: *** [test_dynamic] Error 2
------------------------------
PREREQUISITES
------------------------------
Prerequisite modules loaded:
requires:
Module Need Have
------------ ---- -----
Carp 0 1.17
CGI::Session 0 4.42
DBI 1.43 1.615
Test::More 0 0.94
------------------------------
ENVIRONMENT AND OTHER CONTEXT
------------------------------
Environment variables:
AUTOMATED_TESTING = 1
LANG = en_US.UTF-8
PATH = /usr/local/sbin:/usr/local/bin:/usr/sbin:/usr/bin:/sbin:/bin:/usr/games
PERL5LIB = /home/perl5122/.cpan/build/CGI-Session-4.42-XxfF5x/blib/arch:/home/perl5122/.cpan/build/CGI-Session-4.42-XxfF5x/blib/lib
PERL5OPT =
PERL5_CPANPLUS_IS_RUNNING = 28009
PERL5_CPAN_IS_RUNNING = 28009
PERL5_CPAN_IS_RUNNING_IN_RECURSION = 16811,28009
PERL_CR_SMOKER_CURRENT = MyLibrary-3.0.4
PERL_EXTUTILS_AUTOINSTALL = --defaultdeps
PERL_MM_USE_DEFAULT = 1
SHELL = /bin/bash
TERM = xterm
Perl special variables (and OS-specific diagnostics, for MSWin32):
$^X = /home/perl5122/perl/bin/perl
$UID/$EUID = 1008 / 1008
$GID = 1008 1008
$EGID = 1008 1008
Perl module toolchain versions installed:
Module Have
------------------- -------
CPAN 1.94_56
Cwd 3.31
ExtUtils::CBuilder 0.2703
ExtUtils::Command 1.16
ExtUtils::Install 1.55
ExtUtils::MakeMaker 6.56
ExtUtils::Manifest 1.57
ExtUtils::ParseXS 2.21
File::Spec 3.31_01
Module::Build 0.3607
Module::Signature n/a
Test::Harness 3.17
Test::More 0.94
YAML 0.71
YAML::Syck 1.09
version 0.82
--
Summary of my perl5 (revision 5 version 12 subversion 2) configuration:
Platform:
osname=linux, osvers=2.6.32-25-generic, archname=i686-linux-thread-multi
uname='linux st47-laptop 2.6.32-25-generic #44-ubuntu smp fri sep 17 20:26:08 utc 2010 i686 gnulinux '
config_args=''
hint=recommended, useposix=true, d_sigaction=define
useithreads=define, usemultiplicity=define
useperlio=define, d_sfio=undef, uselargefiles=define, usesocks=undef
use64bitint=undef, use64bitall=undef, uselongdouble=undef
usemymalloc=n, bincompat5005=undef
Compiler:
cc='cc', ccflags ='-D_REENTRANT -D_GNU_SOURCE -fno-strict-aliasing -pipe -fstack-protector -I/usr/local/include -D_LARGEFILE_SOURCE -D_FILE_OFFSET_BITS=64',
optimize='-O2',
cppflags='-D_REENTRANT -D_GNU_SOURCE -fno-strict-aliasing -pipe -fstack-protector -I/usr/local/include'
ccversion='', gccversion='4.4.3', gccosandvers=''
intsize=4, longsize=4, ptrsize=4, doublesize=8, byteorder=1234
d_longlong=define, longlongsize=8, d_longdbl=define, longdblsize=12
ivtype='long', ivsize=4, nvtype='double', nvsize=8, Off_t='off_t', lseeksize=8
alignbytes=4, prototype=define
Linker and Libraries:
ld='cc', ldflags =' -fstack-protector -L/usr/local/lib'
libpth=/usr/local/lib /lib /usr/lib /usr/lib64
libs=-lnsl -ldl -lm -lcrypt -lutil -lpthread -lc
perllibs=-lnsl -ldl -lm -lcrypt -lutil -lpthread -lc
libc=/lib/libc-2.11.1.so, so=so, useshrplib=false, libperl=libperl.a
gnulibc_version='2.11.1'
Dynamic Linking:
dlsrc=dl_dlopen.xs, dlext=so, d_dlsymun=undef, ccdlflags='-Wl,-E'
cccdlflags='-fPIC', lddlflags='-shared -O2 -L/usr/local/lib -fstack-protector'
Characteristics of this binary (from libperl):
Compile-time options: MULTIPLICITY PERL_DONT_CREATE_GVSV
PERL_IMPLICIT_CONTEXT PERL_MALLOC_WRAP USE_ITHREADS
USE_LARGE_FILES USE_PERLIO USE_PERL_ATOF
USE_REENTRANT_API
Built under linux
Compiled at Oct 9 2010 12:54:22
%ENV:
PERL5LIB="/home/perl5122/.cpan/build/CGI-Session-4.42-XxfF5x/blib/arch:/home/perl5122/.cpan/build/CGI-Session-4.42-XxfF5x/blib/lib"
PERL5OPT=""
PERL5_CPANPLUS_IS_RUNNING="28009"
PERL5_CPAN_IS_RUNNING="28009"
PERL5_CPAN_IS_RUNNING_IN_RECURSION="16811,28009"
PERL_CR_SMOKER_CURRENT="MyLibrary-3.0.4"
PERL_EXTUTILS_AUTOINSTALL="--defaultdeps"
PERL_MM_USE_DEFAULT="1"
@INC:
/home/perl5122/.cpan/build/CGI-Session-4.42-XxfF5x/blib/arch
/home/perl5122/.cpan/build/CGI-Session-4.42-XxfF5x/blib/lib
/home/perl5122/perl/lib
/home/perl5122/perl/lib
.