Monitoring-GLPlugin v3.0.2.6 Perl 5 v5.12.0 i686-linux-thread-multi

Status
Fail
From
Chris Williams (BINGOS)
Dist
Monitoring-GLPlugin v3.0.2.6
Platform
Perl 5 v5.12.0 i686-linux-thread-multi
Date
2018-06-24 12:09:20
ID
6cd68b8c-77a7-11e8-a1cf-bb670eaac09d
This distribution has been tested as part of the CPAN Testers
project, supporting the Perl programming language.  See
http://wiki.cpantesters.org/ for more information or email
questions to cpan-testers-discuss@perl.org


--

Dear LAUSSER,

This is a computer-generated error report created automatically by
CPANPLUS, version 0.9174. Testers personal comments may appear
at the end of this report.


Thank you for uploading your work to CPAN.  However, it appears that
there were some problems testing your distribution.

TEST RESULTS:

Below is the error stack from stage 'make test':

PERL_DL_NONLAZY=1 "/home/cpan/pit/thr/perl-5.12.0/bin/perl" "-MExtUtils::Command::MM" "-MTest::Harness" "-e" "undef *Test::Harness::Switches; test_harness(0, 'blib/lib', 'blib/arch')" t/*.t
# 01-new.t
# /tmp
# /tmp/device::uptime
# 01-new.t
# undef
# /device::uptime
t/01-new.t .......... ok
# statefile is /tmp/device::uptime_test
# now test ever growing metrics. shrinking means overrun
# now test growing and shrinking metrics
# delta -5
# now test growing and shrinking metrics, compare to a value in the past
# suddenly count is only 5
# delta -5 must be the result for the next 10 seconds
# after 12s delta is 0
# now test growing and shrinking metrics
# now test growing and shrinking lists
# delta -2
# delta 0
# now test growing and shrinking metrics, compare to a value in the past
# now test growing and shrinking lists, compare to a list in the past
# state change, ELEM4 and ELEM5 lost
# should still be the same
# after 12s delta is 0
t/02-valdiff.t ...... ok
Use of uninitialized value $ENV{"TZ"} in concatenation (.) or string at t/03-environment.t line 18.
t/03-environment.t .. ok
# Looks like your test exited with 3 just after 1.
t/04-extra-opts.t ... 
Dubious, test returned 3 (wstat 768, 0x300)
All 1 subtests passed 
Name "Monitoring::GLPlugin::pluginname" used only once: possible typo at t/10-snmp.t line 55.
# 10-snmp.t
# /tmp
# /tmp/device::uptime
t/10-snmp.t ......... ok
t/manifest.t ........ skipped: Author tests not required for installation
t/pod-coverage.t .... skipped: Author tests not required for installation
t/pod.t ............. skipped: Author tests not required for installation

Test Summary Report
-------------------
t/04-extra-opts.t (Wstat: 768 Tests: 1 Failed: 0)
  Non-zero exit status: 3
Files=8, Tests=67, 41 wallclock secs ( 0.03 usr  0.00 sys +  0.49 cusr  0.02 csys =  0.54 CPU)
Result: FAIL
Failed 1/8 test programs. 0/67 subtests failed.
Makefile:1040: recipe for target 'test_dynamic' failed
make: *** [test_dynamic] Error 255


PREREQUISITES:

Here is a list of prerequisites you specified and versions we
managed to load:

	  Module Name                        Have     Want
	  Test::More                     1.302136        0

Perl module toolchain versions installed:
	Module Name                        Have
	CPANPLUS                         0.9174
	CPANPLUS::Dist::Build              0.88
	Cwd                                3.74
	ExtUtils::CBuilder             0.280230
	ExtUtils::Command                  7.34
	ExtUtils::Install                  2.14
	ExtUtils::MakeMaker                7.34
	ExtUtils::Manifest                 1.71
	ExtUtils::ParseXS                  3.35
	File::Spec                         3.74
	Module::Build                    0.4224
	Pod::Parser                        1.37
	Pod::Simple                        3.13
	Test2                          1.302136
	Test::Harness                      3.42
	Test::More                     1.302136
	version                          0.9924

******************************** NOTE ********************************
The comments above are created mechanically, possibly without manual
checking by the sender.  As there are many people performing automatic
tests on each upload to CPAN, it is likely that you will receive
identical messages about the same problem.

If you believe that the message is mistaken, please reply to the first
one with correction and/or additional informations, and do not take
it personally.  We appreciate your patience. :)
**********************************************************************

Additional comments:


This report was machine-generated by CPANPLUS::Dist::YACSmoke 1.02.
Powered by minismokebox version 0.68

------------------------------
ENVIRONMENT AND OTHER CONTEXT
------------------------------

Environment variables:

    AUTOMATED_TESTING = 1
    LANG = en_GB.UTF-8
    LANGUAGE = en_GB:en
    NONINTERACTIVE_TESTING = 1
    PATH = /usr/local/bin:/usr/bin:/bin:/usr/local/games:/usr/games
    PERL5LIB = :/home/cpan/pit/thr/conf/perl-5.12.0/.cpanplus/5.12.0/build/hYTy6Fsxz8/Monitoring-GLPlugin-3.0.2.6/blib/lib:/home/cpan/pit/thr/conf/perl-5.12.0/.cpanplus/5.12.0/build/hYTy6Fsxz8/Monitoring-GLPlugin-3.0.2.6/blib/arch
    PERL5_CPANPLUS_IS_RUNNING = 2809
    PERL5_CPANPLUS_IS_VERSION = 0.9174
    PERL5_MINISMOKEBOX = 0.68
    PERL5_YACSMOKE_BASE = /home/cpan/pit/thr/conf/perl-5.12.0
    PERL_EXTUTILS_AUTOINSTALL = --defaultdeps
    PERL_MM_USE_DEFAULT = 1
    SHELL = /bin/bash
    TERM = screen

Perl special variables (and OS-specific diagnostics, for MSWin32):

    Perl: $^X = /home/cpan/pit/thr/perl-5.12.0/bin/perl
    UID:  $<  = 1001
    EUID: $>  = 1001
    GID:  $(  = 1001 1001
    EGID: $)  = 1001 1001


-------------------------------


--

Summary of my perl5 (revision 5 version 12 subversion 0) configuration:
   
  Platform:
    osname=linux, osvers=4.16.0-1-686, archname=i686-linux-thread-multi
    uname='linux dodo 4.16.0-1-686 #1 smp debian 4.16.5-1 (2018-04-29) i686 gnulinux '
    config_args='-des -Dprefix=/home/cpan/pit/thr/perl-5.12.0 -Dusethreads'
    hint=recommended, useposix=true, d_sigaction=define
    useithreads=define, usemultiplicity=define
    useperlio=define, d_sfio=undef, uselargefiles=define, usesocks=undef
    use64bitint=undef, use64bitall=undef, uselongdouble=undef
    usemymalloc=n, bincompat5005=undef
  Compiler:
    cc='cc', ccflags ='-D_REENTRANT -D_GNU_SOURCE -fno-strict-aliasing -pipe -fstack-protector -I/usr/local/include -D_LARGEFILE_SOURCE -D_FILE_OFFSET_BITS=64',
    optimize='-O2',
    cppflags='-D_REENTRANT -D_GNU_SOURCE -fno-strict-aliasing -pipe -fstack-protector -I/usr/local/include'
    ccversion='', gccversion='7.3.0', gccosandvers=''
    intsize=4, longsize=4, ptrsize=4, doublesize=8, byteorder=1234
    d_longlong=define, longlongsize=8, d_longdbl=define, longdblsize=12
    ivtype='long', ivsize=4, nvtype='double', nvsize=8, Off_t='off_t', lseeksize=8
    alignbytes=4, prototype=define
  Linker and Libraries:
    ld='cc', ldflags =' -fstack-protector -L/usr/local/lib'
    libpth=/usr/local/lib /lib/i386-linux-gnu /lib/../lib /usr/lib/i386-linux-gnu /usr/lib/../lib /lib /usr/lib
    libs=-lnsl -lgdbm -ldl -lm -lcrypt -lutil -lpthread -lc
    perllibs=-lnsl -ldl -lm -lcrypt -lutil -lpthread -lc
    libc=libc-2.27.so, so=so, useshrplib=false, libperl=libperl.a
    gnulibc_version='2.27'
  Dynamic Linking:
    dlsrc=dl_dlopen.xs, dlext=so, d_dlsymun=undef, ccdlflags='-Wl,-E'
    cccdlflags='-fPIC', lddlflags='-shared -O2 -L/usr/local/lib -fstack-protector'


Characteristics of this binary (from libperl): 
  Compile-time options: MULTIPLICITY PERL_DONT_CREATE_GVSV
                        PERL_IMPLICIT_CONTEXT PERL_MALLOC_WRAP USE_ITHREADS
                        USE_LARGE_FILES USE_PERLIO USE_PERL_ATOF
                        USE_REENTRANT_API
  Locally applied patches:
	Devel::PatchPerl 1.48
  Built under linux
  Compiled at May 14 2018 02:33:25
  %ENV:
    PERL5LIB=":/home/cpan/pit/thr/conf/perl-5.12.0/.cpanplus/5.12.0/build/hYTy6Fsxz8/Monitoring-GLPlugin-3.0.2.6/blib/lib:/home/cpan/pit/thr/conf/perl-5.12.0/.cpanplus/5.12.0/build/hYTy6Fsxz8/Monitoring-GLPlugin-3.0.2.6/blib/arch"
    PERL5_CPANPLUS_IS_RUNNING="2809"
    PERL5_CPANPLUS_IS_VERSION="0.9174"
    PERL5_MINISMOKEBOX="0.68"
    PERL5_YACSMOKE_BASE="/home/cpan/pit/thr/conf/perl-5.12.0"
    PERL_EXTUTILS_AUTOINSTALL="--defaultdeps"
    PERL_MM_USE_DEFAULT="1"
  @INC:
    /home/cpan/pit/thr/conf/perl-5.12.0/.cpanplus/5.12.0/build/hYTy6Fsxz8/Monitoring-GLPlugin-3.0.2.6/blib/lib
    /home/cpan/pit/thr/conf/perl-5.12.0/.cpanplus/5.12.0/build/hYTy6Fsxz8/Monitoring-GLPlugin-3.0.2.6/blib/arch
    /home/cpan/pit/thr/perl-5.12.0/lib/site_perl/5.12.0/i686-linux-thread-multi
    /home/cpan/pit/thr/perl-5.12.0/lib/site_perl/5.12.0
    /home/cpan/pit/thr/perl-5.12.0/lib/5.12.0/i686-linux-thread-multi
    /home/cpan/pit/thr/perl-5.12.0/lib/5.12.0
    .