Report for Dist-Zilla-Plugin-CheckIssues-0.008

Back
From: metabase:user:31d414ea-2aae-11df-837a-5e0a49663a4f
Subject: FAIL Dist-Zilla-Plugin-CheckIssues-0.008 v5.20.2 GNU/Linux
Date: 2015-08-12T17:06:08Z

This distribution has been tested as part of the CPAN Testers
project, supporting the Perl programming language.  See
http://wiki.cpantesters.org/ for more information or email
questions to cpan-testers-discuss@perl.org


--
Dear Karen Etheridge,

This is a computer-generated report for Dist-Zilla-Plugin-CheckIssues-0.008
on perl 5.20.2, created by CPAN-Reporter-1.2014.

Thank you for uploading your work to CPAN.  However, there was a problem
testing your distribution.

If you think this report is invalid, please consult the CPAN Testers Wiki
for suggestions on how to avoid getting FAIL reports for missing library
or binary dependencies, unsupported operating systems, and so on:

http://wiki.cpantesters.org/wiki/CPANAuthorNotes

Sections of this report:

    * Tester comments
    * Program output
    * Prerequisites
    * Environment and other context

------------------------------
TESTER COMMENTS
------------------------------

Additional comments from tester:

this report is from an automated smoke testing program
and was not reviewed by a human for accuracy

------------------------------
PROGRAM OUTPUT
------------------------------

Output from './Build test':

# 
# Versions for all modules listed in MYMETA.json (including optional ones):
# 
# === Configure Requires ===
# 
#     Module               Want  Have
#     ------------------- ----- -----
#     Module::Build::Tiny 0.039 0.039
# 
# === Test Requires ===
# 
#     Module                          Want     Have
#     ------------------------------- ---- --------
#     Dist::Zilla::App::Tester         any    5.038
#     Dist::Zilla::Role::MetaProvider  any    5.038
#     ExtUtils::MakeMaker              any     7.04
#     File::Spec                       any  3.48_01
#     File::pushd                      any    1.009
#     Moose::Util                      any   2.1600
#     Path::Tiny                       any    0.072
#     Test::DZil                       any    5.038
#     Test::Deep                       any    0.117
#     Test::Fatal                      any    0.014
#     Test::More                      0.88 1.001014
#     if                               any   0.0603
#     lib                              any     0.63
# 
# === Test Recommends ===
# 
#     Module         Want     Have
#     ---------- -------- --------
#     CPAN::Meta 2.120900 2.143240
# 
# === Runtime Requires ===
# 
#     Module                               Want     Have
#     -------------------------------- -------- --------
#     Dist::Zilla::App                      any    5.038
#     Dist::Zilla::Role::BeforeRelease      any    5.038
#     Encode                                any     2.60
#     HTTP::Headers                         any     6.05
#     HTTP::Tiny                            any    0.043
#     JSON::MaybeXS                    1.001000 1.003005
#     List::Util                           1.33     1.42
#     Moose                                 any   2.1600
#     Term::ANSIColor                      3.00     4.02
#     namespace::autoclean                  any     0.26
#     strict                                any     1.08
#     warnings                              any     1.23
# 
# === Other Modules ===
# 
#     Module        Have
#     ------------- ----
#     Pod::Coverage 0.23
# 
t/00-report-prereqs.t .. ok
t/01-basic.t ........... ok
t/02-no-rt.t ........... ok
t/03-no-repo.t ......... ok

#   Failed test 'RT and github issues printed'
#   at t/04-command.t line 68.
#          got: ''
#     expected: 'Issues on RT (https://rt.cpan.org/Public/Dist/Display.html?Name=DZT-Sample):
#   open: 48   stalled: 4
# Issues on github (https://github.com/dude/project):
#   open: 3
# '
# got result: bless( {
#   'app' => bless( {
#     'Dist::Zilla::App' => 'HASH(0x36187f8)',
#     '__chrome__' => 'Dist::Zilla::Chrome::Term=HASH(0x34acb58)',
#     'arg0' => '04-command.t',
#     'command' => 'HASH(0x30fd878)',
#     'full_arg0' => 't/04-command.t',
#     'global_options' => 'Getopt::Long::Descriptive::Opts::__OPT__::1=HASH(0x34ad1b8)',
#     'usage' => '04-command.t <command> [-Iv] [long options...]
# 	-v[=STR...] --verbose[=STR...]    log additional output
# 	-I STR... --lib-inc STR...        additional @INC dirs
# '
#   }, 'Dist::Zilla::App' ),
#   'error' => undef,
#   'exit_code' => 0,
#   'output' => '',
#   'run_rv' => '',
#   'stderr' => '',
#   'stdout' => '',
#   'tempdir' => '/tmp/89RlKlLE6Y'
# }, 'Dist::Zilla::App::Tester::Result' )

#   Failed test 'RT and github issues printed'
#   at t/04-command.t line 115.
#          got: ''
#     expected: 'Issues on RT (https://rt.cpan.org/Public/Dist/Display.html?Name=DZT-Sample):
#   open: 48   stalled: 4
# Issues on github (https://github.com/anonymous/junk):
#   open: 5
# '
# got result: bless( {
#   'app' => bless( {
#     'Dist::Zilla::App' => 'HASH(0x4065c48)',
#     '__chrome__' => 'Dist::Zilla::Chrome::Term=HASH(0x4065810)',
#     'arg0' => '04-command.t',
#     'command' => 'HASH(0x35b37b0)',
#     'full_arg0' => 't/04-command.t',
#     'global_options' => 'Getopt::Long::Descriptive::Opts::__OPT__::3=HASH(0x406c580)',
#     'usage' => '04-command.t <command> [-Iv] [long options...]
# 	-v[=STR...] --verbose[=STR...]    log additional output
# 	-I STR... --lib-inc STR...        additional @INC dirs
# '
#   }, 'Dist::Zilla::App' ),
#   'error' => undef,
#   'exit_code' => 0,
#   'output' => '',
#   'run_rv' => '',
#   'stderr' => '',
#   'stdout' => '',
#   'tempdir' => '/tmp/ld4FUw1SFz'
# }, 'Dist::Zilla::App::Tester::Result' )
# Looks like you failed 2 tests of 10.
t/04-command.t ......... 
Dubious, test returned 2 (wstat 512, 0x200)
Failed 2/10 subtests 
t/zzz-check-breaks.t ... ok

Test Summary Report
-------------------
t/04-command.t       (Wstat: 512 Tests: 10 Failed: 2)
  Failed tests:  5, 10
  Non-zero exit status: 2
Files=6, Tests=19,  3 wallclock secs ( 0.02 usr  0.04 sys +  3.23 cusr  0.23 csys =  3.52 CPU)
Result: FAIL

------------------------------
PREREQUISITES
------------------------------

Prerequisite modules loaded:

requires:

    Module                           Need     Have    
    -------------------------------- -------- --------
    Dist::Zilla::App                 0        5.038   
    Dist::Zilla::Role::BeforeRelease 0        5.038   
    Encode                           0        2.60    
    HTTP::Headers                    0        6.05    
    HTTP::Tiny                       0        0.043   
    JSON::MaybeXS                    1.001000 1.003005
    List::Util                       1.33     1.42    
    Moose                            0        2.1600  
    namespace::autoclean             0        0.26    
    perl                             5.006    5.020002
    strict                           0        1.08    
    Term::ANSIColor                  3.00     4.02    
    warnings                         0        1.23    

build_requires:

    Module                           Need     Have    
    -------------------------------- -------- --------
    Dist::Zilla::App::Tester         0        5.038   
    Dist::Zilla::Role::MetaProvider  0        5.038   
    ExtUtils::MakeMaker              0        7.04    
    File::pushd                      0        1.009   
    File::Spec                       0        3.48_01 
    if                               0        0.0603  
    lib                              0        0.63    
    Moose::Util                      0        2.1600  
    Path::Tiny                       0        0.072   
    perl                             5.006    5.020002
    Test::Deep                       0        0.117   
    Test::DZil                       0        5.038   
    Test::Fatal                      0        0.014   
    Test::More                       0.88     1.001014

configure_requires:

    Module                           Need     Have    
    -------------------------------- -------- --------
    Module::Build::Tiny              0.039    0.039   
    perl                             5.006    5.020002


------------------------------
ENVIRONMENT AND OTHER CONTEXT
------------------------------

Environment variables:

    AUTOMATED_TESTING = 1
    NONINTERACTIVE_TESTING = 1
    PATH = /usr/local/bin:/usr/bin:/bin:/usr/games
    PERL = 5.20.2
    PERL5LIB = 
    PERL5OPT = 
    PERL5_CPANPLUS_IS_RUNNING = 10061
    PERL5_CPAN_IS_RUNNING = 10061
    PERLVER = 5.20.2
    PERL_INLINE_DIRECTORY = /home/david/.Inline-5.20.2
    PERL_MM_USE_DEFAULT = 1
    SHELL = /bin/bash
    TERM = screen

Perl special variables (and OS-specific diagnostics, for MSWin32):

    $^X = /home/david/cpantesting/perl-5.20.2/bin/perl
    $UID/$EUID = 1000 / 1000
    $GID = 1000 1000
    $EGID = 1000 1000

Perl module toolchain versions installed:

    Module              Have    
    ------------------- --------
    CPAN                2.10    
    CPAN::Meta          2.143240
    Cwd                 3.48_01 
    ExtUtils::CBuilder  0.280217
    ExtUtils::Command   1.18    
    ExtUtils::Install   1.67    
    ExtUtils::MakeMaker 7.04    
    ExtUtils::Manifest  1.70    
    ExtUtils::ParseXS   3.24    
    File::Spec          3.48_01 
    JSON                2.90    
    JSON::PP            2.27203 
    Module::Build       0.4211  
    Module::Signature   0.79    
    Parse::CPAN::Meta   1.4414  
    Test::Harness       3.30    
    Test::More          1.001014
    YAML                1.15    
    YAML::Syck          n/a     
    version             0.9909  


--

Summary of my perl5 (revision 5 version 20 subversion 2) configuration:
   
  Platform:
    osname=linux, osvers=3.16.0-4-amd64, archname=x86_64-linux-thread-multi
    uname='linux pigsty.barnyard.co.uk 3.16.0-4-amd64 #1 smp debian 3.16.7-ckt2-1 (2014-12-08) x86_64 gnulinux '
    config_args='-de -Dprefix=/home/david/cpantesting/perl-5.20.2 -Dusethreads -Duse64bitall'
    hint=recommended, useposix=true, d_sigaction=define
    useithreads=define, usemultiplicity=define
    use64bitint=define, use64bitall=define, uselongdouble=undef
    usemymalloc=n, bincompat5005=undef
  Compiler:
    cc='cc', ccflags ='-D_REENTRANT -D_GNU_SOURCE -fno-strict-aliasing -pipe -fstack-protector -I/usr/local/include -D_LARGEFILE_SOURCE -D_FILE_OFFSET_BITS=64',
    optimize='-O2',
    cppflags='-D_REENTRANT -D_GNU_SOURCE -fno-strict-aliasing -pipe -fstack-protector -I/usr/local/include'
    ccversion='', gccversion='4.1.2 20061115 (prerelease) (Debian 4.1.1-21)', gccosandvers=''
    intsize=4, longsize=8, ptrsize=8, doublesize=8, byteorder=12345678
    d_longlong=define, longlongsize=8, d_longdbl=define, longdblsize=16
    ivtype='long', ivsize=8, nvtype='double', nvsize=8, Off_t='off_t', lseeksize=8
    alignbytes=8, prototype=define
  Linker and Libraries:
    ld='cc', ldflags =' -fstack-protector -L/usr/local/lib'
    libpth=/usr/local/lib /usr/lib /lib /lib64 /usr/lib64
    libs=-lnsl -lgdbm -ldb -ldl -lm -lcrypt -lutil -lpthread -lc -lgdbm_compat
    perllibs=-lnsl -ldl -lm -lcrypt -lutil -lpthread -lc
    libc=libc-2.3.6.so, so=so, useshrplib=false, libperl=libperl.a
    gnulibc_version='2.3.6'
  Dynamic Linking:
    dlsrc=dl_dlopen.xs, dlext=so, d_dlsymun=undef, ccdlflags='-Wl,-E'
    cccdlflags='-fPIC', lddlflags='-shared -O2 -L/usr/local/lib -fstack-protector'


Characteristics of this binary (from libperl): 
  Compile-time options: HAS_TIMES MULTIPLICITY PERLIO_LAYERS
                        PERL_DONT_CREATE_GVSV
                        PERL_HASH_FUNC_ONE_AT_A_TIME_HARD
                        PERL_IMPLICIT_CONTEXT PERL_MALLOC_WRAP
                        PERL_NEW_COPY_ON_WRITE PERL_PRESERVE_IVUV
                        USE_64_BIT_ALL USE_64_BIT_INT USE_ITHREADS
                        USE_LARGE_FILES USE_LOCALE USE_LOCALE_COLLATE
                        USE_LOCALE_CTYPE USE_LOCALE_NUMERIC USE_PERLIO
                        USE_PERL_ATOF USE_REENTRANT_API
  Built under linux
  Compiled at Feb 17 2015 16:54:03
  %ENV:
    PERL="5.20.2"
    PERL5LIB=""
    PERL5OPT=""
    PERL5_CPANPLUS_IS_RUNNING="10061"
    PERL5_CPAN_IS_RUNNING="10061"
    PERLVER="5.20.2"
    PERL_INLINE_DIRECTORY="/home/david/.Inline-5.20.2"
    PERL_MM_USE_DEFAULT="1"
  @INC:
    /home/david/cpantesting/perl-5.20.2/lib/site_perl/5.20.2/x86_64-linux-thread-multi
    /home/david/cpantesting/perl-5.20.2/lib/site_perl/5.20.2
    /home/david/cpantesting/perl-5.20.2/lib/5.20.2/x86_64-linux-thread-multi
    /home/david/cpantesting/perl-5.20.2/lib/5.20.2
    .