String-License vv0.0.5 Perl 5 v5.37.11 x86_64-linux

Status
Fail
From
Slaven Rezić
Dist
String-License vv0.0.5
Platform
Perl 5 v5.37.11 x86_64-linux
Date
2023-06-02 06:12:17
ID
6d02d2ac-010c-11ee-a26f-43e86d8775ea
This distribution has been tested as part of the CPAN Testers
project, supporting the Perl programming language.  See
http://wiki.cpantesters.org/ for more information or email
questions to cpan-testers-discuss@perl.org


--
Dear Jonas Smedegaard,

This is a computer-generated report for String-License-v0.0.5
on perl 5.37.11, created by CPAN-Reporter-1.2019.

Thank you for uploading your work to CPAN.  However, there was a problem
testing your distribution.

If you think this report is invalid, please consult the CPAN Testers Wiki
for suggestions on how to avoid getting FAIL reports for missing library
or binary dependencies, unsupported operating systems, and so on:

http://wiki.cpantesters.org/wiki/CPANAuthorNotes

Sections of this report:

    * Tester comments
    * Program output
    * Prerequisites
    * Environment and other context

------------------------------
TESTER COMMENTS
------------------------------

Additional comments from tester:

none provided

------------------------------
PROGRAM OUTPUT
------------------------------

Output from '/usr/bin/make test':

PERL_DL_NONLAZY=1 "/opt/perl-5.37.11/bin/perl5.37.11" "-MExtUtils::Command::MM" "-MTest::Harness" "-e" "undef *Test::Harness::Switches; test_harness(0, 'blib/lib', 'blib/arch')" t/*.t
syntax error at /home/cpansand/.cpan/build/2023053015/String-License-v0.0.5-0/blib/lib/String/License/Naming/Custom.pm line 62, near "class String::License::Naming::Custom :"
Execution of /home/cpansand/.cpan/build/2023053015/String-License-v0.0.5-0/blib/lib/String/License/Naming/Custom.pm aborted due to compilation errors.
Compilation failed in require at /home/cpansand/.cpan/build/2023053015/String-License-v0.0.5-0/blib/lib/String/License.pm line 45.
BEGIN failed--compilation aborted at /home/cpansand/.cpan/build/2023053015/String-License-v0.0.5-0/blib/lib/String/License.pm line 45.
Compilation failed in require at t/basic-lib-no-RE2.t line 7.
BEGIN failed--compilation aborted at t/basic-lib-no-RE2.t line 7.
t/basic-lib-no-RE2.t .. 
Dubious, test returned 255 (wstat 65280, 0xff00)
No subtests run 
syntax error at /home/cpansand/.cpan/build/2023053015/String-License-v0.0.5-0/blib/lib/String/License/Naming/Custom.pm line 62, near "class String::License::Naming::Custom :"
Execution of /home/cpansand/.cpan/build/2023053015/String-License-v0.0.5-0/blib/lib/String/License/Naming/Custom.pm aborted due to compilation errors.
Compilation failed in require at /home/cpansand/.cpan/build/2023053015/String-License-v0.0.5-0/blib/lib/String/License.pm line 45.
BEGIN failed--compilation aborted at /home/cpansand/.cpan/build/2023053015/String-License-v0.0.5-0/blib/lib/String/License.pm line 45.
Compilation failed in require at t/devscripts.t line 5.
BEGIN failed--compilation aborted at t/devscripts.t line 5.
t/devscripts.t ........ 
Dubious, test returned 255 (wstat 65280, 0xff00)
No subtests run 
syntax error at /home/cpansand/.cpan/build/2023053015/String-License-v0.0.5-0/blib/lib/String/License/Naming/Custom.pm line 62, near "class String::License::Naming::Custom :"
Execution of /home/cpansand/.cpan/build/2023053015/String-License-v0.0.5-0/blib/lib/String/License/Naming/Custom.pm aborted due to compilation errors.
Compilation failed in require at /home/cpansand/.cpan/build/2023053015/String-License-v0.0.5-0/blib/lib/String/License.pm line 45.
BEGIN failed--compilation aborted at /home/cpansand/.cpan/build/2023053015/String-License-v0.0.5-0/blib/lib/String/License.pm line 45.
Compilation failed in require at t/exception.t line 9.
BEGIN failed--compilation aborted at t/exception.t line 9.
t/exception.t ......... 
Dubious, test returned 255 (wstat 65280, 0xff00)
No subtests run 
syntax error at /home/cpansand/.cpan/build/2023053015/String-License-v0.0.5-0/blib/lib/String/License/Naming/Custom.pm line 62, near "class String::License::Naming::Custom :"
Execution of /home/cpansand/.cpan/build/2023053015/String-License-v0.0.5-0/blib/lib/String/License/Naming/Custom.pm aborted due to compilation errors.
Compilation failed in require at /home/cpansand/.cpan/build/2023053015/String-License-v0.0.5-0/blib/lib/String/License.pm line 45.
BEGIN failed--compilation aborted at /home/cpansand/.cpan/build/2023053015/String-License-v0.0.5-0/blib/lib/String/License.pm line 45.
Compilation failed in require at t/fedora.t line 9.
BEGIN failed--compilation aborted at t/fedora.t line 9.
t/fedora.t ............ 
Dubious, test returned 255 (wstat 65280, 0xff00)
No subtests run 
syntax error at /home/cpansand/.cpan/build/2023053015/String-License-v0.0.5-0/blib/lib/String/License/Naming/Custom.pm line 62, near "class String::License::Naming::Custom :"
Execution of /home/cpansand/.cpan/build/2023053015/String-License-v0.0.5-0/blib/lib/String/License/Naming/Custom.pm aborted due to compilation errors.
Compilation failed in require at /home/cpansand/.cpan/build/2023053015/String-License-v0.0.5-0/blib/lib/String/License.pm line 45.
BEGIN failed--compilation aborted at /home/cpansand/.cpan/build/2023053015/String-License-v0.0.5-0/blib/lib/String/License.pm line 45.
Compilation failed in require at t/flaws.t line 8.
BEGIN failed--compilation aborted at t/flaws.t line 8.
t/flaws.t ............. 
Dubious, test returned 255 (wstat 65280, 0xff00)
No subtests run 
syntax error at /home/cpansand/.cpan/build/2023053015/String-License-v0.0.5-0/blib/lib/String/License/Naming/Custom.pm line 62, near "class String::License::Naming::Custom :"
Execution of /home/cpansand/.cpan/build/2023053015/String-License-v0.0.5-0/blib/lib/String/License/Naming/Custom.pm aborted due to compilation errors.
Compilation failed in require at /home/cpansand/.cpan/build/2023053015/String-License-v0.0.5-0/blib/lib/String/License.pm line 45.
BEGIN failed--compilation aborted at /home/cpansand/.cpan/build/2023053015/String-License-v0.0.5-0/blib/lib/String/License.pm line 45.
Compilation failed in require at t/grant.t line 9.
BEGIN failed--compilation aborted at t/grant.t line 9.
t/grant.t ............. 
Dubious, test returned 255 (wstat 65280, 0xff00)
No subtests run 
syntax error at /home/cpansand/.cpan/build/2023053015/String-License-v0.0.5-0/blib/lib/String/License/Naming/Custom.pm line 62, near "class String::License::Naming::Custom :"
Execution of /home/cpansand/.cpan/build/2023053015/String-License-v0.0.5-0/blib/lib/String/License/Naming/Custom.pm aborted due to compilation errors.
Compilation failed in require at /home/cpansand/.cpan/build/2023053015/String-License-v0.0.5-0/blib/lib/String/License.pm line 45.
BEGIN failed--compilation aborted at /home/cpansand/.cpan/build/2023053015/String-License-v0.0.5-0/blib/lib/String/License.pm line 45.
Compilation failed in require at t/license.t line 9.
BEGIN failed--compilation aborted at t/license.t line 9.
t/license.t ........... 
Dubious, test returned 255 (wstat 65280, 0xff00)
No subtests run 
syntax error at /home/cpansand/.cpan/build/2023053015/String-License-v0.0.5-0/blib/lib/String/License/Naming/Custom.pm line 62, near "class String::License::Naming::Custom :"
Execution of /home/cpansand/.cpan/build/2023053015/String-License-v0.0.5-0/blib/lib/String/License/Naming/Custom.pm aborted due to compilation errors.
Compilation failed in require at /home/cpansand/.cpan/build/2023053015/String-License-v0.0.5-0/blib/lib/String/License.pm line 45.
BEGIN failed--compilation aborted at /home/cpansand/.cpan/build/2023053015/String-License-v0.0.5-0/blib/lib/String/License.pm line 45.
Compilation failed in require at t/OSI.t line 9.
BEGIN failed--compilation aborted at t/OSI.t line 9.
t/OSI.t ............... 
Dubious, test returned 255 (wstat 65280, 0xff00)
No subtests run 
syntax error at /home/cpansand/.cpan/build/2023053015/String-License-v0.0.5-0/blib/lib/String/License/Naming/Custom.pm line 62, near "class String::License::Naming::Custom :"
Execution of /home/cpansand/.cpan/build/2023053015/String-License-v0.0.5-0/blib/lib/String/License/Naming/Custom.pm aborted due to compilation errors.
Compilation failed in require at t/S-L-Names-Custom.t line 7.
BEGIN failed--compilation aborted at t/S-L-Names-Custom.t line 7.
t/S-L-Names-Custom.t .. 
Dubious, test returned 255 (wstat 65280, 0xff00)
No subtests run 
syntax error at /home/cpansand/.cpan/build/2023053015/String-License-v0.0.5-0/blib/lib/String/License/Naming/SPDX.pm line 55, near "class String::License::Naming::SPDX :"
Execution of /home/cpansand/.cpan/build/2023053015/String-License-v0.0.5-0/blib/lib/String/License/Naming/SPDX.pm aborted due to compilation errors.
Compilation failed in require at t/S-L-Names-SPDX.t line 7.
BEGIN failed--compilation aborted at t/S-L-Names-SPDX.t line 7.
t/S-L-Names-SPDX.t .... 
Dubious, test returned 255 (wstat 65280, 0xff00)
No subtests run 
syntax error at /home/cpansand/.cpan/build/2023053015/String-License-v0.0.5-0/blib/lib/String/License/Naming/Custom.pm line 62, near "class String::License::Naming::Custom :"
Execution of /home/cpansand/.cpan/build/2023053015/String-License-v0.0.5-0/blib/lib/String/License/Naming/Custom.pm aborted due to compilation errors.
Compilation failed in require at /home/cpansand/.cpan/build/2023053015/String-License-v0.0.5-0/blib/lib/String/License.pm line 45.
BEGIN failed--compilation aborted at /home/cpansand/.cpan/build/2023053015/String-License-v0.0.5-0/blib/lib/String/License.pm line 45.
Compilation failed in require at t/Software-License.t line 11.
BEGIN failed--compilation aborted at t/Software-License.t line 11.
t/Software-License.t .. 
Dubious, test returned 255 (wstat 65280, 0xff00)
No subtests run 
syntax error at /home/cpansand/.cpan/build/2023053015/String-License-v0.0.5-0/blib/lib/String/License/Naming/Custom.pm line 62, near "class String::License::Naming::Custom :"
Execution of /home/cpansand/.cpan/build/2023053015/String-License-v0.0.5-0/blib/lib/String/License/Naming/Custom.pm aborted due to compilation errors.
Compilation failed in require at /home/cpansand/.cpan/build/2023053015/String-License-v0.0.5-0/blib/lib/String/License.pm line 45.
BEGIN failed--compilation aborted at /home/cpansand/.cpan/build/2023053015/String-License-v0.0.5-0/blib/lib/String/License.pm line 45.
Compilation failed in require at t/SPDX.t line 9.
BEGIN failed--compilation aborted at t/SPDX.t line 9.
t/SPDX.t .............. 
Dubious, test returned 255 (wstat 65280, 0xff00)
No subtests run 

Test Summary Report
-------------------
t/basic-lib-no-RE2.t (Wstat: 65280 (exited 255) Tests: 0 Failed: 0)
  Non-zero exit status: 255
  Parse errors: No plan found in TAP output
t/devscripts.t      (Wstat: 65280 (exited 255) Tests: 0 Failed: 0)
  Non-zero exit status: 255
  Parse errors: No plan found in TAP output
t/exception.t       (Wstat: 65280 (exited 255) Tests: 0 Failed: 0)
  Non-zero exit status: 255
  Parse errors: No plan found in TAP output
t/fedora.t          (Wstat: 65280 (exited 255) Tests: 0 Failed: 0)
  Non-zero exit status: 255
  Parse errors: No plan found in TAP output
t/flaws.t           (Wstat: 65280 (exited 255) Tests: 0 Failed: 0)
  Non-zero exit status: 255
  Parse errors: No plan found in TAP output
t/grant.t           (Wstat: 65280 (exited 255) Tests: 0 Failed: 0)
  Non-zero exit status: 255
  Parse errors: No plan found in TAP output
t/license.t         (Wstat: 65280 (exited 255) Tests: 0 Failed: 0)
  Non-zero exit status: 255
  Parse errors: No plan found in TAP output
t/OSI.t             (Wstat: 65280 (exited 255) Tests: 0 Failed: 0)
  Non-zero exit status: 255
  Parse errors: No plan found in TAP output
t/S-L-Names-Custom.t (Wstat: 65280 (exited 255) Tests: 0 Failed: 0)
  Non-zero exit status: 255
  Parse errors: No plan found in TAP output
t/S-L-Names-SPDX.t  (Wstat: 65280 (exited 255) Tests: 0 Failed: 0)
  Non-zero exit status: 255
  Parse errors: No plan found in TAP output
t/Software-License.t (Wstat: 65280 (exited 255) Tests: 0 Failed: 0)
  Non-zero exit status: 255
  Parse errors: No plan found in TAP output
t/SPDX.t            (Wstat: 65280 (exited 255) Tests: 0 Failed: 0)
  Non-zero exit status: 255
  Parse errors: No plan found in TAP output
Files=12, Tests=0,  5 wallclock secs ( 0.03 usr  0.01 sys +  4.12 cusr  0.37 csys =  4.53 CPU)
Result: FAIL
Failed 12/12 test programs. 0/0 subtests failed.
make: *** [Makefile:879: test_dynamic] Error 255

------------------------------
PREREQUISITES
------------------------------

Prerequisite modules loaded:

requires:

    Module                   Need     Have    
    ------------------------ -------- --------
    Array::IntSpan           0        2.004   
    Feature::Compat::Class   0.04     0.05    
    List::SomeUtils          0        0.59    
    Log::Any                 0        1.715   
    namespace::clean         0        0.27    
    Path::Tiny               0.062    0.144   
    perl                     5.012000 5.037011
    Regexp::Pattern          v0.2.12  0.2.14  
    Regexp::Pattern::License v3.4.0   v3.10.1 

build_requires:

    Module                   Need     Have    
    ------------------------ -------- --------
    Test2::V0                0.000060 0.000155
    Test::Without::Module    0        0.21    

configure_requires:

    Module                   Need     Have    
    ------------------------ -------- --------
    ExtUtils::MakeMaker      6.17     7.70    


------------------------------
ENVIRONMENT AND OTHER CONTEXT
------------------------------

Environment variables:

    LANG = en_US.UTF-8
    PATH = /usr/local/bin:/usr/bin:/bin:/usr/local/sbin:/usr/sbin:/sbin:/home/cpansand/bin/linux-gnu:/home/cpansand/bin/sh:/home/cpansand/bin:/usr/games:/home/cpansand/devel:/home/eserte/src/srezic-misc/scripts
    PERL5LIB = /home/cpansand/.cpan/build/2023053015/Regexp-Pattern-License-v3.10.1-0/blib/arch:/home/cpansand/.cpan/build/2023053015/Regexp-Pattern-License-v3.10.1-0/blib/lib:/home/cpansand/.cpan/build/2023053015/Test-Regexp-Pattern-0.010-0/blib/arch:/home/cpansand/.cpan/build/2023053015/Test-Regexp-Pattern-0.010-0/blib/lib:/home/cpansand/.cpan/build/2023053015/Hash-DefHash-0.072-0/blib/arch:/home/cpansand/.cpan/build/2023053015/Hash-DefHash-0.072-0/blib/lib:/home/cpansand/.cpan/build/2023053015/String-Trim-More-0.03-0/blib/arch:/home/cpansand/.cpan/build/2023053015/String-Trim-More-0.03-0/blib/lib:/home/cpansand/.cpan/build/2023053015/Regexp-Pattern-DefHash-0.001-0/blib/arch:/home/cpansand/.cpan/build/2023053015/Regexp-Pattern-DefHash-0.001-0/blib/lib:/home/cpansand/.cpan/build/2023053015/Feature-Compat-Class-0.05-0/blib/arch:/home/cpansand/.cpan/build/2023053015/Feature-Compat-Class-0.05-0/blib/lib:/home/cpansand/.cpan/build/2023053015/Array-IntSpan-2.004-0/blib/arch:/home/cpansand/.cpan/build/2023053015/Array-IntSpan-2.004-0/blib/lib
    PERL5OPT = 
    PERL5_CPANPLUS_IS_RUNNING = 2128107
    PERL5_CPAN_IS_RUNNING = 2128107
    PERL5_CPAN_IS_RUNNING_IN_RECURSION = 2128046,2128107
    PERLDOC = -MPod::Perldoc::ToTextOverstrike
    PERL_BATCH = yes
    PERL_CANARY_STABILITY_NOPROMPT = 1
    PERL_CPAN_REPORTER_CONFIG = /var/tmp/cpansmoker-1023/2023053015/cpanreporter_000_config.ini
    PERL_EXTUTILS_AUTOINSTALL = --defaultdeps
    PERL_USE_UNSAFE_INC = 1
    SHELL = /usr/bin/zsh
    TERM = screen
    TMPDIR = /var/tmp/cpansmoker-1023/2023053015

Perl special variables (and OS-specific diagnostics, for MSWin32):

    $^X = /opt/perl-5.37.11/bin/perl5.37.11
    $UID/$EUID = 1023 / 1023
    $GID = 1023 1023
    $EGID = 1023 1023

Perl module toolchain versions installed:

    Module              Have    
    ------------------- --------
    CPAN                2.34    
    CPAN::Meta          2.150010
    Cwd                 3.89    
    ExtUtils::CBuilder  0.280238
    ExtUtils::Command   7.70    
    ExtUtils::Install   2.22    
    ExtUtils::MakeMaker 7.70    
    ExtUtils::Manifest  1.73    
    ExtUtils::ParseXS   3.50    
    File::Spec          3.88    
    JSON                4.10    
    JSON::PP            4.16    
    Module::Build       0.4234  
    Module::Signature   n/a     
    Parse::CPAN::Meta   2.150010
    Test2               1.302194
    Test::Harness       3.44    
    Test::More          1.302194
    YAML                1.30    
    YAML::Syck          1.34    
    version             0.9929  


--

Summary of my perl5 (revision 5 version 37 subversion 11) configuration:
   
  Platform:
    osname=linux
    osvers=6.2.11-100.fc36.x86_64
    archname=x86_64-linux
    uname='linux cloud4.bbbike.org 6.2.11-100.fc36.x86_64 #1 smp preempt_dynamic thu apr 13 20:28:38 utc 2023 x86_64 x86_64 x86_64 gnulinux '
    config_args='-ds -e -Dprefix=/opt/perl-5.37.11 -Dusedevel -Dusemallocwrap=no -Dcf_email=srezic@cpan.org'
    hint=recommended
    useposix=true
    d_sigaction=define
    useithreads=undef
    usemultiplicity=undef
    use64bitint=define
    use64bitall=define
    uselongdouble=undef
    usemymalloc=n
    default_inc_excludes_dot=define
  Compiler:
    cc='cc'
    ccflags ='-fwrapv -fno-strict-aliasing -pipe -fstack-protector-strong -I/usr/local/include -D_LARGEFILE_SOURCE -D_FILE_OFFSET_BITS=64 -D_FORTIFY_SOURCE=2'
    optimize='-O2'
    cppflags='-fwrapv -fno-strict-aliasing -pipe -fstack-protector-strong -I/usr/local/include'
    ccversion=''
    gccversion='12.2.1 20221121 (Red Hat 12.2.1-4)'
    gccosandvers=''
    intsize=4
    longsize=8
    ptrsize=8
    doublesize=8
    byteorder=12345678
    doublekind=3
    d_longlong=define
    longlongsize=8
    d_longdbl=define
    longdblsize=16
    longdblkind=3
    ivtype='long'
    ivsize=8
    nvtype='double'
    nvsize=8
    Off_t='off_t'
    lseeksize=8
    alignbytes=8
    prototype=define
  Linker and Libraries:
    ld='cc'
    ldflags =' -fstack-protector-strong -L/usr/local/lib'
    libpth=/usr/local/lib /usr/lib /usr/lib64 /usr/local/lib64
    libs=-lpthread -ldb -ldl -lm -lcrypt -lutil -lc
    perllibs=-lpthread -ldl -lm -lcrypt -lutil -lc
    libc=/lib/../lib64/libc.so.6
    so=so
    useshrplib=false
    libperl=libperl.a
    gnulibc_version='2.35'
  Dynamic Linking:
    dlsrc=dl_dlopen.xs
    dlext=so
    d_dlsymun=undef
    ccdlflags='-Wl,-E'
    cccdlflags='-fPIC'
    lddlflags='-shared -O2 -L/usr/local/lib -fstack-protector-strong'


Characteristics of this binary (from libperl): 
  Compile-time options:
    HAS_LONG_DOUBLE
    HAS_STRTOLD
    HAS_TIMES
    PERLIO_LAYERS
    PERL_COPY_ON_WRITE
    PERL_DONT_CREATE_GVSV
    PERL_HASH_FUNC_SIPHASH13
    PERL_HASH_USE_SBOX32
    PERL_OP_PARENT
    PERL_PRESERVE_IVUV
    PERL_USE_DEVEL
    PERL_USE_SAFE_PUTENV
    USE_64_BIT_ALL
    USE_64_BIT_INT
    USE_LARGE_FILES
    USE_LOCALE
    USE_LOCALE_COLLATE
    USE_LOCALE_CTYPE
    USE_LOCALE_NUMERIC
    USE_LOCALE_TIME
    USE_PERLIO
    USE_PERL_ATOF
  Built under linux
  Compiled at May  1 2023 18:33:02
  %ENV:
    PERL5LIB="/home/cpansand/.cpan/build/2023053015/Regexp-Pattern-License-v3.10.1-0/blib/arch:/home/cpansand/.cpan/build/2023053015/Regexp-Pattern-License-v3.10.1-0/blib/lib:/home/cpansand/.cpan/build/2023053015/Test-Regexp-Pattern-0.010-0/blib/arch:/home/cpansand/.cpan/build/2023053015/Test-Regexp-Pattern-0.010-0/blib/lib:/home/cpansand/.cpan/build/2023053015/Hash-DefHash-0.072-0/blib/arch:/home/cpansand/.cpan/build/2023053015/Hash-DefHash-0.072-0/blib/lib:/home/cpansand/.cpan/build/2023053015/String-Trim-More-0.03-0/blib/arch:/home/cpansand/.cpan/build/2023053015/String-Trim-More-0.03-0/blib/lib:/home/cpansand/.cpan/build/2023053015/Regexp-Pattern-DefHash-0.001-0/blib/arch:/home/cpansand/.cpan/build/2023053015/Regexp-Pattern-DefHash-0.001-0/blib/lib:/home/cpansand/.cpan/build/2023053015/Feature-Compat-Class-0.05-0/blib/arch:/home/cpansand/.cpan/build/2023053015/Feature-Compat-Class-0.05-0/blib/lib:/home/cpansand/.cpan/build/2023053015/Array-IntSpan-2.004-0/blib/arch:/home/cpansand/.cpan/build/2023053015/Array-IntSpan-2.004-0/blib/lib"
    PERL5OPT=""
    PERL5_CPANPLUS_IS_RUNNING="2128107"
    PERL5_CPAN_IS_RUNNING="2128107"
    PERL5_CPAN_IS_RUNNING_IN_RECURSION="2128046,2128107"
    PERLDOC="-MPod::Perldoc::ToTextOverstrike"
    PERL_BATCH="yes"
    PERL_CANARY_STABILITY_NOPROMPT="1"
    PERL_CPAN_REPORTER_CONFIG="/var/tmp/cpansmoker-1023/2023053015/cpanreporter_000_config.ini"
    PERL_EXTUTILS_AUTOINSTALL="--defaultdeps"
    PERL_USE_UNSAFE_INC="1"
  @INC:
    /home/cpansand/.cpan/build/2023053015/Regexp-Pattern-License-v3.10.1-0/blib/arch
    /home/cpansand/.cpan/build/2023053015/Regexp-Pattern-License-v3.10.1-0/blib/lib
    /home/cpansand/.cpan/build/2023053015/Test-Regexp-Pattern-0.010-0/blib/arch
    /home/cpansand/.cpan/build/2023053015/Test-Regexp-Pattern-0.010-0/blib/lib
    /home/cpansand/.cpan/build/2023053015/Hash-DefHash-0.072-0/blib/arch
    /home/cpansand/.cpan/build/2023053015/Hash-DefHash-0.072-0/blib/lib
    /home/cpansand/.cpan/build/2023053015/String-Trim-More-0.03-0/blib/arch
    /home/cpansand/.cpan/build/2023053015/String-Trim-More-0.03-0/blib/lib
    /home/cpansand/.cpan/build/2023053015/Regexp-Pattern-DefHash-0.001-0/blib/arch
    /home/cpansand/.cpan/build/2023053015/Regexp-Pattern-DefHash-0.001-0/blib/lib
    /home/cpansand/.cpan/build/2023053015/Feature-Compat-Class-0.05-0/blib/arch
    /home/cpansand/.cpan/build/2023053015/Feature-Compat-Class-0.05-0/blib/lib
    /home/cpansand/.cpan/build/2023053015/Array-IntSpan-2.004-0/blib/arch
    /home/cpansand/.cpan/build/2023053015/Array-IntSpan-2.004-0/blib/lib
    /opt/perl-5.37.11/lib/site_perl/5.37.11/x86_64-linux
    /opt/perl-5.37.11/lib/site_perl/5.37.11
    /opt/perl-5.37.11/lib/5.37.11/x86_64-linux
    /opt/perl-5.37.11/lib/5.37.11
    .