Weather-NHC-TropicalCyclone v0.19 Perl 5 v5.8.9 x86_64-linux-thread-multi

Status
Fail
From
David Cantrell (DCANTRELL)
Dist
Weather-NHC-TropicalCyclone v0.19
Platform
Perl 5 v5.8.9 x86_64-linux-thread-multi
Date
2020-09-30 07:42:01
ID
6d2dda50-02f0-11eb-a8f1-4f69a1724e2f
This distribution has been tested as part of the CPAN Testers
project, supporting the Perl programming language.  See
http://wiki.cpantesters.org/ for more information or email
questions to cpan-testers-discuss@perl.org


--
Dear Danny Frankle,

This is a computer-generated report for Weather-NHC-TropicalCyclone-0.19
on perl 5.8.9, created by CPAN-Reporter-1.2018.

Thank you for uploading your work to CPAN.  However, there was a problem
testing your distribution.

If you think this report is invalid, please consult the CPAN Testers Wiki
for suggestions on how to avoid getting FAIL reports for missing library
or binary dependencies, unsupported operating systems, and so on:

http://wiki.cpantesters.org/wiki/CPANAuthorNotes

Sections of this report:

    * Tester comments
    * Program output
    * Prerequisites
    * Environment and other context

------------------------------
TESTER COMMENTS
------------------------------

Additional comments from tester:

this report is from an automated smoke testing program
and was not reviewed by a human for accuracy

------------------------------
PROGRAM OUTPUT
------------------------------

Output from '/usr/bin/make test':

PERL_DL_NONLAZY=1 "/home/david/cpantesting/perl-5.8.9/bin/perl" "-MExtUtils::Command::MM" "-MTest::Harness" "-e" "undef *Test::Harness::Switches; test_harness(0, 'blib/lib', 'blib/arch')" t/*.t t/unit/lib-Weather-NHC-TropicalCyclone-ForecastAdvisory/*.t t/unit/lib-Weather-NHC-TropicalCyclone-Storm/*.t t/unit/lib-Weather-NHC-TropicalCyclone-StormHistory/*.t t/unit/lib-Weather-NHC-TropicalCyclone/*.t
t/release-kwalitee.t ................................................ skipped: these tests are for release candidate testing
t/unit/lib-Weather-NHC-TropicalCyclone-ForecastAdvisory/01-basic.t .. ok
Variable "$http" will not stay shared at /home/david/cpantesting/perl-5.8.9/.cpan/build/Weather-NHC-TropicalCyclone-0.19-0/blib/lib/Weather/NHC/TropicalCyclone/Storm.pm line 327.
Variable "$response" will not stay shared at /home/david/cpantesting/perl-5.8.9/.cpan/build/Weather-NHC-TropicalCyclone-0.19-0/blib/lib/Weather/NHC/TropicalCyclone/Storm.pm line 327.
Variable "$status" will not stay shared at /home/david/cpantesting/perl-5.8.9/.cpan/build/Weather-NHC-TropicalCyclone-0.19-0/blib/lib/Weather/NHC/TropicalCyclone/Storm.pm line 327.

#   Failed test 'use Weather::NHC::TropicalCyclone;'
#   at t/unit/lib-Weather-NHC-TropicalCyclone-Storm/01-basic.t line 8.
#     Tried to use 'Weather::NHC::TropicalCyclone'.
#     Error:  Global symbol "$status" requires explicit package name at /home/david/cpantesting/perl-5.8.9/.cpan/build/Weather-NHC-TropicalCyclone-0.19-0/blib/lib/Weather/NHC/TropicalCyclone/Storm.pm line 311.
# syntax error at /home/david/cpantesting/perl-5.8.9/.cpan/build/Weather-NHC-TropicalCyclone-0.19-0/blib/lib/Weather/NHC/TropicalCyclone/Storm.pm line 316, near "q{N/A} )"
# Compilation failed in require at /home/david/cpantesting/perl-5.8.9/.cpan/build/Weather-NHC-TropicalCyclone-0.19-0/blib/lib/Weather/NHC/TropicalCyclone.pm line 8.
# BEGIN failed--compilation aborted at /home/david/cpantesting/perl-5.8.9/.cpan/build/Weather-NHC-TropicalCyclone-0.19-0/blib/lib/Weather/NHC/TropicalCyclone.pm line 8.
# Compilation failed in require at t/unit/lib-Weather-NHC-TropicalCyclone-Storm/01-basic.t line 8.
# BEGIN failed--compilation aborted at t/unit/lib-Weather-NHC-TropicalCyclone-Storm/01-basic.t line 8.
Can't locate object method "new" via package "Weather::NHC::TropicalCyclone" at t/unit/lib-Weather-NHC-TropicalCyclone-Storm/01-basic.t line 21, <$dh> chunk 1.
# Tests were run but no plan was declared and done_testing() was not seen.
# Looks like your test exited with 255 just after 2.
t/unit/lib-Weather-NHC-TropicalCyclone-Storm/01-basic.t ............. 
Dubious, test returned 255 (wstat 65280, 0xff00)
Failed 1/2 subtests 
Bareword found where operator expected at /home/david/cpantesting/perl-5.8.9/.cpan/build/Weather-NHC-TropicalCyclone-0.19-0/blib/lib/Weather/NHC/TropicalCyclone/StormTable.pm line 207, near "return qq/UNNAMED"
  (Might be a runaway multi-line // string starting on line 200)
	(Do you need to predeclare return?)

#   Failed test 'use Weather::NHC::TropicalCyclone::StormTable;'
#   at t/unit/lib-Weather-NHC-TropicalCyclone-StormHistory/01-basic.t line 5.
#     Tried to use 'Weather::NHC::TropicalCyclone::StormTable'.
#     Error:  Global symbol "$storms_arrayref" requires explicit package name at /home/david/cpantesting/perl-5.8.9/.cpan/build/Weather-NHC-TropicalCyclone-0.19-0/blib/lib/Weather/NHC/TropicalCyclone/StormTable.pm line 151.
# Global symbol "$name" requires explicit package name at /home/david/cpantesting/perl-5.8.9/.cpan/build/Weather-NHC-TropicalCyclone-0.19-0/blib/lib/Weather/NHC/TropicalCyclone/StormTable.pm line 151.
# Global symbol "$storms_arrayref" requires explicit package name at /home/david/cpantesting/perl-5.8.9/.cpan/build/Weather-NHC-TropicalCyclone-0.19-0/blib/lib/Weather/NHC/TropicalCyclone/StormTable.pm line 151.
# Global symbol "$name" requires explicit package name at /home/david/cpantesting/perl-5.8.9/.cpan/build/Weather-NHC-TropicalCyclone-0.19-0/blib/lib/Weather/NHC/TropicalCyclone/StormTable.pm line 151.
# Global symbol "$storms_arrayref" requires explicit package name at /home/david/cpantesting/perl-5.8.9/.cpan/build/Weather-NHC-TropicalCyclone-0.19-0/blib/lib/Weather/NHC/TropicalCyclone/StormTable.pm line 176.
# Global symbol "$nhc_designation" requires explicit package name at /home/david/cpantesting/perl-5.8.9/.cpan/build/Weather-NHC-TropicalCyclone-0.19-0/blib/lib/Weather/NHC/TropicalCyclone/StormTable.pm line 176.
# Global symbol "$storms_arrayref" requires explicit package name at /home/david/cpantesting/perl-5.8.9/.cpan/build/Weather-NHC-TropicalCyclone-0.19-0/blib/lib/Weather/NHC/TropicalCyclone/StormTable.pm line 176.
# Global symbol "$nhc_designation" requires explicit package name at /home/david/cpantesting/perl-5.8.9/.cpan/build/Weather-NHC-TropicalCyclone-0.19-0/blib/lib/Weather/NHC/TropicalCyclone/StormTable.pm line 176.
# Global symbol "$storms_arrayref" requires explicit package name at /home/david/cpantesting/perl-5.8.9/.cpan/build/Weather-NHC-TropicalCyclone-0.19-0/blib/lib/Weather/NHC/TropicalCyclone/StormTable.pm line 200.
# syntax error at /home/david/cpantesting/perl-5.8.9/.cpan/build/Weather-NHC-TropicalCyclone-0.19-0/blib/lib/Weather/NHC/TropicalCyclone/StormTable.pm line 207, near "return qq/UNNAMED"
# /home/david/cpantesting/perl-5.8.9/.cpan/build/Weather-NHC-TropicalCyclone-0.19-0/blib/lib/Weather/NHC/TropicalCyclone/StormTable.pm has too many errors.
# Compilation failed in require at t/unit/lib-Weather-NHC-TropicalCyclone-StormHistory/01-basic.t line 5.
# BEGIN failed--compilation aborted at t/unit/lib-Weather-NHC-TropicalCyclone-StormHistory/01-basic.t line 5.
Can't locate object method "_data" via package "Weather::NHC::TropicalCyclone::StormTable" at /home/david/cpantesting/perl-5.8.9/.cpan/build/Weather-NHC-TropicalCyclone-0.19-0/blib/lib/Weather/NHC/TropicalCyclone/StormTable.pm line 17.
# Tests were run but no plan was declared and done_testing() was not seen.
# Looks like your test exited with 255 just after 1.
t/unit/lib-Weather-NHC-TropicalCyclone-StormHistory/01-basic.t ...... 
Dubious, test returned 255 (wstat 65280, 0xff00)
Failed 1/1 subtests 
Variable "$http" will not stay shared at /home/david/cpantesting/perl-5.8.9/.cpan/build/Weather-NHC-TropicalCyclone-0.19-0/blib/lib/Weather/NHC/TropicalCyclone/Storm.pm line 327.
Variable "$response" will not stay shared at /home/david/cpantesting/perl-5.8.9/.cpan/build/Weather-NHC-TropicalCyclone-0.19-0/blib/lib/Weather/NHC/TropicalCyclone/Storm.pm line 327.
Variable "$status" will not stay shared at /home/david/cpantesting/perl-5.8.9/.cpan/build/Weather-NHC-TropicalCyclone-0.19-0/blib/lib/Weather/NHC/TropicalCyclone/Storm.pm line 327.

#   Failed test 'use Weather::NHC::TropicalCyclone;'
#   at t/unit/lib-Weather-NHC-TropicalCyclone/01-basic.t line 11.
#     Tried to use 'Weather::NHC::TropicalCyclone'.
#     Error:  Global symbol "$status" requires explicit package name at /home/david/cpantesting/perl-5.8.9/.cpan/build/Weather-NHC-TropicalCyclone-0.19-0/blib/lib/Weather/NHC/TropicalCyclone/Storm.pm line 311.
# syntax error at /home/david/cpantesting/perl-5.8.9/.cpan/build/Weather-NHC-TropicalCyclone-0.19-0/blib/lib/Weather/NHC/TropicalCyclone/Storm.pm line 316, near "q{N/A} )"
# Compilation failed in require at /home/david/cpantesting/perl-5.8.9/.cpan/build/Weather-NHC-TropicalCyclone-0.19-0/blib/lib/Weather/NHC/TropicalCyclone.pm line 8.
# BEGIN failed--compilation aborted at /home/david/cpantesting/perl-5.8.9/.cpan/build/Weather-NHC-TropicalCyclone-0.19-0/blib/lib/Weather/NHC/TropicalCyclone.pm line 8.
# Compilation failed in require at t/unit/lib-Weather-NHC-TropicalCyclone/01-basic.t line 11.
# BEGIN failed--compilation aborted at t/unit/lib-Weather-NHC-TropicalCyclone/01-basic.t line 11.
Can't locate object method "new" via package "Weather::NHC::TropicalCyclone" at t/unit/lib-Weather-NHC-TropicalCyclone/01-basic.t line 13.
# Tests were run but no plan was declared and done_testing() was not seen.
# Looks like your test exited with 9 just after 1.
t/unit/lib-Weather-NHC-TropicalCyclone/01-basic.t ................... 
Dubious, test returned 9 (wstat 2304, 0x900)
Failed 1/1 subtests 

Test Summary Report
-------------------
t/unit/lib-Weather-NHC-TropicalCyclone-Storm/01-basic.t           (Wstat: 65280 Tests: 2 Failed: 1)
  Failed test:  1
  Non-zero exit status: 255
  Parse errors: No plan found in TAP output
t/unit/lib-Weather-NHC-TropicalCyclone-StormHistory/01-basic.t    (Wstat: 65280 Tests: 1 Failed: 1)
  Failed test:  1
  Non-zero exit status: 255
  Parse errors: No plan found in TAP output
t/unit/lib-Weather-NHC-TropicalCyclone/01-basic.t                 (Wstat: 2304 Tests: 1 Failed: 1)
  Failed test:  1
  Non-zero exit status: 9
  Parse errors: No plan found in TAP output
Files=5, Tests=27,  3 wallclock secs ( 0.02 usr  0.01 sys +  0.28 cusr  0.03 csys =  0.34 CPU)
Result: FAIL
Failed 3/5 test programs. 3/27 subtests failed.
Makefile:881: recipe for target 'test_dynamic' failed
make: *** [test_dynamic] Error 9

------------------------------
PREREQUISITES
------------------------------

Prerequisite modules loaded:

requires:

    Module              Need Have    
    ------------------- ---- --------
    Date::Calc          0    6.4     
    File::Temp          0    0.2309  
    HTML::TreeBuilder   0    5.07    
    HTTP::Status        0    6.26    
    HTTP::Tiny          0    0.076   
    IO::Socket::SSL     0    2.066   
    JSON::XS            0    4.02    
    Object::Tiny        0    1.09    
    Validate::Tiny      0    1.6     

build_requires:

    Module              Need Have    
    ------------------- ---- --------
    ExtUtils::MakeMaker 0    7.34    
    File::Temp          0    0.2309  
    Net::Ping           0    2.35    
    Test::Exception     0    0.43    
    Test::More          0    1.302162

configure_requires:

    Module              Need Have    
    ------------------- ---- --------
    ExtUtils::MakeMaker 0    7.34    


------------------------------
ENVIRONMENT AND OTHER CONTEXT
------------------------------

Environment variables:

    AUTOMATED_TESTING = 1
    LANG = en_US.UTF-8
    NONINTERACTIVE_TESTING = 1
    PATH = /usr/local/bin:/usr/bin:/bin:/usr/local/games:/usr/games
    PERL = 5.8.9
    PERL5LIB = 
    PERL5OPT = 
    PERL5_CPANPLUS_IS_RUNNING = 875
    PERL5_CPAN_IS_RUNNING = 875
    PERLVER = 5.8.9
    PERL_INLINE_DIRECTORY = /home/david/.Inline-5.8.9
    PERL_MM_USE_DEFAULT = 1
    PERL_USE_UNSAFE_INC = 0
    SHELL = /bin/bash
    TERM = screen

Perl special variables (and OS-specific diagnostics, for MSWin32):

    $^X = /home/david/cpantesting/perl-5.8.9/bin/perl
    $UID/$EUID = 1000 / 1000
    $GID = 1000 27 1000
    $EGID = 1000 27 1000

Perl module toolchain versions installed:

    Module              Have    
    ------------------- --------
    CPAN                2.26    
    CPAN::Meta          2.143240
    Cwd                 3.75    
    ExtUtils::CBuilder  0.280234
    ExtUtils::Command   7.34    
    ExtUtils::Install   2.06    
    ExtUtils::MakeMaker 7.34    
    ExtUtils::Manifest  1.70    
    ExtUtils::ParseXS   3.35    
    File::Spec          3.75    
    JSON                n/a     
    JSON::PP            4.02    
    Module::Build       0.4231  
    Module::Signature   n/a     
    Parse::CPAN::Meta   1.4414  
    Test::Harness       3.42    
    Test::More          1.302162
    YAML                n/a     
    YAML::Syck          n/a     
    version             0.9924  


--

Summary of my perl5 (revision 5 version 8 subversion 9) configuration:
  Platform:
    osname=linux, osvers=4.9.0-8-amd64, archname=x86_64-linux-thread-multi
    uname='linux pigsty 4.9.0-8-amd64 #1 smp debian 4.9.144-3 (2019-02-02) x86_64 gnulinux '
    config_args='-de -Duse64bitall -Dusethreads -Dprefix=/home/david/cpantesting/perl-5.8.9 -A ccflags=-fwrapv'
    hint=previous, useposix=true, d_sigaction=define
    usethreads=define use5005threads=undef useithreads=define usemultiplicity=define
    useperlio=define d_sfio=undef uselargefiles=define usesocks=undef
    use64bitint=define use64bitall=define uselongdouble=undef
    usemymalloc=n, bincompat5005=undef
  Compiler:
    cc='cc', ccflags ='-D_REENTRANT -D_GNU_SOURCE -fwrapv -fno-strict-aliasing -pipe -I/usr/local/include -D_LARGEFILE_SOURCE -D_FILE_OFFSET_BITS=64 -fwrapv',
    optimize='-O2',
    cppflags='-D_REENTRANT -D_GNU_SOURCE -fwrapv -fno-strict-aliasing -pipe -I/usr/local/include -D_REENTRANT -D_GNU_SOURCE -fwrapv -fno-strict-aliasing -pipe -I/usr/local/include -D_LARGEFILE_SOURCE -D_FILE_OFFSET_BITS=64 -fwrapv'
    ccversion='', gccversion='6.3.0 20170516', gccosandvers=''
    intsize=4, longsize=8, ptrsize=8, doublesize=8, byteorder=12345678
    d_longlong=define, longlongsize=8, d_longdbl=define, longdblsize=16
    ivtype='long', ivsize=8, nvtype='double', nvsize=8, Off_t='off_t', lseeksize=8
    alignbytes=8, prototype=define
  Linker and Libraries:
    ld='cc', ldflags =' -L/usr/local/lib'
    libpth=/usr/local/lib /lib/x86_64-linux-gnu /lib/../lib /usr/lib/x86_64-linux-gnu /usr/lib/../lib /lib /usr/lib
    libs=-lnsl -ldb -ldl -lm -lcrypt -lutil -lpthread -lc
    perllibs=-lnsl -ldl -lm -lcrypt -lutil -lpthread -lc
    libc=libc-2.24.so, so=so, useshrplib=false, libperl=libperl.a
    gnulibc_version='2.24'
  Dynamic Linking:
    dlsrc=dl_dlopen.xs, dlext=so, d_dlsymun=undef, ccdlflags='-Wl,-E'
    cccdlflags='-fPIC', lddlflags='-shared -O2 -L/usr/local/lib'


Characteristics of this binary (from libperl): 
  Compile-time options: MULTIPLICITY PERL_IMPLICIT_CONTEXT PERL_MALLOC_WRAP
                        USE_64_BIT_ALL USE_64_BIT_INT USE_FAST_STDIO
                        USE_ITHREADS USE_LARGE_FILES USE_PERLIO
                        USE_REENTRANT_API
  Locally applied patches:
	Devel::PatchPerl 1.56
  Built under linux
  Compiled at Apr 25 2019 16:01:13
  %ENV:
    PERL="5.8.9"
    PERL5LIB=""
    PERL5OPT=""
    PERL5_CPANPLUS_IS_RUNNING="875"
    PERL5_CPAN_IS_RUNNING="875"
    PERLVER="5.8.9"
    PERL_INLINE_DIRECTORY="/home/david/.Inline-5.8.9"
    PERL_MM_USE_DEFAULT="1"
    PERL_USE_UNSAFE_INC="0"
  @INC:
    /home/david/cpantesting/perl-5.8.9/lib/5.8.9/x86_64-linux-thread-multi
    /home/david/cpantesting/perl-5.8.9/lib/5.8.9
    /home/david/cpantesting/perl-5.8.9/lib/site_perl/5.8.9/x86_64-linux-thread-multi
    /home/david/cpantesting/perl-5.8.9/lib/site_perl/5.8.9
    .