Back
From: metabase:user:30f0bd62-2aae-11df-837a-5e0a49663a4f
Subject: FAIL IPC-Filter-0.003 v5.10.1 OpenBSD
Date: 2010-09-09T23:46:12Z
This distribution has been tested as part of the CPAN Testers
project, supporting the Perl programming language. See
http://wiki.cpantesters.org/ for more information or email
questions to cpan-testers-discuss@perl.org
--
Dear Andrew Main (Zefram),
This is a computer-generated report for IPC-Filter-0.003
on perl 5.10.1, created by CPAN-Reporter-1.18.
Thank you for uploading your work to CPAN. However, there was a problem
testing your distribution.
If you think this report is invalid, please consult the CPAN Testers Wiki
for suggestions on how to avoid getting FAIL reports for missing library
or binary dependencies, unsupported operating systems, and so on:
http://wiki.cpantesters.org/wiki/CPANAuthorNotes
Sections of this report:
* Tester comments
* Program output
* Prerequisites
* Environment and other context
------------------------------
TESTER COMMENTS
------------------------------
Additional comments from tester:
this report is from an automated smoke testing program
and was not reviewed by a human for accuracy
------------------------------
PROGRAM OUTPUT
------------------------------
Output from './Build test':
# Failed test at t/filter.t line 51.
# got: 'filter: process exited with status 143
# bar
# '
# expected: 'filter: process died on SIGTERM
# '
# Looks like you failed 1 test of 14.
t/filter.t ...
Dubious, test returned 1 (wstat 256, 0x100)
Failed 1/14 subtests
t/pod_cvg.t .. skipped: Test::Pod::Coverage not available
t/pod_syn.t .. skipped: Test::Pod not available
Test Summary Report
-------------------
t/filter.t (Wstat: 256 Tests: 14 Failed: 1)
Failed test: 14
Non-zero exit status: 1
Files=3, Tests=14, 1 wallclock secs ( 0.04 usr 0.03 sys + 0.22 cusr 0.01 csys = 0.30 CPU)
Result: FAIL
Failed 1/3 test programs. 1/14 subtests failed.
------------------------------
PREREQUISITES
------------------------------
Prerequisite modules loaded:
requires:
Module Need Have
------------- ------ --------
Errno 1.00 1.11
Exporter 0 5.63
IO::Handle 1.12 1.28
IO::Poll 0.01 0.07
IPC::Open3 1.01 1.04
IPC::Signal 1.00 1.00
parent 0 0.221
perl 5.006 5.010001
POSIX 0 1.17
strict 0 1.04
Symbol 0 1.07
warnings 0 1.06
build_requires:
Module Need Have
------------- ------ --------
Module::Build 0.2808 0.3607
perl 5.006 5.010001
strict 0 1.04
Test::More 0 0.96
warnings 0 1.06
configure_requires:
Module Need Have
------------- ------ --------
Module::Build 0 0.3607
perl 5.006 5.010001
strict 0 1.04
warnings 0 1.06
------------------------------
ENVIRONMENT AND OTHER CONTEXT
------------------------------
Environment variables:
AUTOMATED_TESTING = 1
PATH = /home/sts/bin:/bin:/sbin:/usr/bin:/usr/sbin:/usr/X11R6/bin:/usr/local/bin:/usr/local/sbin:/usr/games:.
PERL5LIB = /home/sts/cpansmoke/perl-5.10.1/cpan/build/HTTP-Lite-2.2-Bob0Kl/blib/arch:/home/sts/cpansmoke/perl-5.10.1/cpan/build/HTTP-Lite-2.2-Bob0Kl/blib/lib:/home/sts/cpansmoke/perl-5.10.1/cpan/build/IPC-Signal-1.00-uAo7VG/blib/arch:/home/sts/cpansmoke/perl-5.10.1/cpan/build/IPC-Signal-1.00-uAo7VG/blib/lib:/home/sts/cpansmoke/perl-5.10.1/cpan/build/Params-Classify-0.011-naGne7/blib/arch:/home/sts/cpansmoke/perl-5.10.1/cpan/build/Params-Classify-0.011-naGne7/blib/lib
PERL5OPT =
PERL5_CPANPLUS_IS_RUNNING = 3034
PERL5_CPAN_IS_RUNNING = 3034
PERL5_CPAN_IS_RUNNING_IN_RECURSION = 23668,3034
PERL_CR_SMOKER_CURRENT = Time-OlsonTZ-Download-0.000
PERL_EXTUTILS_AUTOINSTALL = --defaultdeps
PERL_MM_USE_DEFAULT = 1
SHELL = /usr/local/bin/bash
TERM = screen
Perl special variables (and OS-specific diagnostics, for MSWin32):
$^X = /home/sts/cpansmoke/perl-5.10.1/bin/perl
$UID/$EUID = 1000 / 1000
$GID = 10 10 0
$EGID = 10 10 0
Perl module toolchain versions installed:
Module Have
------------------- ------
CPAN 1.9402
Cwd 3.31
ExtUtils::CBuilder 0.2703
ExtUtils::Command 1.16
ExtUtils::Install 1.54
ExtUtils::MakeMaker 6.56
ExtUtils::Manifest 1.56
ExtUtils::ParseXS 2.2206
File::Spec 3.31
Module::Build 0.3607
Module::Signature n/a
Test::Harness 3.22
Test::More 0.96
YAML 0.72
YAML::Syck 1.14
version 0.77
--
Summary of my perl5 (revision 5 version 10 subversion 1) configuration:
Platform:
osname=openbsd, osvers=4.7, archname=OpenBSD.i386-openbsd-thread-multi
uname='openbsd cpansmoke3 4.7 generic.mp#449 i386 '
config_args='-des -Dusethreads -Dprefix=/home/sts/cpansmoke/perl-5.10.1'
hint=recommended, useposix=true, d_sigaction=define
useithreads=define, usemultiplicity=define
useperlio=define, d_sfio=undef, uselargefiles=define, usesocks=undef
use64bitint=undef, use64bitall=undef, uselongdouble=undef
usemymalloc=n, bincompat5005=undef
Compiler:
cc='cc', ccflags ='-pthread -fno-strict-aliasing -pipe -fstack-protector -I/usr/local/include',
optimize='-O2',
cppflags='-pthread -fno-strict-aliasing -pipe -fstack-protector -I/usr/local/include'
ccversion='', gccversion='3.3.5 (propolice)', gccosandvers='openbsd4.7'
intsize=4, longsize=4, ptrsize=4, doublesize=8, byteorder=1234
d_longlong=define, longlongsize=8, d_longdbl=define, longdblsize=12
ivtype='long', ivsize=4, nvtype='double', nvsize=8, Off_t='off_t', lseeksize=8
alignbytes=4, prototype=define
Linker and Libraries:
ld='cc', ldflags ='-pthread -Wl,-E -fstack-protector -L/usr/local/lib'
libpth=/usr/local/lib /usr/lib
libs=-lgdbm -lm -lutil -lc
perllibs=-lm -lutil -lc
libc=/usr/lib/libc.so.53.1, so=so, useshrplib=false, libperl=libperl.a
gnulibc_version=''
Dynamic Linking:
dlsrc=dl_dlopen.xs, dlext=so, d_dlsymun=undef, ccdlflags=' '
cccdlflags='-DPIC -fPIC ', lddlflags='-shared -fPIC -L/usr/local/lib -fstack-protector'
Characteristics of this binary (from libperl):
Compile-time options: MULTIPLICITY PERL_DONT_CREATE_GVSV
PERL_IMPLICIT_CONTEXT PERL_MALLOC_WRAP USE_ITHREADS
USE_LARGE_FILES USE_PERLIO USE_REENTRANT_API
Built under openbsd
Compiled at Sep 9 2010 10:38:44
%ENV:
PERL5LIB="/home/sts/cpansmoke/perl-5.10.1/cpan/build/HTTP-Lite-2.2-Bob0Kl/blib/arch:/home/sts/cpansmoke/perl-5.10.1/cpan/build/HTTP-Lite-2.2-Bob0Kl/blib/lib:/home/sts/cpansmoke/perl-5.10.1/cpan/build/IPC-Signal-1.00-uAo7VG/blib/arch:/home/sts/cpansmoke/perl-5.10.1/cpan/build/IPC-Signal-1.00-uAo7VG/blib/lib:/home/sts/cpansmoke/perl-5.10.1/cpan/build/Params-Classify-0.011-naGne7/blib/arch:/home/sts/cpansmoke/perl-5.10.1/cpan/build/Params-Classify-0.011-naGne7/blib/lib"
PERL5OPT=""
PERL5_CPANPLUS_IS_RUNNING="3034"
PERL5_CPAN_IS_RUNNING="3034"
PERL5_CPAN_IS_RUNNING_IN_RECURSION="23668,3034"
PERL_CR_SMOKER_CURRENT="Time-OlsonTZ-Download-0.000"
PERL_EXTUTILS_AUTOINSTALL="--defaultdeps"
PERL_MM_USE_DEFAULT="1"
@INC:
/home/sts/cpansmoke/perl-5.10.1/cpan/build/HTTP-Lite-2.2-Bob0Kl/blib/arch
/home/sts/cpansmoke/perl-5.10.1/cpan/build/HTTP-Lite-2.2-Bob0Kl/blib/lib
/home/sts/cpansmoke/perl-5.10.1/cpan/build/IPC-Signal-1.00-uAo7VG/blib/arch
/home/sts/cpansmoke/perl-5.10.1/cpan/build/IPC-Signal-1.00-uAo7VG/blib/lib
/home/sts/cpansmoke/perl-5.10.1/cpan/build/Params-Classify-0.011-naGne7/blib/arch
/home/sts/cpansmoke/perl-5.10.1/cpan/build/Params-Classify-0.011-naGne7/blib/lib
/home/sts/cpansmoke/perl-5.10.1/lib/5.10.1/OpenBSD.i386-openbsd-thread-multi
/home/sts/cpansmoke/perl-5.10.1/lib/5.10.1
/home/sts/cpansmoke/perl-5.10.1/lib/site_perl/5.10.1/OpenBSD.i386-openbsd-thread-multi
/home/sts/cpansmoke/perl-5.10.1/lib/site_perl/5.10.1
.