Report for Test-AutoBuild-1.2.4

Back
From: metabase:user:30f4dfbe-2aae-11df-837a-5e0a49663a4f
Subject: FAIL Test-AutoBuild-1.2.4 v5.12.2 Mac OS X
Date: 2011-09-02T01:46:51Z

This distribution has been tested as part of the CPAN Testers
project, supporting the Perl programming language.  See
http://wiki.cpantesters.org/ for more information or email
questions to cpan-testers-discuss@perl.org


--
Dear Daniel P. Berrange,

This is a computer-generated report for Test-AutoBuild-1.2.4
on perl 5.12.2, created by CPAN-Reporter-1.2002.

Thank you for uploading your work to CPAN.  However, there was a problem
testing your distribution.

If you think this report is invalid, please consult the CPAN Testers Wiki
for suggestions on how to avoid getting FAIL reports for missing library
or binary dependencies, unsupported operating systems, and so on:

http://wiki.cpantesters.org/wiki/CPANAuthorNotes

Sections of this report:

    * Tester comments
    * Program output
    * Prerequisites
    * Environment and other context

------------------------------
TESTER COMMENTS
------------------------------

Additional comments from tester:

this report is from an automated smoke testing program
and was not reviewed by a human for accuracy

------------------------------
PROGRAM OUTPUT
------------------------------

Output from '/usr/bin/make test':

if [ -d "/usr/share/selinux/devel" -a "0" = "1" ] ; then make -C conf/selinux ; fi
PERL_DL_NONLAZY=1 /Users/nigel/perl5/perlbrew/perls/perl-5.12.2/bin/perl "-MExtUtils::Command::MM" "-e" "test_harness(0, 'blib/lib', 'blib/arch')" t/*.t
t/005-pod.t .................... skipped: Test::Pod 1.00 required for testing POD
t/008-meta.t ................... ok
t/010-pod-coverage.t ........... skipped: Test::Pod::Coverage 1.00 required for testing POD coverage
t/030-Platform.t ............... ok
t/040-Monitor.t ................ ok
t/050-Runtime.t ................ ok
t/060-Result.t ................. ok
t/061-Archive.t ................ ok
t/062-ArchiveManager.t ......... ok
t/063-Archive-File.t ........... ok
t/064-ArchiveManager-File.t .... ok
t/070-Lib.t .................... ok
t/080-PackageType.t ............ ok
t/090-Package.t ................ ok
t/100-Module.t ................. ok
t/105-Module-Archiving.t ....... ok

#   Failed test 'status is success'
#   at t/107-Module-Build.t line 293.
#          got: 'failed'
#     expected: 'success'
# Looks like you failed 1 test of 42.
t/107-Module-Build.t ........... 
Dubious, test returned 1 (wstat 256, 0x100)
Failed 1/42 subtests 
t/110-Repository-Bzr.t ......... ok
t/110-Repository-CVS.t ......... ok
t/110-Repository-Darcs.t ....... ok
t/110-Repository-Disk.t ........ ok
t/110-Repository-Git.t ......... ok
t/110-Repository-GNUArch.t ..... ok
t/110-Repository-Mercurial.t ... ok
t/110-Repository-Monotone.t .... ok
t/110-Repository-Perforce.t .... ok
t/110-Repository-SVN.t ......... ok
t/110-Repository.t ............. ok
t/120-Monitor-Command.t ........ ok
t/120-Monitor-Log4perl.t ....... ok
t/120-Monitor-Pipe.t ........... ok
t/130-Publisher.t .............. ok
t/131-Publisher-Copy.t ......... ok

#   Failed test 'obtain fcntl lock'
#   at t/140-Lock.t line 38.
# Looks like you failed 1 test of 8.
t/140-Lock.t ................... 
Dubious, test returned 1 (wstat 256, 0x100)
Failed 1/8 subtests 
t/145-Stage.t .................. ok
t/150-Stage-Apt.t .............. ok
t/150-Stage-ArtifactCopier.t ... ok
t/150-Stage-Build.t ............ ok
t/150-Stage-CleanBuildRoots.t .. ok
t/150-Stage-CleanPackages.t .... ok
# Test zero
# Global one
# Global two
# Global three
# Global four
# Global five
# Global six
# Global seven
# Module one
# Module two
# Module three
# Module four
# Module five
# Module six
# Module seven
t/150-Stage-EmailAlert.t ....... ok
t/150-Stage-GetSource.t ........ ok
t/150-Stage-Group.t ............ ok
t/150-Stage-HTMLStatus.t ....... ok
t/150-Stage-ISOBuilder.t ....... ok
t/150-Stage-Iterator.t ......... ok
t/150-Stage-LogCopier.t ........ ok
t/150-Stage-PackageCopier.t .... ok
t/150-Stage-SetNice.t .......... ok
t/150-Stage-Test.t ............. ok
t/200-AutoBuild.t .............. ok

Test Summary Report
-------------------
t/107-Module-Build.t         (Wstat: 256 Tests: 42 Failed: 1)
  Failed test:  38
  Non-zero exit status: 1
t/140-Lock.t                 (Wstat: 256 Tests: 8 Failed: 1)
  Failed test:  6
  Non-zero exit status: 1
Files=51, Tests=886, 38 wallclock secs ( 0.29 usr  0.17 sys +  9.67 cusr  2.99 csys = 13.12 CPU)
Result: FAIL
Failed 2/51 test programs. 2/886 subtests failed.
make: *** [test_dynamic] Error 255

------------------------------
PREREQUISITES
------------------------------

Prerequisite modules loaded:

requires:

    Module              Need  Have   
    ------------------- ----- -------
    BSD::Resource       1.10  1.2904 
    Carp                0     1.17   
    Class::MethodMaker  0     2.18   
    Config              0     0      
    Config::Record      1.1.0 1.1.2  
    Cwd                 0     3.33   
    Data::Dumper        0     2.131  
    Date::Manip         0     6.25   
    Digest::MD5         0     2.51   
    Fcntl               0     1.06   
    File::Copy          0     2.18   
    File::Find          0     1.15   
    File::Glob          0     1.07   
    File::Path          0     2.08_01
    File::ReadBackwards 0     1.05   
    File::Spec          0     3.33   
    File::stat          0     1.02   
    IO::File            0     1.14   
    IO::Scalar          0     2.110  
    List::Util          0     1.23   
    Log::Log4perl       0     1.33   
    Net::SMTP           2.15  2.31   
    POSIX               0     1.19   
    Storable            0     2.30   
    Symbol              0     1.07   
    Sys::Hostname       0     1.11   
    Template            0     2.22   
    Test::More          0     0.98   
    XML::Simple         0     2.18   


------------------------------
ENVIRONMENT AND OTHER CONTEXT
------------------------------

Environment variables:

    AUTOMATED_TESTING = 1
    LD_LIBRARY_PATH = /usr/local/lib
    PATH = /Users/nigel/perl5/perlbrew/bin:/Users/nigel/perl5/perlbrew/perls/perl-5.12.2/bin:/usr/local/bin:/usr/bin:/bin:/usr/sbin:/sbin:/usr/local/bin:/usr/X11/bin:/Users/nigel/bin:/Users/nigel/perl/bin
    PERL5LIB = /Users/nigel/.cpan/build/Log-Log4perl-1.33-SLY3R4/blib/arch:/Users/nigel/.cpan/build/Log-Log4perl-1.33-SLY3R4/blib/lib:/Users/nigel/.cpan/build/Date-Manip-6.25-KDrjRX/blib/arch:/Users/nigel/.cpan/build/Date-Manip-6.25-KDrjRX/blib/lib:/Users/nigel/.cpan/build/Test-Inter-1.03-oO2Lk4/blib/arch:/Users/nigel/.cpan/build/Test-Inter-1.03-oO2Lk4/blib/lib:/Users/nigel/.cpan/build/Config-Record-1.1.2-16Pycn/blib/arch:/Users/nigel/.cpan/build/Config-Record-1.1.2-16Pycn/blib/lib:/Users/nigel/.cpan/build/BSD-Resource-1.2904-l0mbov/blib/arch:/Users/nigel/.cpan/build/BSD-Resource-1.2904-l0mbov/blib/lib:/Users/nigel/.cpan/build/Class-MethodMaker-2.18-Fh0pHy/blib/arch:/Users/nigel/.cpan/build/Class-MethodMaker-2.18-Fh0pHy/blib/lib:/Users/nigel/.cpan/build/File-ReadBackwards-1.05-PfOFsH/blib/arch:/Users/nigel/.cpan/build/File-ReadBackwards-1.05-PfOFsH/blib/lib:/Users/nigel/.cpan/build/XML-Simple-2.18-YzDccV/blib/arch:/Users/nigel/.cpan/build/XML-Simple-2.18-YzDccV/blib/lib
    PERL5OPT = 
    PERL5_CPANPLUS_IS_RUNNING = 86947
    PERL5_CPAN_IS_RUNNING = 86947
    PERL5_MINISMOKEBOX = 0.54
    PERLBREW_PATH = /Users/nigel/perl5/perlbrew/bin:/Users/nigel/perl5/perlbrew/perls/perl-5.12.2/bin
    PERLBREW_PERL = perl-5.12.2
    PERLBREW_ROOT = /Users/nigel/perl5/perlbrew
    PERLBREW_VERSION = 0.28
    PERL_EXTUTILS_AUTOINSTALL = --defaultdeps
    PERL_MM_USE_DEFAULT = 1
    SHELL = /bin/sh
    VERSIONER_PERL_PREFER_32_BIT = no
    VERSIONER_PERL_VERSION = 5.12

Perl special variables (and OS-specific diagnostics, for MSWin32):

    $^X = /Users/nigel/perl5/perlbrew/perls/perl-5.12.2/bin/perl
    $UID/$EUID = 1077 / 1077
    $GID = 20 20 402 12 33 61 79 80 81 98 100 204 401 403
    $EGID = 20 20 402 12 33 61 79 80 81 98 100 204 401 403

Perl module toolchain versions installed:

    Module              Have    
    ------------------- --------
    CPAN                1.94_56 
    CPAN::Meta          broken  
    Cwd                 3.33    
    ExtUtils::CBuilder  0.280202
    ExtUtils::Command   1.16    
    ExtUtils::Install   1.55    
    ExtUtils::MakeMaker 6.58    
    ExtUtils::Manifest  1.60    
    ExtUtils::ParseXS   2.21    
    File::Spec          3.33    
    JSON                2.53    
    JSON::PP            n/a     
    Module::Build       0.3603  
    Module::Signature   n/a     
    Parse::CPAN::Meta   1.4401  
    Test::Harness       3.17    
    Test::More          0.98    
    YAML                n/a     
    YAML::Syck          1.17    
    version             0.94    


--

Summary of my perl5 (revision 5 version 12 subversion 2) configuration:
   
  Platform:
    osname=darwin, osvers=10.8.0, archname=darwin-2level
    uname='darwin nigel.int.kcilink.com 10.8.0 darwin kernel version 10.8.0: tue jun 7 16:33:36 pdt 2011; root:xnu-1504.15.3~1release_i386 i386 '
    config_args='-de -Dprefix=/Users/nigel/perl5/perlbrew/perls/perl-5.12.2'
    hint=recommended, useposix=true, d_sigaction=define
    useithreads=undef, usemultiplicity=undef
    useperlio=define, d_sfio=undef, uselargefiles=define, usesocks=undef
    use64bitint=define, use64bitall=define, uselongdouble=undef
    usemymalloc=n, bincompat5005=undef
  Compiler:
    cc='cc', ccflags ='-fno-common -DPERL_DARWIN -no-cpp-precomp -fno-strict-aliasing -pipe -fstack-protector -I/usr/local/include',
    optimize='-O3',
    cppflags='-no-cpp-precomp -fno-common -DPERL_DARWIN -no-cpp-precomp -fno-strict-aliasing -pipe -fstack-protector -I/usr/local/include'
    ccversion='', gccversion='4.2.1 (Based on Apple Inc. build 5658) (LLVM build 2335.9)', gccosandvers=''
    intsize=4, longsize=8, ptrsize=8, doublesize=8, byteorder=12345678
    d_longlong=define, longlongsize=8, d_longdbl=define, longdblsize=16
    ivtype='long', ivsize=8, nvtype='double', nvsize=8, Off_t='off_t', lseeksize=8
    alignbytes=8, prototype=define
  Linker and Libraries:
    ld='env MACOSX_DEPLOYMENT_TARGET=10.3 cc', ldflags =' -fstack-protector -L/usr/local/lib'
    libpth=/usr/local/lib /usr/lib
    libs=-ldbm -ldl -lm -lutil -lc
    perllibs=-ldl -lm -lutil -lc
    libc=/usr/lib/libc.dylib, so=dylib, useshrplib=false, libperl=libperl.a
    gnulibc_version=''
  Dynamic Linking:
    dlsrc=dl_dlopen.xs, dlext=bundle, d_dlsymun=undef, ccdlflags=' '
    cccdlflags=' ', lddlflags=' -bundle -undefined dynamic_lookup -L/usr/local/lib -fstack-protector'


Characteristics of this binary (from libperl): 
  Compile-time options: PERL_DONT_CREATE_GVSV PERL_MALLOC_WRAP USE_64_BIT_ALL
                        USE_64_BIT_INT USE_LARGE_FILES USE_PERLIO
                        USE_PERL_ATOF
  Built under darwin
  Compiled at Jul  5 2011 12:35:44
  %ENV:
    PERL5LIB="/Users/nigel/.cpan/build/Log-Log4perl-1.33-SLY3R4/blib/arch:/Users/nigel/.cpan/build/Log-Log4perl-1.33-SLY3R4/blib/lib:/Users/nigel/.cpan/build/Date-Manip-6.25-KDrjRX/blib/arch:/Users/nigel/.cpan/build/Date-Manip-6.25-KDrjRX/blib/lib:/Users/nigel/.cpan/build/Test-Inter-1.03-oO2Lk4/blib/arch:/Users/nigel/.cpan/build/Test-Inter-1.03-oO2Lk4/blib/lib:/Users/nigel/.cpan/build/Config-Record-1.1.2-16Pycn/blib/arch:/Users/nigel/.cpan/build/Config-Record-1.1.2-16Pycn/blib/lib:/Users/nigel/.cpan/build/BSD-Resource-1.2904-l0mbov/blib/arch:/Users/nigel/.cpan/build/BSD-Resource-1.2904-l0mbov/blib/lib:/Users/nigel/.cpan/build/Class-MethodMaker-2.18-Fh0pHy/blib/arch:/Users/nigel/.cpan/build/Class-MethodMaker-2.18-Fh0pHy/blib/lib:/Users/nigel/.cpan/build/File-ReadBackwards-1.05-PfOFsH/blib/arch:/Users/nigel/.cpan/build/File-ReadBackwards-1.05-PfOFsH/blib/lib:/Users/nigel/.cpan/build/XML-Simple-2.18-YzDccV/blib/arch:/Users/nigel/.cpan/build/XML-Simple-2.18-YzDccV/blib/lib"
    PERL5OPT=""
    PERL5_CPANPLUS_IS_RUNNING="86947"
    PERL5_CPAN_IS_RUNNING="86947"
    PERL5_MINISMOKEBOX="0.54"
    PERLBREW_PATH="/Users/nigel/perl5/perlbrew/bin:/Users/nigel/perl5/perlbrew/perls/perl-5.12.2/bin"
    PERLBREW_PERL="perl-5.12.2"
    PERLBREW_ROOT="/Users/nigel/perl5/perlbrew"
    PERLBREW_VERSION="0.28"
    PERL_EXTUTILS_AUTOINSTALL="--defaultdeps"
    PERL_MM_USE_DEFAULT="1"
  @INC:
    /Users/nigel/.cpan/build/Log-Log4perl-1.33-SLY3R4/blib/arch
    /Users/nigel/.cpan/build/Log-Log4perl-1.33-SLY3R4/blib/lib
    /Users/nigel/.cpan/build/Date-Manip-6.25-KDrjRX/blib/arch
    /Users/nigel/.cpan/build/Date-Manip-6.25-KDrjRX/blib/lib
    /Users/nigel/.cpan/build/Test-Inter-1.03-oO2Lk4/blib/arch
    /Users/nigel/.cpan/build/Test-Inter-1.03-oO2Lk4/blib/lib
    /Users/nigel/.cpan/build/Config-Record-1.1.2-16Pycn/blib/arch
    /Users/nigel/.cpan/build/Config-Record-1.1.2-16Pycn/blib/lib
    /Users/nigel/.cpan/build/BSD-Resource-1.2904-l0mbov/blib/arch
    /Users/nigel/.cpan/build/BSD-Resource-1.2904-l0mbov/blib/lib
    /Users/nigel/.cpan/build/Class-MethodMaker-2.18-Fh0pHy/blib/arch
    /Users/nigel/.cpan/build/Class-MethodMaker-2.18-Fh0pHy/blib/lib
    /Users/nigel/.cpan/build/File-ReadBackwards-1.05-PfOFsH/blib/arch
    /Users/nigel/.cpan/build/File-ReadBackwards-1.05-PfOFsH/blib/lib
    /Users/nigel/.cpan/build/XML-Simple-2.18-YzDccV/blib/arch
    /Users/nigel/.cpan/build/XML-Simple-2.18-YzDccV/blib/lib
    /Users/nigel/perl5/perlbrew/perls/perl-5.12.2/lib/site_perl/5.12.2/darwin-2level
    /Users/nigel/perl5/perlbrew/perls/perl-5.12.2/lib/site_perl/5.12.2
    /Users/nigel/perl5/perlbrew/perls/perl-5.12.2/lib/5.12.2/darwin-2level
    /Users/nigel/perl5/perlbrew/perls/perl-5.12.2/lib/5.12.2
    .