Report for App-Rad-1.05_01

Back
From: metabase:user:30ae4450-2aae-11df-837a-5e0a49663a4f
Subject: FAIL App-Rad-1.05_01 v5.17.10 
Date: 2013-05-09T12:09:40Z

This distribution has been tested as part of the CPAN Testers
project, supporting the Perl programming language.  See
http://wiki.cpantesters.org/ for more information or email
questions to cpan-testers-discuss@perl.org


--
Dear Breno G. de Oliveira,

This is a computer-generated report for App-Rad-1.05_01
on perl 5.17.10, created by CPAN-Reporter-1.2010.

Thank you for uploading your work to CPAN.  However, there was a problem
testing your distribution.

If you think this report is invalid, please consult the CPAN Testers Wiki
for suggestions on how to avoid getting FAIL reports for missing library
or binary dependencies, unsupported operating systems, and so on:

http://wiki.cpantesters.org/wiki/CPANAuthorNotes

Sections of this report:

    * Tester comments
    * Program output
    * Prerequisites
    * Environment and other context

------------------------------
TESTER COMMENTS
------------------------------

Additional comments from tester:

this report is from an automated smoke testing program
and was not reviewed by a human for accuracy

------------------------------
PROGRAM OUTPUT
------------------------------

Output from 'C:\strawberry\c\bin\dmake.exe test':

C:\strawberry\perl\bin\perl.exe "-MExtUtils::Command::MM" "-e" "test_harness(0, 'blib\lib', 'blib\arch')" t/*.t

#   Failed test 'use App::Rad;'
#   at t/00-load.t line 6.
#     Tried to use 'App::Rad'.
#     Error:  Can't locate App/Rad/Parser.pm in @INC (you may need to install the App::Rad::Parser module) (@INC contains: C:\strawberry\cpan\build\App-Rad-1.05_01-KMZiXE\blib\lib C:\strawberry\cpan\build\App-Rad-1.05_01-KMZiXE\blib\arch C:/strawberry/perl/site/lib C:/strawberry/perl/vendor/lib C:/strawberry/perl/lib) at C:\strawberry\cpan\build\App-Rad-1.05_01-KMZiXE\blib\lib/App/Rad.pm line 3.
# BEGIN failed--compilation aborted at C:\strawberry\cpan\build\App-Rad-1.05_01-KMZiXE\blib\lib/App/Rad.pm line 3.
# Compilation failed in require at (eval 4) line 2.
# BEGIN failed--compilation aborted at (eval 4) line 2.
# Testing App::Rad , Perl 5.017010, C:\strawberry\perl\bin\perl.exe
# Looks like you failed 1 test of 4.
t/00-load.t ................... 
Dubious, test returned 1 (wstat 256, 0x100)
Failed 1/4 subtests 
Can't locate App/Rad/Parser.pm in @INC (you may need to install the App::Rad::Parser module) (@INC contains: C:\strawberry\cpan\build\App-Rad-1.05_01-KMZiXE\blib\lib C:\strawberry\cpan\build\App-Rad-1.05_01-KMZiXE\blib\arch C:/strawberry/perl/site/lib C:/strawberry/perl/vendor/lib C:/strawberry/perl/lib .) at C:\strawberry\cpan\build\App-Rad-1.05_01-KMZiXE\blib\lib/App/Rad.pm line 3.
BEGIN failed--compilation aborted at C:\strawberry\cpan\build\App-Rad-1.05_01-KMZiXE\blib\lib/App/Rad.pm line 3.
Compilation failed in require at t/01-standard.t line 3.
BEGIN failed--compilation aborted at t/01-standard.t line 3.
t/01-standard.t ............... 
Dubious, test returned 2 (wstat 512, 0x200)
Failed 14/14 subtests 
Can't locate App/Rad/Tester.pm in @INC (you may need to install the App::Rad::Tester module) (@INC contains: C:\strawberry\cpan\build\App-Rad-1.05_01-KMZiXE\blib\lib C:\strawberry\cpan\build\App-Rad-1.05_01-KMZiXE\blib\arch C:/strawberry/perl/site/lib C:/strawberry/perl/vendor/lib C:/strawberry/perl/lib .) at t/02-defaultprogram.t line 2.
BEGIN failed--compilation aborted at t/02-defaultprogram.t line 2.
t/02-defaultprogram.t ......... 
Dubious, test returned 2 (wstat 512, 0x200)
Failed 2/2 subtests 
# using temporary program file 'C:\DOCUME~1\c\LOCALS~1\Temp\ek36MCbZEr' to test functionality
Can't locate App/Rad/Parser.pm in @INC (you may need to install the App::Rad::Parser module) (@INC contains: C:\strawberry\cpan\build\App-Rad-1.05_01-KMZiXE\blib\lib C:\strawberry\cpan\build\App-Rad-1.05_01-KMZiXE\blib\arch C:/strawberry/perl/site/lib C:/strawberry/perl/vendor/lib C:/strawberry/perl/lib .) at C:\strawberry\cpan\build\App-Rad-1.05_01-KMZiXE\blib\lib/App/Rad.pm line 3.
BEGIN failed--compilation aborted at C:\strawberry\cpan\build\App-Rad-1.05_01-KMZiXE\blib\lib/App/Rad.pm line 3.
Compilation failed in require at C:\DOCUME~1\c\LOCALS~1\Temp\ek36MCbZEr line 1.
BEGIN failed--compilation aborted at C:\DOCUME~1\c\LOCALS~1\Temp\ek36MCbZEr line 1.

#   Failed test at t/02.5-default_with_args.t line 30.
#          got: ''
#     expected: 'Usage: C:\DOCUME~1\c\LOCALS~1\Temp\ek36MCbZEr command [arguments]
# 
# Available Commands:
#     exclude	completely erase command from your program
#     help   	show syntax and available commands
#     include	include one-liner as a command
# 
# '
Can't locate App/Rad/Parser.pm in @INC (you may need to install the App::Rad::Parser module) (@INC contains: C:\strawberry\cpan\build\App-Rad-1.05_01-KMZiXE\blib\lib C:\strawberry\cpan\build\App-Rad-1.05_01-KMZiXE\blib\arch C:/strawberry/perl/site/lib C:/strawberry/perl/vendor/lib C:/strawberry/perl/lib .) at C:\strawberry\cpan\build\App-Rad-1.05_01-KMZiXE\blib\lib/App/Rad.pm line 3.
BEGIN failed--compilation aborted at C:\strawberry\cpan\build\App-Rad-1.05_01-KMZiXE\blib\lib/App/Rad.pm line 3.
Compilation failed in require at C:\DOCUME~1\c\LOCALS~1\Temp\ek36MCbZEr line 1.
BEGIN failed--compilation aborted at C:\DOCUME~1\c\LOCALS~1\Temp\ek36MCbZEr line 1.

#   Failed test at t/02.5-default_with_args.t line 34.
#          got: ''
#     expected: 'Usage: C:\DOCUME~1\c\LOCALS~1\Temp\ek36MCbZEr command [arguments]
# 
# Available Commands:
#     exclude	completely erase command from your program
#     help   	show syntax and available commands
#     include	include one-liner as a command
# 
# '
# Looks like you failed 2 tests of 2.
t/02.5-default_with_args.t .... 
Dubious, test returned 2 (wstat 512, 0x200)
Failed 2/2 subtests 
# using temporary program file 'C:\DOCUME~1\c\LOCALS~1\Temp\wIeM63jqSC' to test functionality
Can't locate App/Rad/Parser.pm in @INC (you may need to install the App::Rad::Parser module) (@INC contains: C:\strawberry\cpan\build\App-Rad-1.05_01-KMZiXE\blib\lib C:\strawberry\cpan\build\App-Rad-1.05_01-KMZiXE\blib\arch C:/strawberry/perl/site/lib C:/strawberry/perl/vendor/lib C:/strawberry/perl/lib .) at C:\strawberry\cpan\build\App-Rad-1.05_01-KMZiXE\blib\lib/App/Rad.pm line 3.
BEGIN failed--compilation aborted at C:\strawberry\cpan\build\App-Rad-1.05_01-KMZiXE\blib\lib/App/Rad.pm line 3.
Compilation failed in require at C:\DOCUME~1\c\LOCALS~1\Temp\wIeM63jqSC line 1.
BEGIN failed--compilation aborted at C:\DOCUME~1\c\LOCALS~1\Temp\wIeM63jqSC line 1.

#   Failed test at t/03-default_override.t line 23.
#          got: ''
#     expected: 'this is an override of the default command
# '
Can't locate App/Rad/Parser.pm in @INC (you may need to install the App::Rad::Parser module) (@INC contains: C:\strawberry\cpan\build\App-Rad-1.05_01-KMZiXE\blib\lib C:\strawberry\cpan\build\App-Rad-1.05_01-KMZiXE\blib\arch C:/strawberry/perl/site/lib C:/strawberry/perl/vendor/lib C:/strawberry/perl/lib .) at C:\strawberry\cpan\build\App-Rad-1.05_01-KMZiXE\blib\lib/App/Rad.pm line 3.
BEGIN failed--compilation aborted at C:\strawberry\cpan\build\App-Rad-1.05_01-KMZiXE\blib\lib/App/Rad.pm line 3.
Compilation failed in require at C:\DOCUME~1\c\LOCALS~1\Temp\wIeM63jqSC line 1.
BEGIN failed--compilation aborted at C:\DOCUME~1\c\LOCALS~1\Temp\wIeM63jqSC line 1.

#   Failed test at t/03-default_override.t line 27.
#          got: ''
#     expected: 'this is an override of the default command
# '
Can't locate App/Rad/Parser.pm in @INC (you may need to install the App::Rad::Parser module) (@INC contains: C:\strawberry\cpan\build\App-Rad-1.05_01-KMZiXE\blib\lib C:\strawberry\cpan\build\App-Rad-1.05_01-KMZiXE\blib\arch C:/strawberry/perl/site/lib C:/strawberry/perl/vendor/lib C:/strawberry/perl/lib .) at C:\strawberry\cpan\build\App-Rad-1.05_01-KMZiXE\blib\lib/App/Rad.pm line 3.
BEGIN failed--compilation aborted at C:\strawberry\cpan\build\App-Rad-1.05_01-KMZiXE\blib\lib/App/Rad.pm line 3.
Compilation failed in require at C:\DOCUME~1\c\LOCALS~1\Temp\wIeM63jqSC line 1.
BEGIN failed--compilation aborted at C:\DOCUME~1\c\LOCALS~1\Temp\wIeM63jqSC line 1.

#   Failed test at t/03-default_override.t line 39.
#          got: ''
#     expected: 'Usage: C:\DOCUME~1\c\LOCALS~1\Temp\wIeM63jqSC command [arguments]
# 
# Available Commands:
#     help	show syntax and available commands
# 
# '
# Looks like you failed 3 tests of 3.
t/03-default_override.t ....... 
Dubious, test returned 3 (wstat 768, 0x300)
Failed 3/3 subtests 
# using temporary program file 'C:\DOCUME~1\c\LOCALS~1\Temp\er0FzICDcZ' to test functionality
Can't locate App/Rad/Parser.pm in @INC (you may need to install the App::Rad::Parser module) (@INC contains: C:\strawberry\cpan\build\App-Rad-1.05_01-KMZiXE\blib\lib C:\strawberry\cpan\build\App-Rad-1.05_01-KMZiXE\blib\arch C:/strawberry/perl/site/lib C:/strawberry/perl/vendor/lib C:/strawberry/perl/lib .) at C:\strawberry\cpan\build\App-Rad-1.05_01-KMZiXE\blib\lib/App/Rad.pm line 3.
BEGIN failed--compilation aborted at C:\strawberry\cpan\build\App-Rad-1.05_01-KMZiXE\blib\lib/App/Rad.pm line 3.
Compilation failed in require at C:\DOCUME~1\c\LOCALS~1\Temp\er0FzICDcZ line 1.
BEGIN failed--compilation aborted at C:\DOCUME~1\c\LOCALS~1\Temp\er0FzICDcZ line 1.

#   Failed test 'no command (should fall to default)'
#   at t/03.5-default_and_invalid.t line 36.
#          got: ''
#     expected: 'keys: 0
# '
Can't locate App/Rad/Parser.pm in @INC (you may need to install the App::Rad::Parser module) (@INC contains: C:\strawberry\cpan\build\App-Rad-1.05_01-KMZiXE\blib\lib C:\strawberry\cpan\build\App-Rad-1.05_01-KMZiXE\blib\arch C:/strawberry/perl/site/lib C:/strawberry/perl/vendor/lib C:/strawberry/perl/lib .) at C:\strawberry\cpan\build\App-Rad-1.05_01-KMZiXE\blib\lib/App/Rad.pm line 3.
BEGIN failed--compilation aborted at C:\strawberry\cpan\build\App-Rad-1.05_01-KMZiXE\blib\lib/App/Rad.pm line 3.
Compilation failed in require at C:\DOCUME~1\c\LOCALS~1\Temp\er0FzICDcZ line 1.
BEGIN failed--compilation aborted at C:\DOCUME~1\c\LOCALS~1\Temp\er0FzICDcZ line 1.

#   Failed test 'no command, with parameters (should fall to default)'
#   at t/03.5-default_and_invalid.t line 39.
#          got: ''
#     expected: 'keys: 1
# '
Can't locate App/Rad/Parser.pm in @INC (you may need to install the App::Rad::Parser module) (@INC contains: C:\strawberry\cpan\build\App-Rad-1.05_01-KMZiXE\blib\lib C:\strawberry\cpan\build\App-Rad-1.05_01-KMZiXE\blib\arch C:/strawberry/perl/site/lib C:/strawberry/perl/vendor/lib C:/strawberry/perl/lib .) at C:\strawberry\cpan\build\App-Rad-1.05_01-KMZiXE\blib\lib/App/Rad.pm line 3.
BEGIN failed--compilation aborted at C:\strawberry\cpan\build\App-Rad-1.05_01-KMZiXE\blib\lib/App/Rad.pm line 3.
Compilation failed in require at C:\DOCUME~1\c\LOCALS~1\Temp\er0FzICDcZ line 1.
BEGIN failed--compilation aborted at C:\DOCUME~1\c\LOCALS~1\Temp\er0FzICDcZ line 1.

#   Failed test 'invalid command (should fall to invalid)'
#   at t/03.5-default_and_invalid.t line 42.
#          got: ''
#     expected: 'invalid command
# '
Can't locate App/Rad/Parser.pm in @INC (you may need to install the App::Rad::Parser module) (@INC contains: C:\strawberry\cpan\build\App-Rad-1.05_01-KMZiXE\blib\lib C:\strawberry\cpan\build\App-Rad-1.05_01-KMZiXE\blib\arch C:/strawberry/perl/site/lib C:/strawberry/perl/vendor/lib C:/strawberry/perl/lib .) at C:\strawberry\cpan\build\App-Rad-1.05_01-KMZiXE\blib\lib/App/Rad.pm line 3.
BEGIN failed--compilation aborted at C:\strawberry\cpan\build\App-Rad-1.05_01-KMZiXE\blib\lib/App/Rad.pm line 3.
Compilation failed in require at C:\DOCUME~1\c\LOCALS~1\Temp\er0FzICDcZ line 1.
BEGIN failed--compilation aborted at C:\DOCUME~1\c\LOCALS~1\Temp\er0FzICDcZ line 1.

#   Failed test 'invalid command, with parameters (should fall to invalid)'
#   at t/03.5-default_and_invalid.t line 45.
#          got: ''
#     expected: 'invalid command
# '
Can't locate App/Rad/Parser.pm in @INC (you may need to install the App::Rad::Parser module) (@INC contains: C:\strawberry\cpan\build\App-Rad-1.05_01-KMZiXE\blib\lib C:\strawberry\cpan\build\App-Rad-1.05_01-KMZiXE\blib\arch C:/strawberry/perl/site/lib C:/strawberry/perl/vendor/lib C:/strawberry/perl/lib .) at C:\strawberry\cpan\build\App-Rad-1.05_01-KMZiXE\blib\lib/App/Rad.pm line 3.
BEGIN failed--compilation aborted at C:\strawberry\cpan\build\App-Rad-1.05_01-KMZiXE\blib\lib/App/Rad.pm line 3.
Compilation failed in require at C:\DOCUME~1\c\LOCALS~1\Temp\er0FzICDcZ line 1.
BEGIN failed--compilation aborted at C:\DOCUME~1\c\LOCALS~1\Temp\er0FzICDcZ line 1.

#   Failed test at t/03.5-default_and_invalid.t line 59.
#          got: ''
#     expected: 'Usage: C:\DOCUME~1\c\LOCALS~1\Temp\er0FzICDcZ command [arguments]
# 
# Available Commands:
#     help	show syntax and available commands
# 
# '
# Looks like you failed 5 tests of 5.
t/03.5-default_and_invalid.t .. 
Dubious, test returned 5 (wstat 1280, 0x500)
Failed 5/5 subtests 
# using temporary program file 'C:\DOCUME~1\c\LOCALS~1\Temp\LiZZ7i2dv_' to test functionality
Can't locate App/Rad/Parser.pm in @INC (you may need to install the App::Rad::Parser module) (@INC contains: C:\strawberry\cpan\build\App-Rad-1.05_01-KMZiXE\blib\lib C:\strawberry\cpan\build\App-Rad-1.05_01-KMZiXE\blib\arch C:/strawberry/perl/site/lib C:/strawberry/perl/vendor/lib C:/strawberry/perl/lib .) at C:\strawberry\cpan\build\App-Rad-1.05_01-KMZiXE\blib\lib/App/Rad.pm line 3.
BEGIN failed--compilation aborted at C:\strawberry\cpan\build\App-Rad-1.05_01-KMZiXE\blib\lib/App/Rad.pm line 3.
Compilation failed in require at C:\DOCUME~1\c\LOCALS~1\Temp\LiZZ7i2dv_ line 1.
BEGIN failed--compilation aborted at C:\DOCUME~1\c\LOCALS~1\Temp\LiZZ7i2dv_ line 1.

#   Failed test at t/04-help_override.t line 28.
#          got: ''
#     expected: 'this is an override of the default command
# '
Can't locate App/Rad/Parser.pm in @INC (you may need to install the App::Rad::Parser module) (@INC contains: C:\strawberry\cpan\build\App-Rad-1.05_01-KMZiXE\blib\lib C:\strawberry\cpan\build\App-Rad-1.05_01-KMZiXE\blib\arch C:/strawberry/perl/site/lib C:/strawberry/perl/vendor/lib C:/strawberry/perl/lib .) at C:\strawberry\cpan\build\App-Rad-1.05_01-KMZiXE\blib\lib/App/Rad.pm line 3.
BEGIN failed--compilation aborted at C:\strawberry\cpan\build\App-Rad-1.05_01-KMZiXE\blib\lib/App/Rad.pm line 3.
Compilation failed in require at C:\DOCUME~1\c\LOCALS~1\Temp\LiZZ7i2dv_ line 1.
BEGIN failed--compilation aborted at C:\DOCUME~1\c\LOCALS~1\Temp\LiZZ7i2dv_ line 1.

#   Failed test at t/04-help_override.t line 32.
#          got: ''
#     expected: 'this is an override of the help command
# '
# Looks like you failed 2 tests of 2.
t/04-help_override.t .......... 
Dubious, test returned 2 (wstat 512, 0x200)
Failed 2/2 subtests 
Can't locate App/Rad/Tester.pm in @INC (you may need to install the App::Rad::Tester module) (@INC contains: C:\strawberry\cpan\build\App-Rad-1.05_01-KMZiXE\blib\lib C:\strawberry\cpan\build\App-Rad-1.05_01-KMZiXE\blib\arch C:/strawberry/perl/site/lib C:/strawberry/perl/vendor/lib C:/strawberry/perl/lib .) at t/05-commands-set.t line 2.
BEGIN failed--compilation aborted at t/05-commands-set.t line 2.
t/05-commands-set.t ........... 
Dubious, test returned 2 (wstat 512, 0x200)
Failed 3/3 subtests 
# using temporary program file 'C:\DOCUME~1\c\LOCALS~1\Temp\eTG4RhE3u5' to test functionality
Can't locate App/Rad/Parser.pm in @INC (you may need to install the App::Rad::Parser module) (@INC contains: C:\strawberry\cpan\build\App-Rad-1.05_01-KMZiXE\blib\lib C:\strawberry\cpan\build\App-Rad-1.05_01-KMZiXE\blib\arch C:/strawberry/perl/site/lib C:/strawberry/perl/vendor/lib C:/strawberry/perl/lib .) at C:\strawberry\cpan\build\App-Rad-1.05_01-KMZiXE\blib\lib/App/Rad.pm line 3.
BEGIN failed--compilation aborted at C:\strawberry\cpan\build\App-Rad-1.05_01-KMZiXE\blib\lib/App/Rad.pm line 3.
Compilation failed in require at C:\DOCUME~1\c\LOCALS~1\Temp\eTG4RhE3u5 line 1.
BEGIN failed--compilation aborted at C:\DOCUME~1\c\LOCALS~1\Temp\eTG4RhE3u5 line 1.

#   Failed test at t/05-commands.t line 40.
#          got: ''
#     expected: 'Usage: C:\DOCUME~1\c\LOCALS~1\Temp\eTG4RhE3u5 command [arguments]
# 
# Available Commands:
#     help 	show syntax and available commands
#     test1	
# 
# '
Can't locate App/Rad/Parser.pm in @INC (you may need to install the App::Rad::Parser module) (@INC contains: C:\strawberry\cpan\build\App-Rad-1.05_01-KMZiXE\blib\lib C:\strawberry\cpan\build\App-Rad-1.05_01-KMZiXE\blib\arch C:/strawberry/perl/site/lib C:/strawberry/perl/vendor/lib C:/strawberry/perl/lib .) at C:\strawberry\cpan\build\App-Rad-1.05_01-KMZiXE\blib\lib/App/Rad.pm line 3.
BEGIN failed--compilation aborted at C:\strawberry\cpan\build\App-Rad-1.05_01-KMZiXE\blib\lib/App/Rad.pm line 3.
Compilation failed in require at C:\DOCUME~1\c\LOCALS~1\Temp\eTG4RhE3u5 line 1.
BEGIN failed--compilation aborted at C:\DOCUME~1\c\LOCALS~1\Temp\eTG4RhE3u5 line 1.

#   Failed test at t/05-commands.t line 45.
#          got: ''
#     expected: 'my test #1
# '
Can't locate App/Rad/Parser.pm in @INC (you may need to install the App::Rad::Parser module) (@INC contains: C:\strawberry\cpan\build\App-Rad-1.05_01-KMZiXE\blib\lib C:\strawberry\cpan\build\App-Rad-1.05_01-KMZiXE\blib\arch C:/strawberry/perl/site/lib C:/strawberry/perl/vendor/lib C:/strawberry/perl/lib .) at C:\strawberry\cpan\build\App-Rad-1.05_01-KMZiXE\blib\lib/App/Rad.pm line 3.
BEGIN failed--compilation aborted at C:\strawberry\cpan\build\App-Rad-1.05_01-KMZiXE\blib\lib/App/Rad.pm line 3.
Compilation failed in require at C:\DOCUME~1\c\LOCALS~1\Temp\eTG4RhE3u5 line 1.
BEGIN failed--compilation aborted at C:\DOCUME~1\c\LOCALS~1\Temp\eTG4RhE3u5 line 1.

#   Failed test at t/05-commands.t line 49.
#          got: ''
#     expected: 'got tested
# '
# Looks like you failed 3 tests of 3.
t/05-commands.t ............... 
Dubious, test returned 3 (wstat 768, 0x300)
Failed 3/3 subtests 
# using temporary program file 'C:\DOCUME~1\c\LOCALS~1\Temp\uog9VWZM0K' to test functionality
Can't locate App/Rad/Parser.pm in @INC (you may need to install the App::Rad::Parser module) (@INC contains: C:\strawberry\cpan\build\App-Rad-1.05_01-KMZiXE\blib\lib C:\strawberry\cpan\build\App-Rad-1.05_01-KMZiXE\blib\arch C:/strawberry/perl/site/lib C:/strawberry/perl/vendor/lib C:/strawberry/perl/lib .) at C:\strawberry\cpan\build\App-Rad-1.05_01-KMZiXE\blib\lib/App/Rad.pm line 3.
BEGIN failed--compilation aborted at C:\strawberry\cpan\build\App-Rad-1.05_01-KMZiXE\blib\lib/App/Rad.pm line 3.
Compilation failed in require at C:\DOCUME~1\c\LOCALS~1\Temp\uog9VWZM0K line 1.
BEGIN failed--compilation aborted at C:\DOCUME~1\c\LOCALS~1\Temp\uog9VWZM0K line 1.

#   Failed test at t/05.5-commands_with_args.t line 42.
#          got: ''
#     expected: 'Usage: C:\DOCUME~1\c\LOCALS~1\Temp\uog9VWZM0K command [arguments]
# 
# Available Commands:
#     exclude	completely erase command from your program
#     help   	show syntax and available commands
#     include	include one-liner as a command
#     test1  	
# 
# '
Can't locate App/Rad/Parser.pm in @INC (you may need to install the App::Rad::Parser module) (@INC contains: C:\strawberry\cpan\build\App-Rad-1.05_01-KMZiXE\blib\lib C:\strawberry\cpan\build\App-Rad-1.05_01-KMZiXE\blib\arch C:/strawberry/perl/site/lib C:/strawberry/perl/vendor/lib C:/strawberry/perl/lib .) at C:\strawberry\cpan\build\App-Rad-1.05_01-KMZiXE\blib\lib/App/Rad.pm line 3.
BEGIN failed--compilation aborted at C:\strawberry\cpan\build\App-Rad-1.05_01-KMZiXE\blib\lib/App/Rad.pm line 3.
Compilation failed in require at C:\DOCUME~1\c\LOCALS~1\Temp\uog9VWZM0K line 1.
BEGIN failed--compilation aborted at C:\DOCUME~1\c\LOCALS~1\Temp\uog9VWZM0K line 1.

#   Failed test at t/05.5-commands_with_args.t line 47.
#          got: ''
#     expected: 'my test #1
# '
Can't locate App/Rad/Parser.pm in @INC (you may need to install the App::Rad::Parser module) (@INC contains: C:\strawberry\cpan\build\App-Rad-1.05_01-KMZiXE\blib\lib C:\strawberry\cpan\build\App-Rad-1.05_01-KMZiXE\blib\arch C:/strawberry/perl/site/lib C:/strawberry/perl/vendor/lib C:/strawberry/perl/lib .) at C:\strawberry\cpan\build\App-Rad-1.05_01-KMZiXE\blib\lib/App/Rad.pm line 3.
BEGIN failed--compilation aborted at C:\strawberry\cpan\build\App-Rad-1.05_01-KMZiXE\blib\lib/App/Rad.pm line 3.
Compilation failed in require at C:\DOCUME~1\c\LOCALS~1\Temp\uog9VWZM0K line 1.
BEGIN failed--compilation aborted at C:\DOCUME~1\c\LOCALS~1\Temp\uog9VWZM0K line 1.

#   Failed test at t/05.5-commands_with_args.t line 51.
#          got: ''
#     expected: 'got tested
# '
# Looks like you failed 3 tests of 3.
t/05.5-commands_with_args.t ... 
Dubious, test returned 3 (wstat 768, 0x300)
Failed 3/3 subtests 
# using temporary program file 'C:\DOCUME~1\c\LOCALS~1\Temp\dfBWDP6KA9' to test functionality
Can't locate App/Rad/Parser.pm in @INC (you may need to install the App::Rad::Parser module) (@INC contains: C:\strawberry\cpan\build\App-Rad-1.05_01-KMZiXE\blib\lib C:\strawberry\cpan\build\App-Rad-1.05_01-KMZiXE\blib\arch C:/strawberry/perl/site/lib C:/strawberry/perl/vendor/lib C:/strawberry/perl/lib .) at C:\strawberry\cpan\build\App-Rad-1.05_01-KMZiXE\blib\lib/App/Rad.pm line 3.
BEGIN failed--compilation aborted at C:\strawberry\cpan\build\App-Rad-1.05_01-KMZiXE\blib\lib/App/Rad.pm line 3.
Compilation failed in require at C:\DOCUME~1\c\LOCALS~1\Temp\dfBWDP6KA9 line 1.
BEGIN failed--compilation aborted at C:\DOCUME~1\c\LOCALS~1\Temp\dfBWDP6KA9 line 1.

#   Failed test at t/06-pre_post_tear.t line 59.
#          got: ''
#     expected: 'Usage: C:\DOCUME~1\c\LOCALS~1\Temp\dfBWDP6KA9 command [arguments]
# 
# Available Commands:
#     help 	show syntax and available commands
#     test1	
#  [NARF!]
# tearing down...'
Can't locate App/Rad/Parser.pm in @INC (you may need to install the App::Rad::Parser module) (@INC contains: C:\strawberry\cpan\build\App-Rad-1.05_01-KMZiXE\blib\lib C:\strawberry\cpan\build\App-Rad-1.05_01-KMZiXE\blib\arch C:/strawberry/perl/site/lib C:/strawberry/perl/vendor/lib C:/strawberry/perl/lib .) at C:\strawberry\cpan\build\App-Rad-1.05_01-KMZiXE\blib\lib/App/Rad.pm line 3.
BEGIN failed--compilation aborted at C:\strawberry\cpan\build\App-Rad-1.05_01-KMZiXE\blib\lib/App/Rad.pm line 3.
Compilation failed in require at C:\DOCUME~1\c\LOCALS~1\Temp\dfBWDP6KA9 line 1.
BEGIN failed--compilation aborted at C:\DOCUME~1\c\LOCALS~1\Temp\dfBWDP6KA9 line 1.

#   Failed test at t/06-pre_post_tear.t line 63.
#          got: ''
#     expected: 'my test #1 [NARF!]
# tearing down...'
Can't locate App/Rad/Parser.pm in @INC (you may need to install the App::Rad::Parser module) (@INC contains: C:\strawberry\cpan\build\App-Rad-1.05_01-KMZiXE\blib\lib C:\strawberry\cpan\build\App-Rad-1.05_01-KMZiXE\blib\arch C:/strawberry/perl/site/lib C:/strawberry/perl/vendor/lib C:/strawberry/perl/lib .) at C:\strawberry\cpan\build\App-Rad-1.05_01-KMZiXE\blib\lib/App/Rad.pm line 3.
BEGIN failed--compilation aborted at C:\strawberry\cpan\build\App-Rad-1.05_01-KMZiXE\blib\lib/App/Rad.pm line 3.
Compilation failed in require at C:\DOCUME~1\c\LOCALS~1\Temp\dfBWDP6KA9 line 1.
BEGIN failed--compilation aborted at C:\DOCUME~1\c\LOCALS~1\Temp\dfBWDP6KA9 line 1.

#   Failed test at t/06-pre_post_tear.t line 67.
#          got: ''
#     expected: 'got tested again [NARF!]
# tearing down...'
# Looks like you failed 3 tests of 3.
t/06-pre_post_tear.t .......... 
Dubious, test returned 3 (wstat 768, 0x300)
Failed 3/3 subtests 
Can't locate App/Rad/Tester.pm in @INC (you may need to install the App::Rad::Tester module) (@INC contains: C:\strawberry\cpan\build\App-Rad-1.05_01-KMZiXE\blib\lib C:\strawberry\cpan\build\App-Rad-1.05_01-KMZiXE\blib\arch C:/strawberry/perl/site/lib C:/strawberry/perl/vendor/lib C:/strawberry/perl/lib .) at t/07-argv_and_opt.t line 2.
BEGIN failed--compilation aborted at t/07-argv_and_opt.t line 2.
t/07-argv_and_opt.t ........... 
Dubious, test returned 2 (wstat 512, 0x200)
Failed 36/36 subtests 
Can't locate App/Rad/Tester.pm in @INC (you may need to install the App::Rad::Tester module) (@INC contains: C:\strawberry\cpan\build\App-Rad-1.05_01-KMZiXE\blib\lib C:\strawberry\cpan\build\App-Rad-1.05_01-KMZiXE\blib\arch C:/strawberry/perl/site/lib C:/strawberry/perl/vendor/lib C:/strawberry/perl/lib .) at t/08-getopt_long.t line 8.
BEGIN failed--compilation aborted at t/08-getopt_long.t line 8.
t/08-getopt_long.t ............ 
Dubious, test returned 2 (wstat 512, 0x200)
Failed 17/17 subtests 
# using temporary program file 'C:\DOCUME~1\c\LOCALS~1\Temp\uGof_BjGJC' to test functionality
Can't locate App/Rad/Parser.pm in @INC (you may need to install the App::Rad::Parser module) (@INC contains: C:\strawberry\cpan\build\App-Rad-1.05_01-KMZiXE\blib\lib C:\strawberry\cpan\build\App-Rad-1.05_01-KMZiXE\blib\arch C:/strawberry/perl/site/lib C:/strawberry/perl/vendor/lib C:/strawberry/perl/lib .) at C:\strawberry\cpan\build\App-Rad-1.05_01-KMZiXE\blib\lib/App/Rad.pm line 3.
BEGIN failed--compilation aborted at C:\strawberry\cpan\build\App-Rad-1.05_01-KMZiXE\blib\lib/App/Rad.pm line 3.
Compilation failed in require at C:\DOCUME~1\c\LOCALS~1\Temp\uGof_BjGJC line 1.
BEGIN failed--compilation aborted at C:\DOCUME~1\c\LOCALS~1\Temp\uGof_BjGJC line 1.

#   Failed test at t/09-stash.t line 52.
#          got: undef
#     expected: 'arrayref:onetwothree'

#   Failed test at t/09-stash.t line 53.
#          got: undef
#     expected: 'hashref:keyvalue'

#   Failed test at t/09-stash.t line 54.
#          got: undef
#     expected: 'num:1'

#   Failed test at t/09-stash.t line 55.
#          got: undef
#     expected: 'string:foo'
# Looks like you failed 4 tests of 4.
t/09-stash.t .................. 
Dubious, test returned 4 (wstat 1024, 0x400)
Failed 4/4 subtests 
# using temporary program file 'C:\DOCUME~1\c\LOCALS~1\Temp\f8vtbuO9Mh' to test functionality
Can't locate App/Rad/Parser.pm in @INC (you may need to install the App::Rad::Parser module) (@INC contains: C:\strawberry\cpan\build\App-Rad-1.05_01-KMZiXE\blib\lib C:\strawberry\cpan\build\App-Rad-1.05_01-KMZiXE\blib\arch C:/strawberry/perl/site/lib C:/strawberry/perl/vendor/lib C:/strawberry/perl/lib .) at C:\strawberry\cpan\build\App-Rad-1.05_01-KMZiXE\blib\lib/App/Rad.pm line 3.
BEGIN failed--compilation aborted at C:\strawberry\cpan\build\App-Rad-1.05_01-KMZiXE\blib\lib/App/Rad.pm line 3.
Compilation failed in require at C:\DOCUME~1\c\LOCALS~1\Temp\f8vtbuO9Mh line 1.
BEGIN failed--compilation aborted at C:\DOCUME~1\c\LOCALS~1\Temp\f8vtbuO9Mh line 1.

#   Failed test at t/10-controller_methods.t line 69.
#          got: '0'
#     expected: '23'

#   Failed test at t/10-controller_methods.t line 70.
#          got: undef
#     expected: 'Available: 6'

#   Failed test at t/10-controller_methods.t line 71.
#          got: undef
#     expected: 'andanotherone:ok'

#   Failed test at t/10-controller_methods.t line 72.
#          got: undef
#     expected: 'anothercommand:ok'

#   Failed test at t/10-controller_methods.t line 73.
#          got: undef
#     expected: 'command:ok'

#   Failed test at t/10-controller_methods.t line 74.
#          got: undef
#     expected: 'help:ok'

#   Failed test at t/10-controller_methods.t line 75.
#          got: undef
#     expected: 'list_commands:ok'

#   Failed test at t/10-controller_methods.t line 76.
#          got: undef
#     expected: 'yetanothercommand:ok'

#   Failed test at t/10-controller_methods.t line 77.
#          got: undef
#     expected: ''

#   Failed test at t/10-controller_methods.t line 78.
#          got: undef
#     expected: 'Available: 6'

#   Failed test at t/10-controller_methods.t line 79.
#          got: undef
#     expected: 'alias:ok'

#   Failed test at t/10-controller_methods.t line 80.
#          got: undef
#     expected: 'anothercommand:ok'

#   Failed test at t/10-controller_methods.t line 81.
#          got: undef
#     expected: 'cmd1:ok'

#   Failed test at t/10-controller_methods.t line 82.
#          got: undef
#     expected: 'command:ok'

#   Failed test at t/10-controller_methods.t line 83.
#          got: undef
#     expected: 'help:ok'

#   Failed test at t/10-controller_methods.t line 84.
#          got: undef
#     expected: 'list_commands:ok'

#   Failed test at t/10-controller_methods.t line 85.
#          got: undef
#     expected: ''

#   Failed test at t/10-controller_methods.t line 86.
#          got: undef
#     expected: 'this is an alias, over'

#   Failed test at t/10-controller_methods.t line 87.
#          got: undef
#     expected: 'test'

#   Failed test at t/10-controller_methods.t line 88.
#          got: undef
#     expected: 'Called: command (command)'

#   Failed test at t/10-controller_methods.t line 89.
#          got: undef
#     expected: 'Called: list_commands (list_commands)'

#   Failed test at t/10-controller_methods.t line 90.
#          got: undef
#     expected: 'Called: list_commands (list_commands)'

#   Failed test at t/10-controller_methods.t line 91.
#          got: undef
#     expected: 'Called: alias (alias)'

#   Failed test at t/10-controller_methods.t line 92.
#          got: undef
#     expected: 'Called: cmd1 (cmd1)'
# Looks like you failed 24 tests of 24.
t/10-controller_methods.t ..... 
Dubious, test returned 24 (wstat 6144, 0x1800)
Failed 24/24 subtests 
Can't locate App/Rad/Tester.pm in @INC (you may need to install the App::Rad::Tester module) (@INC contains: C:\strawberry\cpan\build\App-Rad-1.05_01-KMZiXE\blib\lib C:\strawberry\cpan\build\App-Rad-1.05_01-KMZiXE\blib\arch C:/strawberry/perl/site/lib C:/strawberry/perl/vendor/lib C:/strawberry/perl/lib .) at t/11-config.t line 5.
BEGIN failed--compilation aborted at t/11-config.t line 5.
t/11-config.t ................. 
Dubious, test returned 2 (wstat 512, 0x200)
Failed 10/10 subtests 
Can't locate App/Rad/Tester.pm in @INC (you may need to install the App::Rad::Tester module) (@INC contains: C:\strawberry\cpan\build\App-Rad-1.05_01-KMZiXE\blib\lib C:\strawberry\cpan\build\App-Rad-1.05_01-KMZiXE\blib\arch C:/strawberry/perl/site/lib C:/strawberry/perl/vendor/lib C:/strawberry/perl/lib .) at t/12-register_commands-alt.t line 3.
BEGIN failed--compilation aborted at t/12-register_commands-alt.t line 3.
t/12-register_commands-alt.t .. 
Dubious, test returned 2 (wstat 512, 0x200)
Failed 7/7 subtests 
# using temporary program file 'C:\DOCUME~1\c\LOCALS~1\Temp\Dp8G_bGmmb' to test functionality
Can't locate App/Rad/Parser.pm in @INC (you may need to install the App::Rad::Parser module) (@INC contains: C:\strawberry\cpan\build\App-Rad-1.05_01-KMZiXE\blib\lib C:\strawberry\cpan\build\App-Rad-1.05_01-KMZiXE\blib\arch C:/strawberry/perl/site/lib C:/strawberry/perl/vendor/lib C:/strawberry/perl/lib .) at C:\strawberry\cpan\build\App-Rad-1.05_01-KMZiXE\blib\lib/App/Rad.pm line 3.
BEGIN failed--compilation aborted at C:\strawberry\cpan\build\App-Rad-1.05_01-KMZiXE\blib\lib/App/Rad.pm line 3.
Compilation failed in require at C:\DOCUME~1\c\LOCALS~1\Temp\Dp8G_bGmmb line 1.
BEGIN failed--compilation aborted at C:\DOCUME~1\c\LOCALS~1\Temp\Dp8G_bGmmb line 1.

#   Failed test at t/12-register_commands.t line 42.
#          got: ''
#     expected: 'This is default. Over and out.
# '
Can't locate App/Rad/Parser.pm in @INC (you may need to install the App::Rad::Parser module) (@INC contains: C:\strawberry\cpan\build\App-Rad-1.05_01-KMZiXE\blib\lib C:\strawberry\cpan\build\App-Rad-1.05_01-KMZiXE\blib\arch C:/strawberry/perl/site/lib C:/strawberry/perl/vendor/lib C:/strawberry/perl/lib .) at C:\strawberry\cpan\build\App-Rad-1.05_01-KMZiXE\blib\lib/App/Rad.pm line 3.
BEGIN failed--compilation aborted at C:\strawberry\cpan\build\App-Rad-1.05_01-KMZiXE\blib\lib/App/Rad.pm line 3.
Compilation failed in require at C:\DOCUME~1\c\LOCALS~1\Temp\Dp8G_bGmmb line 1.
BEGIN failed--compilation aborted at C:\DOCUME~1\c\LOCALS~1\Temp\Dp8G_bGmmb line 1.

#   Failed test at t/12-register_commands.t line 56.
#          got: ''
#     expected: 'Usage: C:\DOCUME~1\c\LOCALS~1\Temp\Dp8G_bGmmb command [arguments]
# 
# Available Commands:
#     bar 	
#     foo 	
#     help	show syntax and available commands
# 
# '
Can't locate App/Rad/Parser.pm in @INC (you may need to install the App::Rad::Parser module) (@INC contains: C:\strawberry\cpan\build\App-Rad-1.05_01-KMZiXE\blib\lib C:\strawberry\cpan\build\App-Rad-1.05_01-KMZiXE\blib\arch C:/strawberry/perl/site/lib C:/strawberry/perl/vendor/lib C:/strawberry/perl/lib .) at C:\strawberry\cpan\build\App-Rad-1.05_01-KMZiXE\blib\lib/App/Rad.pm line 3.
BEGIN failed--compilation aborted at C:\strawberry\cpan\build\App-Rad-1.05_01-KMZiXE\blib\lib/App/Rad.pm line 3.
Compilation failed in require at C:\DOCUME~1\c\LOCALS~1\Temp\Dp8G_bGmmb line 1.
BEGIN failed--compilation aborted at C:\DOCUME~1\c\LOCALS~1\Temp\Dp8G_bGmmb line 1.

#   Failed test at t/12-register_commands.t line 59.
#          got: ''
#     expected: 'hello
# '
Can't locate App/Rad/Parser.pm in @INC (you may need to install the App::Rad::Parser module) (@INC contains: C:\strawberry\cpan\build\App-Rad-1.05_01-KMZiXE\blib\lib C:\strawberry\cpan\build\App-Rad-1.05_01-KMZiXE\blib\arch C:/strawberry/perl/site/lib C:/strawberry/perl/vendor/lib C:/strawberry/perl/lib .) at C:\strawberry\cpan\build\App-Rad-1.05_01-KMZiXE\blib\lib/App/Rad.pm line 3.
BEGIN failed--compilation aborted at C:\strawberry\cpan\build\App-Rad-1.05_01-KMZiXE\blib\lib/App/Rad.pm line 3.
Compilation failed in require at C:\DOCUME~1\c\LOCALS~1\Temp\Dp8G_bGmmb line 1.
BEGIN failed--compilation aborted at C:\DOCUME~1\c\LOCALS~1\Temp\Dp8G_bGmmb line 1.

#   Failed test at t/12-register_commands.t line 62.
#          got: ''
#     expected: 'This is default. Over and out.
# '
Can't locate App/Rad/Parser.pm in @INC (you may need to install the App::Rad::Parser module) (@INC contains: C:\strawberry\cpan\build\App-Rad-1.05_01-KMZiXE\blib\lib C:\strawberry\cpan\build\App-Rad-1.05_01-KMZiXE\blib\arch C:/strawberry/perl/site/lib C:/strawberry/perl/vendor/lib C:/strawberry/perl/lib .) at C:\strawberry\cpan\build\App-Rad-1.05_01-KMZiXE\blib\lib/App/Rad.pm line 3.
BEGIN failed--compilation aborted at C:\strawberry\cpan\build\App-Rad-1.05_01-KMZiXE\blib\lib/App/Rad.pm line 3.
Compilation failed in require at C:\DOCUME~1\c\LOCALS~1\Temp\Dp8G_bGmmb line 1.
BEGIN failed--compilation aborted at C:\DOCUME~1\c\LOCALS~1\Temp\Dp8G_bGmmb line 1.

#   Failed test at t/12-register_commands.t line 65.
#          got: ''
#     expected: 'This is default. Over and out.
# '
Can't locate App/Rad/Parser.pm in @INC (you may need to install the App::Rad::Parser module) (@INC contains: C:\strawberry\cpan\build\App-Rad-1.05_01-KMZiXE\blib\lib C:\strawberry\cpan\build\App-Rad-1.05_01-KMZiXE\blib\arch C:/strawberry/perl/site/lib C:/strawberry/perl/vendor/lib C:/strawberry/perl/lib .) at C:\strawberry\cpan\build\App-Rad-1.05_01-KMZiXE\blib\lib/App/Rad.pm line 3.
BEGIN failed--compilation aborted at C:\strawberry\cpan\build\App-Rad-1.05_01-KMZiXE\blib\lib/App/Rad.pm line 3.
Compilation failed in require at C:\DOCUME~1\c\LOCALS~1\Temp\Dp8G_bGmmb line 1.
BEGIN failed--compilation aborted at C:\DOCUME~1\c\LOCALS~1\Temp\Dp8G_bGmmb line 1.

#   Failed test at t/12-register_commands.t line 68.
#          got: ''
#     expected: 'This is default. Over and out.
# '
Can't locate App/Rad/Parser.pm in @INC (you may need to install the App::Rad::Parser module) (@INC contains: C:\strawberry\cpan\build\App-Rad-1.05_01-KMZiXE\blib\lib C:\strawberry\cpan\build\App-Rad-1.05_01-KMZiXE\blib\arch C:/strawberry/perl/site/lib C:/strawberry/perl/vendor/lib C:/strawberry/perl/lib .) at C:\strawberry\cpan\build\App-Rad-1.05_01-KMZiXE\blib\lib/App/Rad.pm line 3.
BEGIN failed--compilation aborted at C:\strawberry\cpan\build\App-Rad-1.05_01-KMZiXE\blib\lib/App/Rad.pm line 3.
Compilation failed in require at C:\DOCUME~1\c\LOCALS~1\Temp\Dp8G_bGmmb line 1.
BEGIN failed--compilation aborted at C:\DOCUME~1\c\LOCALS~1\Temp\Dp8G_bGmmb line 1.

#   Failed test at t/12-register_commands.t line 71.
#          got: ''
#     expected: 'hi
# '
# Looks like you failed 7 tests of 7.
t/12-register_commands.t ...... 
Dubious, test returned 7 (wstat 1792, 0x700)
Failed 7/7 subtests 
# using temporary program file 'C:\DOCUME~1\c\LOCALS~1\Temp\7FChL9ZI6n' to test functionality
Can't locate App/Rad/Parser.pm in @INC (you may need to install the App::Rad::Parser module) (@INC contains: C:\strawberry\cpan\build\App-Rad-1.05_01-KMZiXE\blib\lib C:\strawberry\cpan\build\App-Rad-1.05_01-KMZiXE\blib\arch C:/strawberry/perl/site/lib C:/strawberry/perl/vendor/lib C:/strawberry/perl/lib .) at C:\strawberry\cpan\build\App-Rad-1.05_01-KMZiXE\blib\lib/App/Rad.pm line 3.
BEGIN failed--compilation aborted at C:\strawberry\cpan\build\App-Rad-1.05_01-KMZiXE\blib\lib/App/Rad.pm line 3.
Compilation failed in require at C:\DOCUME~1\c\LOCALS~1\Temp\7FChL9ZI6n line 1.
BEGIN failed--compilation aborted at C:\DOCUME~1\c\LOCALS~1\Temp\7FChL9ZI6n line 1.

#   Failed test at t/13-register_commands2.t line 49.
#          got: ''
#     expected: 'Usage: C:\DOCUME~1\c\LOCALS~1\Temp\7FChL9ZI6n command [arguments]
# 
# Available Commands:
#     help         	show syntax and available commands
#     ignore_prefix	this is a command
#     ignore_regexp	this is another command
#     ignore_suffix	this too, since none of us start with a dash
# 
# '
Can't locate App/Rad/Parser.pm in @INC (you may need to install the App::Rad::Parser module) (@INC contains: C:\strawberry\cpan\build\App-Rad-1.05_01-KMZiXE\blib\lib C:\strawberry\cpan\build\App-Rad-1.05_01-KMZiXE\blib\arch C:/strawberry/perl/site/lib C:/strawberry/perl/vendor/lib C:/strawberry/perl/lib .) at C:\strawberry\cpan\build\App-Rad-1.05_01-KMZiXE\blib\lib/App/Rad.pm line 3.
BEGIN failed--compilation aborted at C:\strawberry\cpan\build\App-Rad-1.05_01-KMZiXE\blib\lib/App/Rad.pm line 3.
Compilation failed in require at C:\DOCUME~1\c\LOCALS~1\Temp\7FChL9ZI6n line 1.
BEGIN failed--compilation aborted at C:\DOCUME~1\c\LOCALS~1\Temp\7FChL9ZI6n line 1.

#   Failed test at t/13-register_commands2.t line 52.
#          got: ''
#     expected: 'Usage: C:\DOCUME~1\c\LOCALS~1\Temp\7FChL9ZI6n command [arguments]
# 
# Available Commands:
#     help         	show syntax and available commands
#     ignore_prefix	this is a command
#     ignore_regexp	this is another command
#     ignore_suffix	this too, since none of us start with a dash
# 
# '
Can't locate App/Rad/Parser.pm in @INC (you may need to install the App::Rad::Parser module) (@INC contains: C:\strawberry\cpan\build\App-Rad-1.05_01-KMZiXE\blib\lib C:\strawberry\cpan\build\App-Rad-1.05_01-KMZiXE\blib\arch C:/strawberry/perl/site/lib C:/strawberry/perl/vendor/lib C:/strawberry/perl/lib .) at C:\strawberry\cpan\build\App-Rad-1.05_01-KMZiXE\blib\lib/App/Rad.pm line 3.
BEGIN failed--compilation aborted at C:\strawberry\cpan\build\App-Rad-1.05_01-KMZiXE\blib\lib/App/Rad.pm line 3.
Compilation failed in require at C:\DOCUME~1\c\LOCALS~1\Temp\7FChL9ZI6n line 1.
BEGIN failed--compilation aborted at C:\DOCUME~1\c\LOCALS~1\Temp\7FChL9ZI6n line 1.

#   Failed test at t/13-register_commands2.t line 55.
#          got: ''
#     expected: '1
# '
Can't locate App/Rad/Parser.pm in @INC (you may need to install the App::Rad::Parser module) (@INC contains: C:\strawberry\cpan\build\App-Rad-1.05_01-KMZiXE\blib\lib C:\strawberry\cpan\build\App-Rad-1.05_01-KMZiXE\blib\arch C:/strawberry/perl/site/lib C:/strawberry/perl/vendor/lib C:/strawberry/perl/lib .) at C:\strawberry\cpan\build\App-Rad-1.05_01-KMZiXE\blib\lib/App/Rad.pm line 3.
BEGIN failed--compilation aborted at C:\strawberry\cpan\build\App-Rad-1.05_01-KMZiXE\blib\lib/App/Rad.pm line 3.
Compilation failed in require at C:\DOCUME~1\c\LOCALS~1\Temp\7FChL9ZI6n line 1.
BEGIN failed--compilation aborted at C:\DOCUME~1\c\LOCALS~1\Temp\7FChL9ZI6n line 1.

#   Failed test at t/13-register_commands2.t line 58.
#          got: ''
#     expected: '2
# '
Can't locate App/Rad/Parser.pm in @INC (you may need to install the App::Rad::Parser module) (@INC contains: C:\strawberry\cpan\build\App-Rad-1.05_01-KMZiXE\blib\lib C:\strawberry\cpan\build\App-Rad-1.05_01-KMZiXE\blib\arch C:/strawberry/perl/site/lib C:/strawberry/perl/vendor/lib C:/strawberry/perl/lib .) at C:\strawberry\cpan\build\App-Rad-1.05_01-KMZiXE\blib\lib/App/Rad.pm line 3.
BEGIN failed--compilation aborted at C:\strawberry\cpan\build\App-Rad-1.05_01-KMZiXE\blib\lib/App/Rad.pm line 3.
Compilation failed in require at C:\DOCUME~1\c\LOCALS~1\Temp\7FChL9ZI6n line 1.
BEGIN failed--compilation aborted at C:\DOCUME~1\c\LOCALS~1\Temp\7FChL9ZI6n line 1.

#   Failed test at t/13-register_commands2.t line 61.
#          got: ''
#     expected: '3
# '
# Looks like you failed 5 tests of 5.
t/13-register_commands2.t ..... 
Dubious, test returned 5 (wstat 1280, 0x500)
Failed 5/5 subtests 
# using temporary program file 'C:\DOCUME~1\c\LOCALS~1\Temp\YCa0wf6mo2' to test functionality
Can't locate App/Rad/Parser.pm in @INC (you may need to install the App::Rad::Parser module) (@INC contains: C:\strawberry\cpan\build\App-Rad-1.05_01-KMZiXE\blib\lib C:\strawberry\cpan\build\App-Rad-1.05_01-KMZiXE\blib\arch C:/strawberry/perl/site/lib C:/strawberry/perl/vendor/lib C:/strawberry/perl/lib .) at C:\strawberry\cpan\build\App-Rad-1.05_01-KMZiXE\blib\lib/App/Rad.pm line 3.
BEGIN failed--compilation aborted at C:\strawberry\cpan\build\App-Rad-1.05_01-KMZiXE\blib\lib/App/Rad.pm line 3.
Compilation failed in require at C:\DOCUME~1\c\LOCALS~1\Temp\YCa0wf6mo2 line 1.
BEGIN failed--compilation aborted at C:\DOCUME~1\c\LOCALS~1\Temp\YCa0wf6mo2 line 1.

#   Failed test at t/14-register_commands3.t line 38.
#          got: ''
#     expected: 'This is default. Over and out.
# '
Can't locate App/Rad/Parser.pm in @INC (you may need to install the App::Rad::Parser module) (@INC contains: C:\strawberry\cpan\build\App-Rad-1.05_01-KMZiXE\blib\lib C:\strawberry\cpan\build\App-Rad-1.05_01-KMZiXE\blib\arch C:/strawberry/perl/site/lib C:/strawberry/perl/vendor/lib C:/strawberry/perl/lib .) at C:\strawberry\cpan\build\App-Rad-1.05_01-KMZiXE\blib\lib/App/Rad.pm line 3.
BEGIN failed--compilation aborted at C:\strawberry\cpan\build\App-Rad-1.05_01-KMZiXE\blib\lib/App/Rad.pm line 3.
Compilation failed in require at C:\DOCUME~1\c\LOCALS~1\Temp\YCa0wf6mo2 line 1.
BEGIN failed--compilation aborted at C:\DOCUME~1\c\LOCALS~1\Temp\YCa0wf6mo2 line 1.

#   Failed test at t/14-register_commands3.t line 52.
#          got: ''
#     expected: 'Usage: C:\DOCUME~1\c\LOCALS~1\Temp\YCa0wf6mo2 command [arguments]
# 
# Available Commands:
#     bar 	
#     foo 	
#     help	show syntax and available commands
# 
# '
Can't locate App/Rad/Parser.pm in @INC (you may need to install the App::Rad::Parser module) (@INC contains: C:\strawberry\cpan\build\App-Rad-1.05_01-KMZiXE\blib\lib C:\strawberry\cpan\build\App-Rad-1.05_01-KMZiXE\blib\arch C:/strawberry/perl/site/lib C:/strawberry/perl/vendor/lib C:/strawberry/perl/lib .) at C:\strawberry\cpan\build\App-Rad-1.05_01-KMZiXE\blib\lib/App/Rad.pm line 3.
BEGIN failed--compilation aborted at C:\strawberry\cpan\build\App-Rad-1.05_01-KMZiXE\blib\lib/App/Rad.pm line 3.
Compilation failed in require at C:\DOCUME~1\c\LOCALS~1\Temp\YCa0wf6mo2 line 1.
BEGIN failed--compilation aborted at C:\DOCUME~1\c\LOCALS~1\Temp\YCa0wf6mo2 line 1.

#   Failed test at t/14-register_commands3.t line 55.
#          got: ''
#     expected: 'hello
# '
Can't locate App/Rad/Parser.pm in @INC (you may need to install the App::Rad::Parser module) (@INC contains: C:\strawberry\cpan\build\App-Rad-1.05_01-KMZiXE\blib\lib C:\strawberry\cpan\build\App-Rad-1.05_01-KMZiXE\blib\arch C:/strawberry/perl/site/lib C:/strawberry/perl/vendor/lib C:/strawberry/perl/lib .) at C:\strawberry\cpan\build\App-Rad-1.05_01-KMZiXE\blib\lib/App/Rad.pm line 3.
BEGIN failed--compilation aborted at C:\strawberry\cpan\build\App-Rad-1.05_01-KMZiXE\blib\lib/App/Rad.pm line 3.
Compilation failed in require at C:\DOCUME~1\c\LOCALS~1\Temp\YCa0wf6mo2 line 1.
BEGIN failed--compilation aborted at C:\DOCUME~1\c\LOCALS~1\Temp\YCa0wf6mo2 line 1.

#   Failed test at t/14-register_commands3.t line 58.
#          got: ''
#     expected: 'This is default. Over and out.
# '
Can't locate App/Rad/Parser.pm in @INC (you may need to install the App::Rad::Parser module) (@INC contains: C:\strawberry\cpan\build\App-Rad-1.05_01-KMZiXE\blib\lib C:\strawberry\cpan\build\App-Rad-1.05_01-KMZiXE\blib\arch C:/strawberry/perl/site/lib C:/strawberry/perl/vendor/lib C:/strawberry/perl/lib .) at C:\strawberry\cpan\build\App-Rad-1.05_01-KMZiXE\blib\lib/App/Rad.pm line 3.
BEGIN failed--compilation aborted at C:\strawberry\cpan\build\App-Rad-1.05_01-KMZiXE\blib\lib/App/Rad.pm line 3.
Compilation failed in require at C:\DOCUME~1\c\LOCALS~1\Temp\YCa0wf6mo2 line 1.
BEGIN failed--compilation aborted at C:\DOCUME~1\c\LOCALS~1\Temp\YCa0wf6mo2 line 1.

#   Failed test at t/14-register_commands3.t line 61.
#          got: ''
#     expected: 'This is default. Over and out.
# '
Can't locate App/Rad/Parser.pm in @INC (you may need to install the App::Rad::Parser module) (@INC contains: C:\strawberry\cpan\build\App-Rad-1.05_01-KMZiXE\blib\lib C:\strawberry\cpan\build\App-Rad-1.05_01-KMZiXE\blib\arch C:/strawberry/perl/site/lib C:/strawberry/perl/vendor/lib C:/strawberry/perl/lib .) at C:\strawberry\cpan\build\App-Rad-1.05_01-KMZiXE\blib\lib/App/Rad.pm line 3.
BEGIN failed--compilation aborted at C:\strawberry\cpan\build\App-Rad-1.05_01-KMZiXE\blib\lib/App/Rad.pm line 3.
Compilation failed in require at C:\DOCUME~1\c\LOCALS~1\Temp\YCa0wf6mo2 line 1.
BEGIN failed--compilation aborted at C:\DOCUME~1\c\LOCALS~1\Temp\YCa0wf6mo2 line 1.

#   Failed test at t/14-register_commands3.t line 64.
#          got: ''
#     expected: 'This is default. Over and out.
# '
Can't locate App/Rad/Parser.pm in @INC (you may need to install the App::Rad::Parser module) (@INC contains: C:\strawberry\cpan\build\App-Rad-1.05_01-KMZiXE\blib\lib C:\strawberry\cpan\build\App-Rad-1.05_01-KMZiXE\blib\arch C:/strawberry/perl/site/lib C:/strawberry/perl/vendor/lib C:/strawberry/perl/lib .) at C:\strawberry\cpan\build\App-Rad-1.05_01-KMZiXE\blib\lib/App/Rad.pm line 3.
BEGIN failed--compilation aborted at C:\strawberry\cpan\build\App-Rad-1.05_01-KMZiXE\blib\lib/App/Rad.pm line 3.
Compilation failed in require at C:\DOCUME~1\c\LOCALS~1\Temp\YCa0wf6mo2 line 1.
BEGIN failed--compilation aborted at C:\DOCUME~1\c\LOCALS~1\Temp\YCa0wf6mo2 line 1.

#   Failed test at t/14-register_commands3.t line 67.
#          got: ''
#     expected: 'hi
# '
# Looks like you failed 7 tests of 7.
t/14-register_commands3.t ..... 
Dubious, test returned 7 (wstat 1792, 0x700)
Failed 7/7 subtests 
# using temporary program file 'C:\DOCUME~1\c\LOCALS~1\Temp\E7lu2qVjV3' to test functionality
Can't locate App/Rad/Parser.pm in @INC (you may need to install the App::Rad::Parser module) (@INC contains: C:\strawberry\cpan\build\App-Rad-1.05_01-KMZiXE\blib\lib C:\strawberry\cpan\build\App-Rad-1.05_01-KMZiXE\blib\arch C:/strawberry/perl/site/lib C:/strawberry/perl/vendor/lib C:/strawberry/perl/lib .) at C:\strawberry\cpan\build\App-Rad-1.05_01-KMZiXE\blib\lib/App/Rad.pm line 3.
BEGIN failed--compilation aborted at C:\strawberry\cpan\build\App-Rad-1.05_01-KMZiXE\blib\lib/App/Rad.pm line 3.
Compilation failed in require at C:\DOCUME~1\c\LOCALS~1\Temp\E7lu2qVjV3 line 1.
BEGIN failed--compilation aborted at C:\DOCUME~1\c\LOCALS~1\Temp\E7lu2qVjV3 line 1.

#   Failed test at t/15-register_commands4.t line 41.
#          got: ''
#     expected: 'This is default. Over and out.
# '
Can't locate App/Rad/Parser.pm in @INC (you may need to install the App::Rad::Parser module) (@INC contains: C:\strawberry\cpan\build\App-Rad-1.05_01-KMZiXE\blib\lib C:\strawberry\cpan\build\App-Rad-1.05_01-KMZiXE\blib\arch C:/strawberry/perl/site/lib C:/strawberry/perl/vendor/lib C:/strawberry/perl/lib .) at C:\strawberry\cpan\build\App-Rad-1.05_01-KMZiXE\blib\lib/App/Rad.pm line 3.
BEGIN failed--compilation aborted at C:\strawberry\cpan\build\App-Rad-1.05_01-KMZiXE\blib\lib/App/Rad.pm line 3.
Compilation failed in require at C:\DOCUME~1\c\LOCALS~1\Temp\E7lu2qVjV3 line 1.
BEGIN failed--compilation aborted at C:\DOCUME~1\c\LOCALS~1\Temp\E7lu2qVjV3 line 1.

#   Failed test at t/15-register_commands4.t line 56.
#          got: ''
#     expected: 'Usage: C:\DOCUME~1\c\LOCALS~1\Temp\E7lu2qVjV3 command [arguments]
# 
# Available Commands:
#     bar   	
#     foo   	
#     foocmd	
#     help  	show syntax and available commands
# 
# '
Can't locate App/Rad/Parser.pm in @INC (you may need to install the App::Rad::Parser module) (@INC contains: C:\strawberry\cpan\build\App-Rad-1.05_01-KMZiXE\blib\lib C:\strawberry\cpan\build\App-Rad-1.05_01-KMZiXE\blib\arch C:/strawberry/perl/site/lib C:/strawberry/perl/vendor/lib C:/strawberry/perl/lib .) at C:\strawberry\cpan\build\App-Rad-1.05_01-KMZiXE\blib\lib/App/Rad.pm line 3.
BEGIN failed--compilation aborted at C:\strawberry\cpan\build\App-Rad-1.05_01-KMZiXE\blib\lib/App/Rad.pm line 3.
Compilation failed in require at C:\DOCUME~1\c\LOCALS~1\Temp\E7lu2qVjV3 line 1.
BEGIN failed--compilation aborted at C:\DOCUME~1\c\LOCALS~1\Temp\E7lu2qVjV3 line 1.

#   Failed test at t/15-register_commands4.t line 59.
#          got: ''
#     expected: 'hello
# '
Can't locate App/Rad/Parser.pm in @INC (you may need to install the App::Rad::Parser module) (@INC contains: C:\strawberry\cpan\build\App-Rad-1.05_01-KMZiXE\blib\lib C:\strawberry\cpan\build\App-Rad-1.05_01-KMZiXE\blib\arch C:/strawberry/perl/site/lib C:/strawberry/perl/vendor/lib C:/strawberry/perl/lib .) at C:\strawberry\cpan\build\App-Rad-1.05_01-KMZiXE\blib\lib/App/Rad.pm line 3.
BEGIN failed--compilation aborted at C:\strawberry\cpan\build\App-Rad-1.05_01-KMZiXE\blib\lib/App/Rad.pm line 3.
Compilation failed in require at C:\DOCUME~1\c\LOCALS~1\Temp\E7lu2qVjV3 line 1.
BEGIN failed--compilation aborted at C:\DOCUME~1\c\LOCALS~1\Temp\E7lu2qVjV3 line 1.

#   Failed test at t/15-register_commands4.t line 62.
#          got: ''
#     expected: 'This is default. Over and out.
# '
Can't locate App/Rad/Parser.pm in @INC (you may need to install the App::Rad::Parser module) (@INC contains: C:\strawberry\cpan\build\App-Rad-1.05_01-KMZiXE\blib\lib C:\strawberry\cpan\build\App-Rad-1.05_01-KMZiXE\blib\arch C:/strawberry/perl/site/lib C:/strawberry/perl/vendor/lib C:/strawberry/perl/lib .) at C:\strawberry\cpan\build\App-Rad-1.05_01-KMZiXE\blib\lib/App/Rad.pm line 3.
BEGIN failed--compilation aborted at C:\strawberry\cpan\build\App-Rad-1.05_01-KMZiXE\blib\lib/App/Rad.pm line 3.
Compilation failed in require at C:\DOCUME~1\c\LOCALS~1\Temp\E7lu2qVjV3 line 1.
BEGIN failed--compilation aborted at C:\DOCUME~1\c\LOCALS~1\Temp\E7lu2qVjV3 line 1.

#   Failed test at t/15-register_commands4.t line 65.
#          got: ''
#     expected: 'yo
# '
Can't locate App/Rad/Parser.pm in @INC (you may need to install the App::Rad::Parser module) (@INC contains: C:\strawberry\cpan\build\App-Rad-1.05_01-KMZiXE\blib\lib C:\strawberry\cpan\build\App-Rad-1.05_01-KMZiXE\blib\arch C:/strawberry/perl/site/lib C:/strawberry/perl/vendor/lib C:/strawberry/perl/lib .) at C:\strawberry\cpan\build\App-Rad-1.05_01-KMZiXE\blib\lib/App/Rad.pm line 3.
BEGIN failed--compilation aborted at C:\strawberry\cpan\build\App-Rad-1.05_01-KMZiXE\blib\lib/App/Rad.pm line 3.
Compilation failed in require at C:\DOCUME~1\c\LOCALS~1\Temp\E7lu2qVjV3 line 1.
BEGIN failed--compilation aborted at C:\DOCUME~1\c\LOCALS~1\Temp\E7lu2qVjV3 line 1.

#   Failed test at t/15-register_commands4.t line 68.
#          got: ''
#     expected: 'This is default. Over and out.
# '
Can't locate App/Rad/Parser.pm in @INC (you may need to install the App::Rad::Parser module) (@INC contains: C:\strawberry\cpan\build\App-Rad-1.05_01-KMZiXE\blib\lib C:\strawberry\cpan\build\App-Rad-1.05_01-KMZiXE\blib\arch C:/strawberry/perl/site/lib C:/strawberry/perl/vendor/lib C:/strawberry/perl/lib .) at C:\strawberry\cpan\build\App-Rad-1.05_01-KMZiXE\blib\lib/App/Rad.pm line 3.
BEGIN failed--compilation aborted at C:\strawberry\cpan\build\App-Rad-1.05_01-KMZiXE\blib\lib/App/Rad.pm line 3.
Compilation failed in require at C:\DOCUME~1\c\LOCALS~1\Temp\E7lu2qVjV3 line 1.
BEGIN failed--compilation aborted at C:\DOCUME~1\c\LOCALS~1\Temp\E7lu2qVjV3 line 1.

#   Failed test at t/15-register_commands4.t line 71.
#          got: ''
#     expected: 'hi
# '
# Looks like you failed 7 tests of 7.
t/15-register_commands4.t ..... 
Dubious, test returned 7 (wstat 1792, 0x700)
Failed 7/7 subtests 
# using temporary program file 'C:\DOCUME~1\c\LOCALS~1\Temp\67ocSopwUQ' to test functionality
Can't locate App/Rad/Parser.pm in @INC (you may need to install the App::Rad::Parser module) (@INC contains: C:\strawberry\cpan\build\App-Rad-1.05_01-KMZiXE\blib\lib C:\strawberry\cpan\build\App-Rad-1.05_01-KMZiXE\blib\arch C:/strawberry/perl/site/lib C:/strawberry/perl/vendor/lib C:/strawberry/perl/lib .) at C:\strawberry\cpan\build\App-Rad-1.05_01-KMZiXE\blib\lib/App/Rad.pm line 3.
BEGIN failed--compilation aborted at C:\strawberry\cpan\build\App-Rad-1.05_01-KMZiXE\blib\lib/App/Rad.pm line 3.
Compilation failed in require at C:\DOCUME~1\c\LOCALS~1\Temp\67ocSopwUQ line 1.
BEGIN failed--compilation aborted at C:\DOCUME~1\c\LOCALS~1\Temp\67ocSopwUQ line 1.

#   Failed test at t/16-register_commands5.t line 43.
#          got: ''
#     expected: 'This is default. Over and out.
# '
Can't locate App/Rad/Parser.pm in @INC (you may need to install the App::Rad::Parser module) (@INC contains: C:\strawberry\cpan\build\App-Rad-1.05_01-KMZiXE\blib\lib C:\strawberry\cpan\build\App-Rad-1.05_01-KMZiXE\blib\arch C:/strawberry/perl/site/lib C:/strawberry/perl/vendor/lib C:/strawberry/perl/lib .) at C:\strawberry\cpan\build\App-Rad-1.05_01-KMZiXE\blib\lib/App/Rad.pm line 3.
BEGIN failed--compilation aborted at C:\strawberry\cpan\build\App-Rad-1.05_01-KMZiXE\blib\lib/App/Rad.pm line 3.
Compilation failed in require at C:\DOCUME~1\c\LOCALS~1\Temp\67ocSopwUQ line 1.
BEGIN failed--compilation aborted at C:\DOCUME~1\c\LOCALS~1\Temp\67ocSopwUQ line 1.

#   Failed test at t/16-register_commands5.t line 58.
#          got: ''
#     expected: 'Usage: C:\DOCUME~1\c\LOCALS~1\Temp\67ocSopwUQ command [arguments]
# 
# Available Commands:
#     bar   	help your bar
#     foo   	help your foo
#     foocmd	
#     help  	show syntax and available commands
# 
# '
Can't locate App/Rad/Parser.pm in @INC (you may need to install the App::Rad::Parser module) (@INC contains: C:\strawberry\cpan\build\App-Rad-1.05_01-KMZiXE\blib\lib C:\strawberry\cpan\build\App-Rad-1.05_01-KMZiXE\blib\arch C:/strawberry/perl/site/lib C:/strawberry/perl/vendor/lib C:/strawberry/perl/lib .) at C:\strawberry\cpan\build\App-Rad-1.05_01-KMZiXE\blib\lib/App/Rad.pm line 3.
BEGIN failed--compilation aborted at C:\strawberry\cpan\build\App-Rad-1.05_01-KMZiXE\blib\lib/App/Rad.pm line 3.
Compilation failed in require at C:\DOCUME~1\c\LOCALS~1\Temp\67ocSopwUQ line 1.
BEGIN failed--compilation aborted at C:\DOCUME~1\c\LOCALS~1\Temp\67ocSopwUQ line 1.

#   Failed test at t/16-register_commands5.t line 61.
#          got: ''
#     expected: 'hello
# '
Can't locate App/Rad/Parser.pm in @INC (you may need to install the App::Rad::Parser module) (@INC contains: C:\strawberry\cpan\build\App-Rad-1.05_01-KMZiXE\blib\lib C:\strawberry\cpan\build\App-Rad-1.05_01-KMZiXE\blib\arch C:/strawberry/perl/site/lib C:/strawberry/perl/vendor/lib C:/strawberry/perl/lib .) at C:\strawberry\cpan\build\App-Rad-1.05_01-KMZiXE\blib\lib/App/Rad.pm line 3.
BEGIN failed--compilation aborted at C:\strawberry\cpan\build\App-Rad-1.05_01-KMZiXE\blib\lib/App/Rad.pm line 3.
Compilation failed in require at C:\DOCUME~1\c\LOCALS~1\Temp\67ocSopwUQ line 1.
BEGIN failed--compilation aborted at C:\DOCUME~1\c\LOCALS~1\Temp\67ocSopwUQ line 1.

#   Failed test at t/16-register_commands5.t line 64.
#          got: ''
#     expected: 'This is default. Over and out.
# '
Can't locate App/Rad/Parser.pm in @INC (you may need to install the App::Rad::Parser module) (@INC contains: C:\strawberry\cpan\build\App-Rad-1.05_01-KMZiXE\blib\lib C:\strawberry\cpan\build\App-Rad-1.05_01-KMZiXE\blib\arch C:/strawberry/perl/site/lib C:/strawberry/perl/vendor/lib C:/strawberry/perl/lib .) at C:\strawberry\cpan\build\App-Rad-1.05_01-KMZiXE\blib\lib/App/Rad.pm line 3.
BEGIN failed--compilation aborted at C:\strawberry\cpan\build\App-Rad-1.05_01-KMZiXE\blib\lib/App/Rad.pm line 3.
Compilation failed in require at C:\DOCUME~1\c\LOCALS~1\Temp\67ocSopwUQ line 1.
BEGIN failed--compilation aborted at C:\DOCUME~1\c\LOCALS~1\Temp\67ocSopwUQ line 1.

#   Failed test at t/16-register_commands5.t line 67.
#          got: ''
#     expected: 'yo
# '
Can't locate App/Rad/Parser.pm in @INC (you may need to install the App::Rad::Parser module) (@INC contains: C:\strawberry\cpan\build\App-Rad-1.05_01-KMZiXE\blib\lib C:\strawberry\cpan\build\App-Rad-1.05_01-KMZiXE\blib\arch C:/strawberry/perl/site/lib C:/strawberry/perl/vendor/lib C:/strawberry/perl/lib .) at C:\strawberry\cpan\build\App-Rad-1.05_01-KMZiXE\blib\lib/App/Rad.pm line 3.
BEGIN failed--compilation aborted at C:\strawberry\cpan\build\App-Rad-1.05_01-KMZiXE\blib\lib/App/Rad.pm line 3.
Compilation failed in require at C:\DOCUME~1\c\LOCALS~1\Temp\67ocSopwUQ line 1.
BEGIN failed--compilation aborted at C:\DOCUME~1\c\LOCALS~1\Temp\67ocSopwUQ line 1.

#   Failed test at t/16-register_commands5.t line 70.
#          got: ''
#     expected: 'This is default. Over and out.
# '
Can't locate App/Rad/Parser.pm in @INC (you may need to install the App::Rad::Parser module) (@INC contains: C:\strawberry\cpan\build\App-Rad-1.05_01-KMZiXE\blib\lib C:\strawberry\cpan\build\App-Rad-1.05_01-KMZiXE\blib\arch C:/strawberry/perl/site/lib C:/strawberry/perl/vendor/lib C:/strawberry/perl/lib .) at C:\strawberry\cpan\build\App-Rad-1.05_01-KMZiXE\blib\lib/App/Rad.pm line 3.
BEGIN failed--compilation aborted at C:\strawberry\cpan\build\App-Rad-1.05_01-KMZiXE\blib\lib/App/Rad.pm line 3.
Compilation failed in require at C:\DOCUME~1\c\LOCALS~1\Temp\67ocSopwUQ line 1.
BEGIN failed--compilation aborted at C:\DOCUME~1\c\LOCALS~1\Temp\67ocSopwUQ line 1.

#   Failed test at t/16-register_commands5.t line 73.
#          got: ''
#     expected: 'hi
# '
# Looks like you failed 7 tests of 7.
t/16-register_commands5.t ..... 
Dubious, test returned 7 (wstat 1792, 0x700)
Failed 7/7 subtests 
# using temporary program file 'C:\DOCUME~1\c\LOCALS~1\Temp\nPJvoSaHXb' to test functionality
Can't locate App/Rad/Parser.pm in @INC (you may need to install the App::Rad::Parser module) (@INC contains: C:\strawberry\cpan\build\App-Rad-1.05_01-KMZiXE\blib\lib C:\strawberry\cpan\build\App-Rad-1.05_01-KMZiXE\blib\arch C:/strawberry/perl/site/lib C:/strawberry/perl/vendor/lib C:/strawberry/perl/lib .) at C:\strawberry\cpan\build\App-Rad-1.05_01-KMZiXE\blib\lib/App/Rad.pm line 3.
BEGIN failed--compilation aborted at C:\strawberry\cpan\build\App-Rad-1.05_01-KMZiXE\blib\lib/App/Rad.pm line 3.
Compilation failed in require at C:\DOCUME~1\c\LOCALS~1\Temp\nPJvoSaHXb line 1.
BEGIN failed--compilation aborted at C:\DOCUME~1\c\LOCALS~1\Temp\nPJvoSaHXb line 1.

#   Failed test at t/17-register_commands6.t line 46.
#          got: ''
#     expected: 'This is default. Over and out.
# '
Can't locate App/Rad/Parser.pm in @INC (you may need to install the App::Rad::Parser module) (@INC contains: C:\strawberry\cpan\build\App-Rad-1.05_01-KMZiXE\blib\lib C:\strawberry\cpan\build\App-Rad-1.05_01-KMZiXE\blib\arch C:/strawberry/perl/site/lib C:/strawberry/perl/vendor/lib C:/strawberry/perl/lib .) at C:\strawberry\cpan\build\App-Rad-1.05_01-KMZiXE\blib\lib/App/Rad.pm line 3.
BEGIN failed--compilation aborted at C:\strawberry\cpan\build\App-Rad-1.05_01-KMZiXE\blib\lib/App/Rad.pm line 3.
Compilation failed in require at C:\DOCUME~1\c\LOCALS~1\Temp\nPJvoSaHXb line 1.
BEGIN failed--compilation aborted at C:\DOCUME~1\c\LOCALS~1\Temp\nPJvoSaHXb line 1.

#   Failed test at t/17-register_commands6.t line 62.
#          got: ''
#     expected: 'Usage: C:\DOCUME~1\c\LOCALS~1\Temp\nPJvoSaHXb command [arguments]
# 
# Available Commands:
#     bar   	
#     baz   	help your baz
#     foo   	
#     foocmd	
#     help  	show syntax and available commands
# 
# '
Can't locate App/Rad/Parser.pm in @INC (you may need to install the App::Rad::Parser module) (@INC contains: C:\strawberry\cpan\build\App-Rad-1.05_01-KMZiXE\blib\lib C:\strawberry\cpan\build\App-Rad-1.05_01-KMZiXE\blib\arch C:/strawberry/perl/site/lib C:/strawberry/perl/vendor/lib C:/strawberry/perl/lib .) at C:\strawberry\cpan\build\App-Rad-1.05_01-KMZiXE\blib\lib/App/Rad.pm line 3.
BEGIN failed--compilation aborted at C:\strawberry\cpan\build\App-Rad-1.05_01-KMZiXE\blib\lib/App/Rad.pm line 3.
Compilation failed in require at C:\DOCUME~1\c\LOCALS~1\Temp\nPJvoSaHXb line 1.
BEGIN failed--compilation aborted at C:\DOCUME~1\c\LOCALS~1\Temp\nPJvoSaHXb line 1.

#   Failed test at t/17-register_commands6.t line 65.
#          got: ''
#     expected: 'hello
# '
Can't locate App/Rad/Parser.pm in @INC (you may need to install the App::Rad::Parser module) (@INC contains: C:\strawberry\cpan\build\App-Rad-1.05_01-KMZiXE\blib\lib C:\strawberry\cpan\build\App-Rad-1.05_01-KMZiXE\blib\arch C:/strawberry/perl/site/lib C:/strawberry/perl/vendor/lib C:/strawberry/perl/lib .) at C:\strawberry\cpan\build\App-Rad-1.05_01-KMZiXE\blib\lib/App/Rad.pm line 3.
BEGIN failed--compilation aborted at C:\strawberry\cpan\build\App-Rad-1.05_01-KMZiXE\blib\lib/App/Rad.pm line 3.
Compilation failed in require at C:\DOCUME~1\c\LOCALS~1\Temp\nPJvoSaHXb line 1.
BEGIN failed--compilation aborted at C:\DOCUME~1\c\LOCALS~1\Temp\nPJvoSaHXb line 1.

#   Failed test at t/17-register_commands6.t line 68.
#          got: ''
#     expected: 'This is default. Over and out.
# '
Can't locate App/Rad/Parser.pm in @INC (you may need to install the App::Rad::Parser module) (@INC contains: C:\strawberry\cpan\build\App-Rad-1.05_01-KMZiXE\blib\lib C:\strawberry\cpan\build\App-Rad-1.05_01-KMZiXE\blib\arch C:/strawberry/perl/site/lib C:/strawberry/perl/vendor/lib C:/strawberry/perl/lib .) at C:\strawberry\cpan\build\App-Rad-1.05_01-KMZiXE\blib\lib/App/Rad.pm line 3.
BEGIN failed--compilation aborted at C:\strawberry\cpan\build\App-Rad-1.05_01-KMZiXE\blib\lib/App/Rad.pm line 3.
Compilation failed in require at C:\DOCUME~1\c\LOCALS~1\Temp\nPJvoSaHXb line 1.
BEGIN failed--compilation aborted at C:\DOCUME~1\c\LOCALS~1\Temp\nPJvoSaHXb line 1.

#   Failed test at t/17-register_commands6.t line 71.
#          got: ''
#     expected: 'yo
# '
Can't locate App/Rad/Parser.pm in @INC (you may need to install the App::Rad::Parser module) (@INC contains: C:\strawberry\cpan\build\App-Rad-1.05_01-KMZiXE\blib\lib C:\strawberry\cpan\build\App-Rad-1.05_01-KMZiXE\blib\arch C:/strawberry/perl/site/lib C:/strawberry/perl/vendor/lib C:/strawberry/perl/lib .) at C:\strawberry\cpan\build\App-Rad-1.05_01-KMZiXE\blib\lib/App/Rad.pm line 3.
BEGIN failed--compilation aborted at C:\strawberry\cpan\build\App-Rad-1.05_01-KMZiXE\blib\lib/App/Rad.pm line 3.
Compilation failed in require at C:\DOCUME~1\c\LOCALS~1\Temp\nPJvoSaHXb line 1.
BEGIN failed--compilation aborted at C:\DOCUME~1\c\LOCALS~1\Temp\nPJvoSaHXb line 1.

#   Failed test at t/17-register_commands6.t line 74.
#          got: ''
#     expected: 'This is default. Over and out.
# '
Can't locate App/Rad/Parser.pm in @INC (you may need to install the App::Rad::Parser module) (@INC contains: C:\strawberry\cpan\build\App-Rad-1.05_01-KMZiXE\blib\lib C:\strawberry\cpan\build\App-Rad-1.05_01-KMZiXE\blib\arch C:/strawberry/perl/site/lib C:/strawberry/perl/vendor/lib C:/strawberry/perl/lib .) at C:\strawberry\cpan\build\App-Rad-1.05_01-KMZiXE\blib\lib/App/Rad.pm line 3.
BEGIN failed--compilation aborted at C:\strawberry\cpan\build\App-Rad-1.05_01-KMZiXE\blib\lib/App/Rad.pm line 3.
Compilation failed in require at C:\DOCUME~1\c\LOCALS~1\Temp\nPJvoSaHXb line 1.
BEGIN failed--compilation aborted at C:\DOCUME~1\c\LOCALS~1\Temp\nPJvoSaHXb line 1.

#   Failed test at t/17-register_commands6.t line 77.
#          got: ''
#     expected: 'hi
# '
Can't locate App/Rad/Parser.pm in @INC (you may need to install the App::Rad::Parser module) (@INC contains: C:\strawberry\cpan\build\App-Rad-1.05_01-KMZiXE\blib\lib C:\strawberry\cpan\build\App-Rad-1.05_01-KMZiXE\blib\arch C:/strawberry/perl/site/lib C:/strawberry/perl/vendor/lib C:/strawberry/perl/lib .) at C:\strawberry\cpan\build\App-Rad-1.05_01-KMZiXE\blib\lib/App/Rad.pm line 3.
BEGIN failed--compilation aborted at C:\strawberry\cpan\build\App-Rad-1.05_01-KMZiXE\blib\lib/App/Rad.pm line 3.
Compilation failed in require at C:\DOCUME~1\c\LOCALS~1\Temp\nPJvoSaHXb line 1.
BEGIN failed--compilation aborted at C:\DOCUME~1\c\LOCALS~1\Temp\nPJvoSaHXb line 1.

#   Failed test at t/17-register_commands6.t line 80.
#          got: ''
#     expected: 'waza
# '
# Looks like you failed 8 tests of 8.
t/17-register_commands6.t ..... 
Dubious, test returned 8 (wstat 2048, 0x800)
Failed 8/8 subtests 
# using temporary program file 'C:\DOCUME~1\c\LOCALS~1\Temp\fgGHHXNUbM' to test functionality
Can't locate App/Rad/Parser.pm in @INC (you may need to install the App::Rad::Parser module) (@INC contains: C:\strawberry\cpan\build\App-Rad-1.05_01-KMZiXE\blib\lib C:\strawberry\cpan\build\App-Rad-1.05_01-KMZiXE\blib\arch C:/strawberry/perl/site/lib C:/strawberry/perl/vendor/lib C:/strawberry/perl/lib .) at C:\strawberry\cpan\build\App-Rad-1.05_01-KMZiXE\blib\lib/App/Rad.pm line 3.
BEGIN failed--compilation aborted at C:\strawberry\cpan\build\App-Rad-1.05_01-KMZiXE\blib\lib/App/Rad.pm line 3.
Compilation failed in require at C:\DOCUME~1\c\LOCALS~1\Temp\fgGHHXNUbM line 1.
BEGIN failed--compilation aborted at C:\DOCUME~1\c\LOCALS~1\Temp\fgGHHXNUbM line 1.

#   Failed test at t/18-help_by_attribute.t line 43.
#          got: ''
#     expected: 'Usage: C:\DOCUME~1\c\LOCALS~1\Temp\fgGHHXNUbM command [arguments]
# 
# Available Commands:
#     bar       	help for bar
#     baz       	yet another help
#     foo       	help for foo
#     help      	show syntax and available commands
#     singleword	single
# 
# '
# Looks like you failed 1 test of 1.
t/18-help_by_attribute.t ...... 
Dubious, test returned 1 (wstat 256, 0x100)
Failed 1/1 subtests 
Can't locate App/Rad/Parser.pm in @INC (you may need to install the App::Rad::Parser module) (@INC contains: C:/strawberry/cpan/build/App-Rad-1.05_01-KMZiXE/t/lib C:\strawberry\cpan\build\App-Rad-1.05_01-KMZiXE\blib\lib C:\strawberry\cpan\build\App-Rad-1.05_01-KMZiXE\blib\arch C:/strawberry/perl/site/lib C:/strawberry/perl/vendor/lib C:/strawberry/perl/lib .) at C:\strawberry\cpan\build\App-Rad-1.05_01-KMZiXE\blib\lib/App/Rad.pm line 3.
BEGIN failed--compilation aborted at C:\strawberry\cpan\build\App-Rad-1.05_01-KMZiXE\blib\lib/App/Rad.pm line 3.
Compilation failed in require at t/19-plugins.t line 5.
BEGIN failed--compilation aborted at t/19-plugins.t line 5.
t/19-plugins.t ................ 
Dubious, test returned 2 (wstat 512, 0x200)
Failed 4/4 subtests 
Can't locate App/Rad/Parser.pm in @INC (you may need to install the App::Rad::Parser module) (@INC contains: C:/strawberry/cpan/build/App-Rad-1.05_01-KMZiXE/t/lib C:\strawberry\cpan\build\App-Rad-1.05_01-KMZiXE\blib\lib C:\strawberry\cpan\build\App-Rad-1.05_01-KMZiXE\blib\arch C:/strawberry/perl/site/lib C:/strawberry/perl/vendor/lib C:/strawberry/perl/lib .) at C:\strawberry\cpan\build\App-Rad-1.05_01-KMZiXE\blib\lib/App/Rad.pm line 3.
BEGIN failed--compilation aborted at C:\strawberry\cpan\build\App-Rad-1.05_01-KMZiXE\blib\lib/App/Rad.pm line 3.
Compilation failed in require at t/20-plugins2.t line 5.
BEGIN failed--compilation aborted at t/20-plugins2.t line 5.
t/20-plugins2.t ............... 
Dubious, test returned 2 (wstat 512, 0x200)
Failed 4/4 subtests 
Can't locate App/Rad/Tester.pm in @INC (you may need to install the App::Rad::Tester module) (@INC contains: C:\strawberry\cpan\build\App-Rad-1.05_01-KMZiXE\blib\lib C:\strawberry\cpan\build\App-Rad-1.05_01-KMZiXE\blib\arch C:/strawberry/perl/site/lib C:/strawberry/perl/vendor/lib C:/strawberry/perl/lib .) at t/21-named_arguments.t line 2.
BEGIN failed--compilation aborted at t/21-named_arguments.t line 2.
t/21-named_arguments.t ........ 
Dubious, test returned 2 (wstat 512, 0x200)
No subtests run 
t/22-command_with_args.t ...... ok
t/pod.t ....................... ok

Test Summary Report
-------------------
t/00-load.t                 (Wstat: 256 Tests: 4 Failed: 1)
  Failed test:  1
  Non-zero exit status: 1
t/01-standard.t             (Wstat: 512 Tests: 0 Failed: 0)
  Non-zero exit status: 2
  Parse errors: Bad plan.  You planned 14 tests but ran 0.
t/02-defaultprogram.t       (Wstat: 512 Tests: 0 Failed: 0)
  Non-zero exit status: 2
  Parse errors: Bad plan.  You planned 2 tests but ran 0.
t/02.5-default_with_args.t  (Wstat: 512 Tests: 2 Failed: 2)
  Failed tests:  1-2
  Non-zero exit status: 2
t/03-default_override.t     (Wstat: 768 Tests: 3 Failed: 3)
  Failed tests:  1-3
  Non-zero exit status: 3
t/03.5-default_and_invalid.t (Wstat: 1280 Tests: 5 Failed: 5)
  Failed tests:  1-5
  Non-zero exit status: 5
t/04-help_override.t        (Wstat: 512 Tests: 2 Failed: 2)
  Failed tests:  1-2
  Non-zero exit status: 2
t/05-commands-set.t         (Wstat: 512 Tests: 0 Failed: 0)
  Non-zero exit status: 2
  Parse errors: Bad plan.  You planned 3 tests but ran 0.
t/05-commands.t             (Wstat: 768 Tests: 3 Failed: 3)
  Failed tests:  1-3
  Non-zero exit status: 3
t/05.5-commands_with_args.t (Wstat: 768 Tests: 3 Failed: 3)
  Failed tests:  1-3
  Non-zero exit status: 3
t/06-pre_post_tear.t        (Wstat: 768 Tests: 3 Failed: 3)
  Failed tests:  1-3
  Non-zero exit status: 3
t/07-argv_and_opt.t         (Wstat: 512 Tests: 0 Failed: 0)
  Non-zero exit status: 2
  Parse errors: Bad plan.  You planned 36 tests but ran 0.
t/08-getopt_long.t          (Wstat: 512 Tests: 0 Failed: 0)
  Non-zero exit status: 2
  Parse errors: Bad plan.  You planned 17 tests but ran 0.
t/09-stash.t                (Wstat: 1024 Tests: 4 Failed: 4)
  Failed tests:  1-4
  Non-zero exit status: 4
t/10-controller_methods.t   (Wstat: 6144 Tests: 24 Failed: 24)
  Failed tests:  1-24
  Non-zero exit status: 24
t/11-config.t               (Wstat: 512 Tests: 0 Failed: 0)
  Non-zero exit status: 2
  Parse errors: Bad plan.  You planned 10 tests but ran 0.
t/12-register_commands-alt.t (Wstat: 512 Tests: 0 Failed: 0)
  Non-zero exit status: 2
  Parse errors: Bad plan.  You planned 7 tests but ran 0.
t/12-register_commands.t    (Wstat: 1792 Tests: 7 Failed: 7)
  Failed tests:  1-7
  Non-zero exit status: 7
t/13-register_commands2.t   (Wstat: 1280 Tests: 5 Failed: 5)
  Failed tests:  1-5
  Non-zero exit status: 5
t/14-register_commands3.t   (Wstat: 1792 Tests: 7 Failed: 7)
  Failed tests:  1-7
  Non-zero exit status: 7
t/15-register_commands4.t   (Wstat: 1792 Tests: 7 Failed: 7)
  Failed tests:  1-7
  Non-zero exit status: 7
t/16-register_commands5.t   (Wstat: 1792 Tests: 7 Failed: 7)
  Failed tests:  1-7
  Non-zero exit status: 7
t/17-register_commands6.t   (Wstat: 2048 Tests: 8 Failed: 8)
  Failed tests:  1-8
  Non-zero exit status: 8
t/18-help_by_attribute.t    (Wstat: 256 Tests: 1 Failed: 1)
  Failed test:  1
  Non-zero exit status: 1
t/19-plugins.t              (Wstat: 512 Tests: 0 Failed: 0)
  Non-zero exit status: 2
  Parse errors: Bad plan.  You planned 4 tests but ran 0.
t/20-plugins2.t             (Wstat: 512 Tests: 0 Failed: 0)
  Non-zero exit status: 2
  Parse errors: Bad plan.  You planned 4 tests but ran 0.
t/21-named_arguments.t      (Wstat: 512 Tests: 0 Failed: 0)
  Non-zero exit status: 2
  Parse errors: No plan found in TAP output
Files=29, Tests=132,  6 wallclock secs ( 0.05 usr +  0.19 sys =  0.24 CPU)
Result: FAIL
Failed 27/29 test programs. 92/132 subtests failed.
dmake.exe:  Error code 255, while making 'test_dynamic'

------------------------------
PREREQUISITES
------------------------------

Prerequisite modules loaded:

requires:

    Module              Need Have   
    ------------------- ---- -------
    Attribute::Handlers 0    0.94   
    B::Deparse          0    1.19   
    Carp                0    1.28   
    File::Temp          0    0.2301 
    FindBin             0    1.51   
    Getopt::Long        2.36 2.39   
    Test::More          0    0.98   

build_requires:

    Module              Need Have   
    ------------------- ---- -------
    ExtUtils::MakeMaker 0    6.65_01

configure_requires:

    Module              Need Have   
    ------------------- ---- -------
    ExtUtils::MakeMaker 0    6.65_01


------------------------------
ENVIRONMENT AND OTHER CONTEXT
------------------------------

Environment variables:

    AUTOMATED_TESTING = 1
    COMSPEC = C:\WINDOWS\system32\cmd.exe
    NUMBER_OF_PROCESSORS = 1
    PATH = C:\Program Files\Far Manager\;C:\WINDOWS\system32;C:\WINDOWS;C:\WINDOWS\System32\Wbem;C:\strawberry\c\bin;C:\strawberry\perl\site\bin;C:\strawberry\perl\bin;C:\Git\cmd
    PERL5LIB = 
    PERL5OPT = 
    PERL5_CPANPLUS_IS_RUNNING = 1072
    PERL5_CPAN_IS_RUNNING = 1072
    PERL5_CPAN_IS_RUNNING_IN_RECURSION = 908,1072
    PERL_CR_SMOKER_CURRENT = App-Rad-1.05_01
    PERL_EXTUTILS_AUTOINSTALL = --defaultdeps
    PERL_MM_USE_DEFAULT = 1
    PROCESSOR_IDENTIFIER = x86 Family 16 Model 5 Stepping 3, AuthenticAMD
    TEMP = C:\DOCUME~1\c\LOCALS~1\Temp
    TERM = dumb

Perl special variables (and OS-specific diagnostics, for MSWin32):

    $^X = C:\strawberry\perl\bin\perl.exe
    $UID/$EUID = 0 / 0
    $GID = 0
    $EGID = 0
    Win32::GetOSName = WinXP/.Net
    Win32::GetOSVersion = Service Pack 3, 5, 1, 2600, 2, 3, 0, 256, 1
    Win32::FsType = NTFS
    Win32::IsAdminUser = 1

Perl module toolchain versions installed:

    Module              Have    
    ------------------- --------
    CPAN                2.00    
    CPAN::Meta          2.130880
    Cwd                 3.40    
    ExtUtils::CBuilder  0.280209
    ExtUtils::Command   1.17    
    ExtUtils::Install   1.59    
    ExtUtils::MakeMaker 6.65_01 
    ExtUtils::Manifest  1.63    
    ExtUtils::ParseXS   3.18    
    File::Spec          3.40    
    JSON                2.53    
    JSON::PP            2.27202 
    Module::Build       0.4004  
    Module::Signature   n/a     
    Parse::CPAN::Meta   1.4404  
    Test::Harness       3.26    
    Test::More          0.98    
    YAML                0.84    
    YAML::Syck          1.25    
    version             0.9902  


--

Summary of my perl5 (revision 5 version 17 subversion 10) configuration:
   
  Platform:
    osname=MSWin32, osvers=4.0, archname=MSWin32-x86-multi-thread-64int
    uname='Win32 strawberry-perl 5.18.0.1-beta1 #1 Mon Apr  1 23:03:07 2013 i386'
    config_args='undef'
    hint=recommended, useposix=true, d_sigaction=undef
    useithreads=define, usemultiplicity=define
    useperlio=define, d_sfio=undef, uselargefiles=define, usesocks=undef
    use64bitint=define, use64bitall=undef, uselongdouble=undef
    usemymalloc=n, bincompat5005=undef
  Compiler:
    cc='gcc', ccflags =' -s -O2 -DWIN32  -DPERL_TEXTMODE_SCRIPTS -DPERL_IMPLICIT_CONTEXT -DPERL_IMPLICIT_SYS -fno-strict-aliasing -mms-bitfields',
    optimize='-s -O2',
    cppflags='-DWIN32'
    ccversion='', gccversion='4.6.3', gccosandvers=''
    intsize=4, longsize=4, ptrsize=4, doublesize=8, byteorder=12345678
    d_longlong=define, longlongsize=8, d_longdbl=define, longdblsize=12
    ivtype='long long', ivsize=8, nvtype='double', nvsize=8, Off_t='long long', lseeksize=8
    alignbytes=8, prototype=define
  Linker and Libraries:
    ld='g++', ldflags ='-s -L"C:\strawberry\perl\lib\CORE" -L"C:\strawberry\c\lib"'
    libpth=C:\strawberry\c\lib C:\strawberry\c\i686-w64-mingw32\lib
    libs=-lmoldname -lkernel32 -luser32 -lgdi32 -lwinspool -lcomdlg32 -ladvapi32 -lshell32 -lole32 -loleaut32 -lnetapi32 -luuid -lws2_32 -lmpr -lwinmm -lversion -lodbc32 -lodbccp32 -lcomctl32
    perllibs=-lmoldname -lkernel32 -luser32 -lgdi32 -lwinspool -lcomdlg32 -ladvapi32 -lshell32 -lole32 -loleaut32 -lnetapi32 -luuid -lws2_32 -lmpr -lwinmm -lversion -lodbc32 -lodbccp32 -lcomctl32
    libc=, so=dll, useshrplib=true, libperl=libperl517.a
    gnulibc_version=''
  Dynamic Linking:
    dlsrc=dl_win32.xs, dlext=dll, d_dlsymun=undef, ccdlflags=' '
    cccdlflags=' ', lddlflags='-mdll -s -L"C:\strawberry\perl\lib\CORE" -L"C:\strawberry\c\lib"'


Characteristics of this binary (from libperl): 
  Compile-time options: HAS_TIMES HAVE_INTERP_INTERN MULTIPLICITY
                        PERLIO_LAYERS PERL_DONT_CREATE_GVSV
                        PERL_IMPLICIT_CONTEXT PERL_IMPLICIT_SYS
                        PERL_MALLOC_WRAP PERL_PRESERVE_IVUV PERL_SAWAMPERSAND
                        USE_64_BIT_INT USE_ITHREADS USE_LARGE_FILES
                        USE_LOCALE USE_LOCALE_COLLATE USE_LOCALE_CTYPE
                        USE_LOCALE_NUMERIC USE_PERLIO USE_PERL_ATOF
  Built under MSWin32
  Compiled at Apr  1 2013 23:13:43
  %ENV:
    PERL5_CPANPLUS_IS_RUNNING="1072"
    PERL5_CPAN_IS_RUNNING="1072"
    PERL5_CPAN_IS_RUNNING_IN_RECURSION="908,1072"
    PERL_CR_SMOKER_CURRENT="App-Rad-1.05_01"
    PERL_EXTUTILS_AUTOINSTALL="--defaultdeps"
    PERL_MM_USE_DEFAULT="1"
  @INC:
    C:/strawberry/perl/site/lib
    C:/strawberry/perl/vendor/lib
    C:/strawberry/perl/lib
    .