Test-MockCommand v0.05 Perl 5 v5.16.2 x86_64-linux-thread-multi

Status
Fail
From
Nigel Horne
Dist
Test-MockCommand v0.05
Platform
Perl 5 v5.16.2 x86_64-linux-thread-multi
Date
2019-07-16 21:41:11
ID
6d97c0a8-a812-11e9-8fa9-99a29f1e7dde
This distribution has been tested as part of the CPAN Testers
project, supporting the Perl programming language.  See
http://wiki.cpantesters.org/ for more information or email
questions to cpan-testers-discuss@perl.org


--
Dear Stuart Caie,

This is a computer-generated report for Test-MockCommand-0.05
on perl 5.16.2, created by CPAN-Reporter-1.2018.

Thank you for uploading your work to CPAN.  However, there was a problem
testing your distribution.

If you think this report is invalid, please consult the CPAN Testers Wiki
for suggestions on how to avoid getting FAIL reports for missing library
or binary dependencies, unsupported operating systems, and so on:

http://wiki.cpantesters.org/wiki/CPANAuthorNotes

Sections of this report:

    * Tester comments
    * Program output
    * Prerequisites
    * Environment and other context

------------------------------
TESTER COMMENTS
------------------------------

Additional comments from tester:

this report is from an automated smoke testing program
and was not reviewed by a human for accuracy

------------------------------
PROGRAM OUTPUT
------------------------------

Output from '/usr/bin/make test':

PERL_DL_NONLAZY=1 "/home/njh/perl5/perlbrew/perls/perl-5.16.2-thread/bin/perl5.16.2" "-MExtUtils::Command::MM" "-MTest::Harness" "-e" "undef *Test::Harness::Switches; test_harness(0, 'blib/lib', 'blib/arch')" t/*.t
t/auto-save1.t ........ ok
t/add-recorder.t ...... ok
t/auto-save2.t ........ ok
t/auto-save3.t ........ ok
t/auto-save4.t ........ ok
t/import-playback1.t .. ok
t/find.t .............. ok
t/import-playback2.t .. ok
t/import-record.t ..... ok
t/load-save.t ......... ok
t/open-handler.t ...... ok
t/open-normal.t ....... ok
cat: testfile.dat: No such file or directory
t/playback-nomock.t ... ok

#   Failed test '$/ = \1; open vs readpipe:cat'
#   at t/playback-lines.t line 46.
# 
#     Structures begin differing at:
#          $got->[0] = 'H'
#     $expected->[0] = Does not exist
# 

#   Failed test '$/ = \1; open vs open:cat'
#   at t/playback-lines.t line 47.
# 
#     Structures begin differing at:
#          $got->[0] = 'H'
#     $expected->[0] = Does not exist
# 
opening file: No such file or directory at t/playback-lines.t line 36.
# Looks like your test exited with 2 just after 17.
# 
t/playback-lines.t .... 
Dubious, test returned 2 (wstat 512, 0x200)
Failed 21/36 subtests 
t/pod-coverage.t ...... skipped: only run for author tests
t/playback.t .......... ok
t/pod.t ............... skipped: only run for author tests
t/recording-exec1.t ... ok
t/recording-exec2.t ... ok
t/recording-v595.t .... ok
t/recording.t ......... ok
t/scalar-readline.t ... ok
t/status-funcs.t ...... ok

Test Summary Report
-------------------
t/playback-lines.t  (Wstat: 512 Tests: 17 Failed: 2)
  Failed tests:  16-17
  Non-zero exit status: 2
  Parse errors: Bad plan.  You planned 36 tests but ran 17.
Files=23, Tests=230,  2 wallclock secs ( 0.11 usr  0.04 sys +  2.06 cusr  0.43 csys =  2.64 CPU)
Result: FAIL
Failed 1/23 test programs. 2/230 subtests failed.
make: *** [Makefile:865: test_dynamic] Error 255

------------------------------
PREREQUISITES
------------------------------

Prerequisite modules loaded:

requires:

    Module              Need Have    
    ------------------- ---- --------
    Carp                0    1.26    
    Data::Dumper        0    2.135_06
    Errno               0    1.15    
    POSIX               0    1.30    
    Symbol              0    1.07    
    Tie::Handle         0    4.2     

build_requires:

    Module              Need Have    
    ------------------- ---- --------
    ExtUtils::MakeMaker 0    7.34    

configure_requires:

    Module              Need Have    
    ------------------- ---- --------
    ExtUtils::MakeMaker 0    7.34    


------------------------------
ENVIRONMENT AND OTHER CONTEXT
------------------------------

Environment variables:

    AUTOMATED_TESTING = 1
    HARNESS_OPTIONS = j2
    LANG = en_US.UTF-8
    PATH = /home/njh/perl5/perlbrew/bin:/home/njh/perl5/perlbrew/perls/perl-5.16.2-thread/bin:/home/njh/src/njh/smoker/bin:/usr/bin:/bin
    PERL5LIB = 
    PERL5OPT = 
    PERL5_CPANPLUS_IS_RUNNING = 29011
    PERL5_CPAN_IS_RUNNING = 29011
    PERL5_CPAN_IS_RUNNING_IN_RECURSION = 28994,29011
    PERLBREW_HOME = /home/njh/.perlbrew
    PERLBREW_MANPATH = /home/njh/perl5/perlbrew/perls/perl-5.16.2-thread/man
    PERLBREW_PATH = /home/njh/perl5/perlbrew/bin:/home/njh/perl5/perlbrew/perls/perl-5.16.2-thread/bin
    PERLBREW_PERL = perl-5.16.2-thread
    PERLBREW_ROOT = /home/njh/perl5/perlbrew
    PERLBREW_SHELLRC_VERSION = 0.86
    PERLBREW_VERSION = 0.86
    PERL_USE_UNSAFE_INC = 1
    SHELL = /bin/sh
    TEMP = /tmp/user/1000
    TMPDIR = /tmp/user/1000/testwrapper.28997

Perl special variables (and OS-specific diagnostics, for MSWin32):

    $^X = /home/njh/perl5/perlbrew/perls/perl-5.16.2-thread/bin/perl5.16.2
    $UID/$EUID = 1000 / 1000
    $GID = 1000 4 24 25 29 30 44 46 103 108 115 123 996 1000
    $EGID = 1000 4 24 25 29 30 44 46 103 108 115 123 996 1000

Perl module toolchain versions installed:

    Module              Have    
    ------------------- --------
    CPAN                2.25    
    CPAN::Meta          2.143240
    Cwd                 3.39_02 
    ExtUtils::CBuilder  0.280206
    ExtUtils::Command   7.34    
    ExtUtils::Install   2.06    
    ExtUtils::MakeMaker 7.34    
    ExtUtils::Manifest  1.70    
    ExtUtils::ParseXS   3.16    
    File::Spec          3.39_02 
    JSON                4.02    
    JSON::PP            2.27203 
    Module::Build       0.39_01 
    Module::Signature   n/a     
    Parse::CPAN::Meta   1.4414  
    Test::Harness       3.42    
    Test::More          1.302140
    YAML                1.29    
    YAML::Syck          1.31    
    version             0.99    


--

Summary of my perl5 (revision 5 version 16 subversion 2) configuration:
   
  Platform:
    osname=linux, osvers=4.16.0-2-amd64, archname=x86_64-linux-thread-multi
    uname='linux amelia 4.16.0-2-amd64 #1 smp debian 4.16.16-2 (2018-06-22) x86_64 gnulinux '
    config_args='-de -Dprefix=/home/njh/perl5/perlbrew/perls/perl-5.16.2-thread -Dusedevel -Dusethreads -Accflags= -Aeval:scriptdir=/home/njh/perl5/perlbrew/perls/perl-5.16.2-thread/bin'
    hint=recommended, useposix=true, d_sigaction=define
    useithreads=define, usemultiplicity=define
    useperlio=define, d_sfio=undef, uselargefiles=define, usesocks=undef
    use64bitint=define, use64bitall=define, uselongdouble=undef
    usemymalloc=n, bincompat5005=undef
  Compiler:
    cc='cc', ccflags ='-D_REENTRANT -D_GNU_SOURCE -fno-strict-aliasing -pipe -fstack-protector -I/usr/local/include -D_LARGEFILE_SOURCE -D_FILE_OFFSET_BITS=64',
    optimize='-O2',
    cppflags='-D_REENTRANT -D_GNU_SOURCE -fno-strict-aliasing -pipe -fstack-protector -I/usr/local/include'
    ccversion='', gccversion='8.2.0', gccosandvers=''
    intsize=4, longsize=8, ptrsize=8, doublesize=8, byteorder=12345678
    d_longlong=define, longlongsize=8, d_longdbl=define, longdblsize=16
    ivtype='long', ivsize=8, nvtype='double', nvsize=8, Off_t='off_t', lseeksize=8
    alignbytes=8, prototype=define
  Linker and Libraries:
    ld='cc', ldflags =' -fstack-protector -L/usr/local/lib'
    libpth=/usr/local/lib /lib/x86_64-linux-gnu /lib/../lib /usr/lib/x86_64-linux-gnu /usr/lib/../lib /lib /usr/lib /lib64 /usr/lib64
    libs=-lnsl -lgdbm -ldb -ldl -lm -lcrypt -lutil -lpthread -lc
    perllibs=-lnsl -ldl -lm -lcrypt -lutil -lpthread -lc
    libc=libc-2.27.so, so=so, useshrplib=false, libperl=libperl.a
    gnulibc_version='2.27'
  Dynamic Linking:
    dlsrc=dl_dlopen.xs, dlext=so, d_dlsymun=undef, ccdlflags='-Wl,-E'
    cccdlflags='-fPIC', lddlflags='-shared -O2 -L/usr/local/lib -fstack-protector'


Characteristics of this binary (from libperl): 
  Compile-time options: HAS_TIMES MULTIPLICITY PERLIO_LAYERS
                        PERL_DONT_CREATE_GVSV PERL_IMPLICIT_CONTEXT
                        PERL_MALLOC_WRAP PERL_PRESERVE_IVUV PERL_USE_DEVEL
                        USE_64_BIT_ALL USE_64_BIT_INT USE_ITHREADS
                        USE_LARGE_FILES USE_LOCALE USE_LOCALE_COLLATE
                        USE_LOCALE_CTYPE USE_LOCALE_NUMERIC USE_PERLIO
                        USE_PERL_ATOF USE_REENTRANT_API
  Locally applied patches:
	Devel::PatchPerl 1.48
  Built under linux
  Compiled at Oct  9 2018 01:57:20
  %ENV:
    PERL5LIB=""
    PERL5OPT=""
    PERL5_CPANPLUS_IS_RUNNING="29011"
    PERL5_CPAN_IS_RUNNING="29011"
    PERL5_CPAN_IS_RUNNING_IN_RECURSION="28994,29011"
    PERLBREW_HOME="/home/njh/.perlbrew"
    PERLBREW_MANPATH="/home/njh/perl5/perlbrew/perls/perl-5.16.2-thread/man"
    PERLBREW_PATH="/home/njh/perl5/perlbrew/bin:/home/njh/perl5/perlbrew/perls/perl-5.16.2-thread/bin"
    PERLBREW_PERL="perl-5.16.2-thread"
    PERLBREW_ROOT="/home/njh/perl5/perlbrew"
    PERLBREW_SHELLRC_VERSION="0.86"
    PERLBREW_VERSION="0.86"
    PERL_USE_UNSAFE_INC="1"
  @INC:
    /home/njh/perl5/perlbrew/perls/perl-5.16.2-thread/lib/site_perl/5.16.2/x86_64-linux-thread-multi
    /home/njh/perl5/perlbrew/perls/perl-5.16.2-thread/lib/site_perl/5.16.2
    /home/njh/perl5/perlbrew/perls/perl-5.16.2-thread/lib/5.16.2/x86_64-linux-thread-multi
    /home/njh/perl5/perlbrew/perls/perl-5.16.2-thread/lib/5.16.2
    .