Weather-NHC-TropicalCyclone v0.31 Perl 5 v5.12.5 i86pc-solaris-64
- Status
- Fail
- From
- Chris Williams (BINGOS)
- Dist
-
Weather-NHC-TropicalCyclone v0.31
- Platform
- Perl 5 v5.12.5 i86pc-solaris-64
- Date
- 2021-09-07 00:06:20
- ID
- 6e0e8c8a-0f6f-11ec-bc66-57723b537541
This distribution has been tested as part of the CPAN Testers
project, supporting the Perl programming language. See
http://wiki.cpantesters.org/ for more information or email
questions to cpan-testers-discuss@perl.org
--
Dear DANX,
This is a computer-generated error report created automatically by
CPANPLUS, version 0.9910. Testers personal comments may appear
at the end of this report.
Thank you for uploading your work to CPAN. However, it appears that
there were some problems testing your distribution.
TEST RESULTS:
Below is the error stack from stage 'make test':
PERL_DL_NONLAZY=1 "/home/cpan/pit/bare/perl-5.12.5/bin/perl" "-MExtUtils::Command::MM" "-MTest::Harness" "-e" "undef *Test::Harness::Switches; test_harness(0, 'blib/lib', 'blib/arch')" t/*.t t/unit/lib-Weather-NHC-TropicalCyclone-ForecastAdvisory/*.t t/unit/lib-Weather-NHC-TropicalCyclone-Storm/*.t t/unit/lib-Weather-NHC-TropicalCyclone-StormHistory/*.t t/unit/lib-Weather-NHC-TropicalCyclone/*.t
t/release-kwalitee.t ................................................ skipped: these tests are for release candidate testing
t/unit/lib-Weather-NHC-TropicalCyclone-ForecastAdvisory/01-basic.t .. ok
t/unit/lib-Weather-NHC-TropicalCyclone-Storm/01-basic.t ............. ok
t/unit/lib-Weather-NHC-TropicalCyclone-StormHistory/01-basic.t ...... ok
# Failed test 'testing 'fetch' method timeout'
# at t/unit/lib-Weather-NHC-TropicalCyclone/01-basic.t line 119.
#
# Looks like you failed 1 test of 41.
t/unit/lib-Weather-NHC-TropicalCyclone/01-basic.t ...................
Dubious, test returned 1 (wstat 256, 0x100)
Failed 1/41 subtests
Test Summary Report
-------------------
t/unit/lib-Weather-NHC-TropicalCyclone/01-basic.t (Wstat: 256 Tests: 41 Failed: 1)
Failed test: 41
Non-zero exit status: 1
Files=5, Tests=16296, 10 wallclock secs ( 2.26 usr 0.17 sys + 5.74 cusr 0.34 csys = 8.51 CPU)
Result: FAIL
Failed 1/5 test programs. 1/16296 subtests failed.
*** Error code 1
make: Fatal error: Command failed for target `test_dynamic'
PREREQUISITES:
Here is a list of prerequisites you specified and versions we
managed to load:
Module Name Have Want
Date::Calc 6.4 0
ExtUtils::MakeMaker 7.62 0
File::Temp 0.2311 0
HTML::TreeBuilder 5.07 0
HTTP::Status 6.33 0
HTTP::Tiny 0.078 0
IO::Socket::SSL 2.072 0
JSON::XS 4.03 0
Net::Ping 2.36 0
Object::Tiny 1.09 0
Test::Exception 0.43 0
Test::More 1.302185 0
Util::H2O 0.14 0
Validate::Tiny 1.6 0
Perl module toolchain versions installed:
Module Name Have
CPANPLUS 0.9910
CPANPLUS::Dist::Build 0.90
Cwd 3.75
ExtUtils::CBuilder 0.280236
ExtUtils::Command 7.62
ExtUtils::Install 2.20
ExtUtils::MakeMaker 7.62
ExtUtils::Manifest 1.73
ExtUtils::ParseXS 3.35
File::Spec 3.75
Module::Build 0.4231
Pod::Parser 1.37
Pod::Simple 3.14
Test2 1.302185
Test::Harness 3.42
Test::More 1.302185
version 0.9929
******************************** NOTE ********************************
The comments above are created mechanically, possibly without manual
checking by the sender. As there are many people performing automatic
tests on each upload to CPAN, it is likely that you will receive
identical messages about the same problem.
If you believe that the message is mistaken, please reply to the first
one with correction and/or additional informations, and do not take
it personally. We appreciate your patience. :)
**********************************************************************
Additional comments:
This report was machine-generated by CPANPLUS::Dist::YACSmoke 1.08.
Powered by minismokebox version 0.68
CPANPLUS is prefering Build.PL
------------------------------
ENVIRONMENT AND OTHER CONTEXT
------------------------------
Environment variables:
AUTOMATED_TESTING = 1
LANG = en_GB.UTF-8
NONINTERACTIVE_TESTING = 1
PATH = /usr/bin:/usr/sbin:/sbin:/opt/ooce/bin:/usr/gnu/bin
PERL5LIB = /home/cpan/pit/jail/YnUilPRshS/lib/perl5:/home/cpan/pit/bare/conf/perl-5.12.5/.cpanplus/5.12.5/build/Vw8E2MYxjR/Weather-NHC-TropicalCyclone-0.31/blib/lib:/home/cpan/pit/bare/conf/perl-5.12.5/.cpanplus/5.12.5/build/Vw8E2MYxjR/Weather-NHC-TropicalCyclone-0.31/blib/arch
PERL5_CPANPLUS_IS_RUNNING = 12214
PERL5_CPANPLUS_IS_VERSION = 0.9910
PERL5_MINISMOKEBOX = 0.68
PERL5_YACSMOKE_BASE = /home/cpan/pit/bare/conf/perl-5.12.5
PERL_EXTUTILS_AUTOINSTALL = --defaultdeps
PERL_LOCAL_LIB_ROOT = /home/cpan/pit/jail/YnUilPRshS
PERL_MB_OPT = --install_base "/home/cpan/pit/jail/YnUilPRshS"
PERL_MM_OPT = INSTALL_BASE=/home/cpan/pit/jail/YnUilPRshS
PERL_MM_USE_DEFAULT = 1
SHELL = /bin/bash
TERM = screen.xterm-256color
Perl special variables (and OS-specific diagnostics, for MSWin32):
Perl: $^X = /home/cpan/pit/bare/perl-5.12.5/bin/perl
UID: $< = 101
EUID: $> = 101
GID: $( = 101 101
EGID: $) = 101 101
-------------------------------
--
Summary of my perl5 (revision 5 version 12 subversion 5) configuration:
Platform:
osname=solaris, osvers=2.11, archname=i86pc-solaris-64
uname='sunos ouzel 5.11 omnios-r151034-0d278a0cc5 i86pc i386 i86pc '
config_args='-des -Dprefix=/home/cpan/pit/bare/perl-5.12.5 -Duse64bitall -Dcc=gcc'
hint=recommended, useposix=true, d_sigaction=define
useithreads=undef, usemultiplicity=undef
useperlio=define, d_sfio=undef, uselargefiles=define, usesocks=undef
use64bitint=define, use64bitall=define, uselongdouble=undef
usemymalloc=n, bincompat5005=undef
Compiler:
cc='gcc', ccflags ='-m64 -fwrapv -fno-strict-aliasing -pipe -fstack-protector -D_LARGEFILE_SOURCE -D_FILE_OFFSET_BITS=64 -DPERL_USE_SAFE_PUTENV',
optimize='-O',
cppflags='-m64 -fwrapv -fno-strict-aliasing -pipe -fstack-protector'
ccversion='', gccversion='9.3.0', gccosandvers=''
intsize=4, longsize=8, ptrsize=8, doublesize=8, byteorder=12345678
d_longlong=define, longlongsize=8, d_longdbl=define, longdblsize=16
ivtype='long', ivsize=8, nvtype='double', nvsize=8, Off_t='off_t', lseeksize=8
alignbytes=8, prototype=define
Linker and Libraries:
ld='gcc', ldflags =' -m64 -fstack-protector -L/usr/gnu/lib '
libpth=/usr/gnu/lib /usr/lib /usr/ccs/lib
libs=-lsocket -lnsl -ldl -lm -lc
perllibs=-lsocket -lnsl -ldl -lm -lc
libc=/lib/libc.so, so=so, useshrplib=true, libperl=libperl.so
gnulibc_version=''
Dynamic Linking:
dlsrc=dl_dlopen.xs, dlext=so, d_dlsymun=undef, ccdlflags=' -R /home/cpan/pit/bare/perl-5.12.5/lib/5.12.5/i86pc-solaris-64/CORE'
cccdlflags='-fPIC', lddlflags=' -shared -m64 -L/usr/gnu/lib -fstack-protector'
Characteristics of this binary (from libperl):
Compile-time options: PERL_DONT_CREATE_GVSV PERL_MALLOC_WRAP
PERL_USE_SAFE_PUTENV USE_64_BIT_ALL USE_64_BIT_INT
USE_LARGE_FILES USE_PERLIO USE_PERL_ATOF
Locally applied patches:
Devel::PatchPerl 2.00
Built under solaris
Compiled at Aug 19 2020 04:05:29
%ENV:
PERL5LIB="/home/cpan/pit/jail/YnUilPRshS/lib/perl5:/home/cpan/pit/bare/conf/perl-5.12.5/.cpanplus/5.12.5/build/Vw8E2MYxjR/Weather-NHC-TropicalCyclone-0.31/blib/lib:/home/cpan/pit/bare/conf/perl-5.12.5/.cpanplus/5.12.5/build/Vw8E2MYxjR/Weather-NHC-TropicalCyclone-0.31/blib/arch"
PERL5_CPANPLUS_IS_RUNNING="12214"
PERL5_CPANPLUS_IS_VERSION="0.9910"
PERL5_MINISMOKEBOX="0.68"
PERL5_YACSMOKE_BASE="/home/cpan/pit/bare/conf/perl-5.12.5"
PERL_EXTUTILS_AUTOINSTALL="--defaultdeps"
PERL_LOCAL_LIB_ROOT="/home/cpan/pit/jail/YnUilPRshS"
PERL_MB_OPT="--install_base "/home/cpan/pit/jail/YnUilPRshS""
PERL_MM_OPT="INSTALL_BASE=/home/cpan/pit/jail/YnUilPRshS"
PERL_MM_USE_DEFAULT="1"
@INC:
/home/cpan/pit/jail/YnUilPRshS/lib/perl5/5.12.5/i86pc-solaris-64
/home/cpan/pit/jail/YnUilPRshS/lib/perl5/5.12.5
/home/cpan/pit/jail/YnUilPRshS/lib/perl5/i86pc-solaris-64
/home/cpan/pit/jail/YnUilPRshS/lib/perl5
/home/cpan/pit/bare/conf/perl-5.12.5/.cpanplus/5.12.5/build/Vw8E2MYxjR/Weather-NHC-TropicalCyclone-0.31/blib/lib
/home/cpan/pit/bare/conf/perl-5.12.5/.cpanplus/5.12.5/build/Vw8E2MYxjR/Weather-NHC-TropicalCyclone-0.31/blib/arch
/home/cpan/pit/bare/perl-5.12.5/lib/site_perl/5.12.5/i86pc-solaris-64
/home/cpan/pit/bare/perl-5.12.5/lib/site_perl/5.12.5
/home/cpan/pit/bare/perl-5.12.5/lib/5.12.5/i86pc-solaris-64
/home/cpan/pit/bare/perl-5.12.5/lib/5.12.5
.