Back
From: metabase:user:6b7c0268-6bfa-1014-b492-d6f6123e60b2
Subject: FAIL POE-Component-SSLify-1.008 v5.18.2
Date: 2014-01-21T23:16:03Z
This distribution has been tested as part of the CPAN Testers
project, supporting the Perl programming language. See
http://wiki.cpantesters.org/ for more information or email
questions to cpan-testers-discuss@perl.org
--
Dear Apocalypse,
This is a computer-generated report for POE-Component-SSLify-1.008
on perl 5.18.2, created by CPAN-Reporter-1.2010.
Thank you for uploading your work to CPAN. However, there was a problem
testing your distribution.
If you think this report is invalid, please consult the CPAN Testers Wiki
for suggestions on how to avoid getting FAIL reports for missing library
or binary dependencies, unsupported operating systems, and so on:
http://wiki.cpantesters.org/wiki/CPANAuthorNotes
Sections of this report:
* Tester comments
* Program output
* Prerequisites
* Environment and other context
------------------------------
TESTER COMMENTS
------------------------------
Additional comments from tester:
this report is from an automated smoke testing program
and was not reviewed by a human for accuracy
------------------------------
PROGRAM OUTPUT
------------------------------
Output from 'C:\smoker\51821x64\perl\bin\perl.exe ./Build test':
t/00-compile.t ................ ok
#
#
# Generated by Dist::Zilla::Plugin::ReportVersions::Tiny v1.03
# perl: v5.18.2 (wanted 5.006) on MSWin32 from C:\smoker\51821x64\perl\bin\perl.exe
#
# Exporter => 5.68 (want any version)
# File::Find => 1.23 (want any version)
# File::Temp => 0.2304 (want any version)
# IO::Handle => 1.34 (want 1.28)
# Module::Build => 0.4204 (want 0.3601)
# Net::SSLeay => 1.58 (want 1.36)
# POE => 1.358 (want 1.267)
# POE::Component::Client::TCP => 1.358 (want any version)
# POE::Component::Server::TCP => 1.358 (want any version)
# Scalar::Util => 1.37 (want any version)
# Socket => 2.013 (want any version)
# Symbol => 1.07 (want any version)
# Task::Weaken => 1.04 (want 1.03)
# Test::More => 1.001002 (want 0.88)
# parent => 0.228 (want any version)
#
# Thanks for using my code. I hope it works for you.
# If not, please try and include this output in the bug report.
# That will help me reproduce the issue and solve your problem.
#
t/000-report-versions-tiny.t .. ok
# Failed test 'no warnings'
# at C:/smoker/51821x64/perl/lib/Test/NoWarnings.pm line 45.
# There were 2 warning(s)
# Previous test 3 'SERVER: SSLify_GetCipher: (NONE)'
# Use of uninitialized value in numeric eq (==) at t/1_simple.t line 69.
# at t/1_simple.t line 69.
# main::__ANON__(undef, POE::Session=ARRAY(0x2d3d828), POE::Kernel=ARRAY(0x27be728), HASH(0x2d3b740), "_start", POE::Session=ARRAY(0x2d37bb8), undef, "C:/smoker/51821x64/perl/site/lib/POE/Kernel.pm", 1479, ...) called at C:/smoker/51821x64/perl/site/lib/POE/Component/Server/TCP.pm line 302
# POE::Component::Server::TCP::__ANON__(undef, POE::Session=ARRAY(0x2d3d828), POE::Kernel=ARRAY(0x27be728), HASH(0x2d3b740), "_start", POE::Session=ARRAY(0x2d37bb8), undef, "C:/smoker/51821x64/perl/site/lib/POE/Kernel.pm", 1479, ...) called at C:/smoker/51821x64/perl/site/lib/POE/Session.pm line 464
# POE::Session::_invoke_state(POE::Session=ARRAY(0x2d3d828), POE::Session=ARRAY(0x2d37bb8), "_start", ARRAY(0x27ce348), "C:/smoker/51821x64/perl/site/lib/POE/Kernel.pm", 1479, undef) called at C:/smoker/51821x64/perl/site/lib/POE/Kernel.pm line 1067
# eval {...} called at C:/smoker/51821x64/perl/site/lib/POE/Kernel.pm line 1066
# POE::Kernel::_dispatch_event(POE::Kernel=ARRAY(0x27be728), POE::Session=ARRAY(0x2d3d828), POE::Session=ARRAY(0x2d3d828), "_start", 4, ARRAY(0x27ce348), "C:/smoker/51821x64/perl/site/lib/POE/Kernel.pm", 1479, undef, ...) called at C:/smoker/51821x64/perl/site/lib/POE/Kernel.pm line 1476
# POE::Kernel::session_alloc(POE::Kernel=ARRAY(0x27be728), POE::Session=ARRAY(0x2d3d828), GLOB(0x2d39e60), ARRAY(0x1c44050)) called at C:/smoker/51821x64/perl/site/lib/POE/Session.pm line 192
# POE::Session::try_alloc(POE::Session=ARRAY(0x2d3d828), GLOB(0x2d39e60), ARRAY(0x1c44050)) called at C:/smoker/51821x64/perl/site/lib/POE/Session.pm line 373
# POE::Session::create("POE::Session", "inline_states", HASH(0x2d3b488), "package_states", ARRAY(0x1c440f8), "object_states", ARRAY(0x1c44110), "args", ARRAY(0x2d3b590), ...) called at C:/smoker/51821x64/perl/site/lib/POE/Component/Server/TCP.pm line 411
# POE::Component::Server::TCP::__ANON__(undef, POE::Session=ARRAY(0x2d37bb8), POE::Kernel=ARRAY(0x27be728), HASH(0x2d37b28), "tcp_server_got_connection", POE::Session=ARRAY(0x2d37bb8), undef, "C:/smoker/51821x64/perl/site/lib/POE/Wheel/SocketFactory.pm", 198, ...) called at C:/smoker/51821x64/perl/site/lib/POE/Component/Server/TCP.pm line 448
# POE::Component::Server::TCP::__ANON__(undef, POE::Session=ARRAY(0x2d37bb8), POE::Kernel=ARRAY(0x27be728), HASH(0x2d37b28), "tcp_server_got_connection", POE::Session=ARRAY(0x2d37bb8), undef, "C:/smoker/51821x64/perl/site/lib/POE/Wheel/SocketFactory.pm", 198, ...) called at C:/smoker/51821x64/perl/site/lib/POE/Session.pm line 464
# POE::Session::_invoke_state(POE::Session=ARRAY(0x2d37bb8), POE::Session=ARRAY(0x2d37bb8), "tcp_server_got_connection", ARRAY(0x27c5bb8), "C:/smoker/51821x64/perl/site/lib/POE/Wheel/SocketFactory.pm", 198, "_start") called at C:/smoker/51821x64/perl/site/lib/POE/Kernel.pm line 1777
# POE::Kernel::call(POE::Kernel=ARRAY(0x27be728), POE::Session=ARRAY(0x2d37bb8), "tcp_server_got_connection", GLOB(0x2d39e60), "\x{7f}\x{0}\x{0}\x{1}", 55554, 1) called at C:/smoker/51821x64/perl/site/lib/POE/Wheel/SocketFactory.pm line 198
# POE::Wheel::SocketFactory::__ANON__(undef, POE::Session=ARRAY(0x2d37bb8), POE::Kernel=ARRAY(0x27be728), HASH(0x2d37b28), "POE::Wheel::SocketFactory(1) -> select accept", POE::Session=ARRAY(0x2d37bb8), undef, "C:/smoker/51821x64/perl/site/lib/POE/Resource/FileHandles.pm", 240, ...) called at C:/smoker/51821x64/perl/site/lib/POE/Session.pm line 464
# POE::Session::_invoke_state(POE::Session=ARRAY(0x2d37bb8), POE::Session=ARRAY(0x2d37bb8), "POE::Wheel::SocketFactory(1) -> select accept", ARRAY(0x2d39e00), "C:/smoker/51821x64/perl/site/lib/POE/Resource/FileHandles.pm", 240, undef) called at C:/smoker/51821x64/perl/site/lib/POE/Kernel.pm line 1080
# eval {...} called at C:/smoker/51821x64/perl/site/lib/POE/Kernel.pm line 1066
# POE::Kernel::_dispatch_event(POE::Kernel=ARRAY(0x27be728), POE::Session=ARRAY(0x2d37bb8), POE::Session=ARRAY(0x2d37bb8), "POE::Wheel::SocketFactory(1) -> select accept", 1024, ARRAY(0x2d39e00), "C:/smoker/51821x64/perl/site/lib/POE/Resource/FileHandles.pm", 240, undef, ...) called at C:/smoker/51821x64/perl/site/lib/POE/Resource/FileHandles.pm line 238
# POE::Kernel::_data_handle_enqueue_ready(undef, undef, 3) called at C:/smoker/51821x64/perl/site/lib/POE/Loop/Select.pm line 288
# POE::Kernel::loop_do_timeslice(POE::Kernel=ARRAY(0x27be728)) called at C:/smoker/51821x64/perl/site/lib/POE/Loop/Select.pm line 317
# POE::Kernel::loop_run(POE::Kernel=ARRAY(0x27be728)) called at C:/smoker/51821x64/perl/site/lib/POE/Kernel.pm line 1273
# POE::Kernel::run(POE::Kernel=ARRAY(0x27be728)) called at t/1_simple.t line 165
#
# ----------
# Previous test 8 'CLIENT: SSLify_GetCipher: (NONE)'
# Use of uninitialized value in numeric eq (==) at t/1_simple.t line 127.
# at t/1_simple.t line 127.
# main::__ANON__(undef, POE::Session=ARRAY(0x2d39908), POE::Kernel=ARRAY(0x27be728), HASH(0x2d39878), "got_connect_success", POE::Session=ARRAY(0x2d39908), undef, "C:/smoker/51821x64/perl/site/lib/POE/Wheel/SocketFactory.pm", 326, ...) called at C:/smoker/51821x64/perl/site/lib/POE/Component/Client/TCP.pm line 198
# POE::Component::Client::TCP::__ANON__(undef, POE::Session=ARRAY(0x2d39908), POE::Kernel=ARRAY(0x27be728), HASH(0x2d39878), "got_connect_success", POE::Session=ARRAY(0x2d39908), undef, "C:/smoker/51821x64/perl/site/lib/POE/Wheel/SocketFactory.pm", 326, ...) called at C:/smoker/51821x64/perl/site/lib/POE/Session.pm line 464
# POE::Session::_invoke_state(POE::Session=ARRAY(0x2d39908), POE::Session=ARRAY(0x2d39908), "got_connect_success", ARRAY(0x2d39ea8), "C:/smoker/51821x64/perl/site/lib/POE/Wheel/SocketFactory.pm", 326, "POE::Wheel::SocketFactory(2) -> select connect") called at C:/smoker/51821x64/perl/site/lib/POE/Kernel.pm line 1777
# POE::Kernel::call(POE::Kernel=ARRAY(0x27be728), POE::Session=ARRAY(0x2d39908), "got_connect_success", GLOB(0x2d37f60), "\x{7f}\x{0}\x{0}\x{1}", 55553, 2) called at C:/smoker/51821x64/perl/site/lib/POE/Wheel/SocketFactory.pm line 326
# POE::Wheel::SocketFactory::__ANON__(undef, POE::Session=ARRAY(0x2d39908), POE::Kernel=ARRAY(0x27be728), HASH(0x2d39878), "POE::Wheel::SocketFactory(2) -> select connect", POE::Session=ARRAY(0x2d39908), undef, "C:/smoker/51821x64/perl/site/lib/POE/Resource/FileHandles.pm", 240, ...) called at C:/smoker/51821x64/perl/site/lib/POE/Session.pm line 464
# POE::Session::_invoke_state(POE::Session=ARRAY(0x2d39908), POE::Session=ARRAY(0x2d39908), "POE::Wheel::SocketFactory(2) -> select connect", ARRAY(0x2d3dae0), "C:/smoker/51821x64/perl/site/lib/POE/Resource/FileHandles.pm", 240, undef) called at C:/smoker/51821x64/perl/site/lib/POE/Kernel.pm line 1080
# eval {...} called at C:/smoker/51821x64/perl/site/lib/POE/Kernel.pm line 1066
# POE::Kernel::_dispatch_event(POE::Kernel=ARRAY(0x27be728), POE::Session=ARRAY(0x2d39908), POE::Session=ARRAY(0x2d39908), "POE::Wheel::SocketFactory(2) -> select connect", 1024, ARRAY(0x2d3dae0), "C:/smoker/51821x64/perl/site/lib/POE/Resource/FileHandles.pm", 240, undef, ...) called at C:/smoker/51821x64/perl/site/lib/POE/Resource/FileHandles.pm line 238
# POE::Kernel::_data_handle_enqueue_ready(undef, undef, 4) called at C:/smoker/51821x64/perl/site/lib/POE/Loop/Select.pm line 289
# POE::Kernel::loop_do_timeslice(POE::Kernel=ARRAY(0x27be728)) called at C:/smoker/51821x64/perl/site/lib/POE/Loop/Select.pm line 317
# POE::Kernel::loop_run(POE::Kernel=ARRAY(0x27be728)) called at C:/smoker/51821x64/perl/site/lib/POE/Kernel.pm line 1273
# POE::Kernel::run(POE::Kernel=ARRAY(0x27be728)) called at t/1_simple.t line 165
#
# Looks like you planned 17 tests but ran 13.
# Looks like you failed 1 test of 13 run.
t/1_simple.t ..................
Dubious, test returned 1 (wstat 256, 0x100)
Failed 5/17 subtests
# WARNING: Your platform/SSL library does not support renegotiation of the SSL socket.
# This test harness detected that trying to renegotiate resulted in a disconnected socket.
# POE::Component::SSLify will work on your system, but please do not attempt a SSL renegotiate.
# Please talk with the author to figure out if this issue can be worked around, thank you!
# Failed test 'no warnings'
# at C:/smoker/51821x64/perl/lib/Test/NoWarnings.pm line 45.
# There were 2 warning(s)
# Previous test 3 'SERVER: SSLify_GetCipher: (NONE)'
# Use of uninitialized value in numeric eq (==) at t/2_renegotiate_client.t line 78.
# at t/2_renegotiate_client.t line 78.
# main::__ANON__(undef, POE::Session=ARRAY(0x2d56500), POE::Kernel=ARRAY(0x27fb678), HASH(0x2d56470), "_start", POE::Session=ARRAY(0x2d6b7d0), undef, "C:/smoker/51821x64/perl/site/lib/POE/Kernel.pm", 1479, ...) called at C:/smoker/51821x64/perl/site/lib/POE/Component/Server/TCP.pm line 302
# POE::Component::Server::TCP::__ANON__(undef, POE::Session=ARRAY(0x2d56500), POE::Kernel=ARRAY(0x27fb678), HASH(0x2d56470), "_start", POE::Session=ARRAY(0x2d6b7d0), undef, "C:/smoker/51821x64/perl/site/lib/POE/Kernel.pm", 1479, ...) called at C:/smoker/51821x64/perl/site/lib/POE/Session.pm line 464
# POE::Session::_invoke_state(POE::Session=ARRAY(0x2d56500), POE::Session=ARRAY(0x2d6b7d0), "_start", ARRAY(0x27e9078), "C:/smoker/51821x64/perl/site/lib/POE/Kernel.pm", 1479, undef) called at C:/smoker/51821x64/perl/site/lib/POE/Kernel.pm line 1067
# eval {...} called at C:/smoker/51821x64/perl/site/lib/POE/Kernel.pm line 1066
# POE::Kernel::_dispatch_event(POE::Kernel=ARRAY(0x27fb678), POE::Session=ARRAY(0x2d56500), POE::Session=ARRAY(0x2d56500), "_start", 4, ARRAY(0x27e9078), "C:/smoker/51821x64/perl/site/lib/POE/Kernel.pm", 1479, undef, ...) called at C:/smoker/51821x64/perl/site/lib/POE/Kernel.pm line 1476
# POE::Kernel::session_alloc(POE::Kernel=ARRAY(0x27fb678), POE::Session=ARRAY(0x2d56500), GLOB(0x2d44a58), ARRAY(0x2d43dc0)) called at C:/smoker/51821x64/perl/site/lib/POE/Session.pm line 192
# POE::Session::try_alloc(POE::Session=ARRAY(0x2d56500), GLOB(0x2d44a58), ARRAY(0x2d43dc0)) called at C:/smoker/51821x64/perl/site/lib/POE/Session.pm line 373
# POE::Session::create("POE::Session", "inline_states", HASH(0x2d61230), "package_states", ARRAY(0x2d43dd8), "object_states", ARRAY(0x2d43df0), "args", ARRAY(0x2d562c0), ...) called at C:/smoker/51821x64/perl/site/lib/POE/Component/Server/TCP.pm line 411
# POE::Component::Server::TCP::__ANON__(undef, POE::Session=ARRAY(0x2d6b7d0), POE::Kernel=ARRAY(0x27fb678), HASH(0x2d6b740), "tcp_server_got_connection", POE::Session=ARRAY(0x2d6b7d0), undef, "C:/smoker/51821x64/perl/site/lib/POE/Wheel/SocketFactory.pm", 198, ...) called at C:/smoker/51821x64/perl/site/lib/POE/Component/Server/TCP.pm line 448
# POE::Component::Server::TCP::__ANON__(undef, POE::Session=ARRAY(0x2d6b7d0), POE::Kernel=ARRAY(0x27fb678), HASH(0x2d6b740), "tcp_server_got_connection", POE::Session=ARRAY(0x2d6b7d0), undef, "C:/smoker/51821x64/perl/site/lib/POE/Wheel/SocketFactory.pm", 198, ...) called at C:/smoker/51821x64/perl/site/lib/POE/Session.pm line 464
# POE::Session::_invoke_state(POE::Session=ARRAY(0x2d6b7d0), POE::Session=ARRAY(0x2d6b7d0), "tcp_server_got_connection", ARRAY(0x27f9a78), "C:/smoker/51821x64/perl/site/lib/POE/Wheel/SocketFactory.pm", 198, "_start") called at C:/smoker/51821x64/perl/site/lib/POE/Kernel.pm line 1777
# POE::Kernel::call(POE::Kernel=ARRAY(0x27fb678), POE::Session=ARRAY(0x2d6b7d0), "tcp_server_got_connection", GLOB(0x2d44a58), "\x{7f}\x{0}\x{0}\x{1}", 55556, 1) called at C:/smoker/51821x64/perl/site/lib/POE/Wheel/SocketFactory.pm line 198
# POE::Wheel::SocketFactory::__ANON__(undef, POE::Session=ARRAY(0x2d6b7d0), POE::Kernel=ARRAY(0x27fb678), HASH(0x2d6b740), "POE::Wheel::SocketFactory(1) -> select accept", POE::Session=ARRAY(0x2d6b7d0), undef, "C:/smoker/51821x64/perl/site/lib/POE/Resource/FileHandles.pm", 240, ...) called at C:/smoker/51821x64/perl/site/lib/POE/Session.pm line 464
# POE::Session::_invoke_state(POE::Session=ARRAY(0x2d6b7d0), POE::Session=ARRAY(0x2d6b7d0), "POE::Wheel::SocketFactory(1) -> select accept", ARRAY(0x2d449f8), "C:/smoker/51821x64/perl/site/lib/POE/Resource/FileHandles.pm", 240, undef) called at C:/smoker/51821x64/perl/site/lib/POE/Kernel.pm line 1080
# eval {...} called at C:/smoker/51821x64/perl/site/lib/POE/Kernel.pm line 1066
# POE::Kernel::_dispatch_event(POE::Kernel=ARRAY(0x27fb678), POE::Session=ARRAY(0x2d6b7d0), POE::Session=ARRAY(0x2d6b7d0), "POE::Wheel::SocketFactory(1) -> select accept", 1024, ARRAY(0x2d449f8), "C:/smoker/51821x64/perl/site/lib/POE/Resource/FileHandles.pm", 240, undef, ...) called at C:/smoker/51821x64/perl/site/lib/POE/Resource/FileHandles.pm line 238
# POE::Kernel::_data_handle_enqueue_ready(undef, undef, 3) called at C:/smoker/51821x64/perl/site/lib/POE/Loop/Select.pm line 288
# POE::Kernel::loop_do_timeslice(POE::Kernel=ARRAY(0x27fb678)) called at C:/smoker/51821x64/perl/site/lib/POE/Loop/Select.pm line 317
# POE::Kernel::loop_run(POE::Kernel=ARRAY(0x27fb678)) called at C:/smoker/51821x64/perl/site/lib/POE/Kernel.pm line 1273
# POE::Kernel::run(POE::Kernel=ARRAY(0x27fb678)) called at t/2_renegotiate_client.t line 177
#
# ----------
# Previous test 8 'CLIENT: SSLify_GetCipher: (NONE)'
# Use of uninitialized value in numeric eq (==) at t/2_renegotiate_client.t line 139.
# at t/2_renegotiate_client.t line 139.
# main::__ANON__(undef, POE::Session=ARRAY(0x2d44500), POE::Kernel=ARRAY(0x27fb678), HASH(0x2d44470), "got_connect_success", POE::Session=ARRAY(0x2d44500), undef, "C:/smoker/51821x64/perl/site/lib/POE/Wheel/SocketFactory.pm", 326, ...) called at C:/smoker/51821x64/perl/site/lib/POE/Component/Client/TCP.pm line 198
# POE::Component::Client::TCP::__ANON__(undef, POE::Session=ARRAY(0x2d44500), POE::Kernel=ARRAY(0x27fb678), HASH(0x2d44470), "got_connect_success", POE::Session=ARRAY(0x2d44500), undef, "C:/smoker/51821x64/perl/site/lib/POE/Wheel/SocketFactory.pm", 326, ...) called at C:/smoker/51821x64/perl/site/lib/POE/Session.pm line 464
# POE::Session::_invoke_state(POE::Session=ARRAY(0x2d44500), POE::Session=ARRAY(0x2d44500), "got_connect_success", ARRAY(0x2d44aa0), "C:/smoker/51821x64/perl/site/lib/POE/Wheel/SocketFactory.pm", 326, "POE::Wheel::SocketFactory(2) -> select connect") called at C:/smoker/51821x64/perl/site/lib/POE/Kernel.pm line 1777
# POE::Kernel::call(POE::Kernel=ARRAY(0x27fb678), POE::Session=ARRAY(0x2d44500), "got_connect_success", GLOB(0x2d6bb48), "\x{7f}\x{0}\x{0}\x{1}", 55555, 2) called at C:/smoker/51821x64/perl/site/lib/POE/Wheel/SocketFactory.pm line 326
# POE::Wheel::SocketFactory::__ANON__(undef, POE::Session=ARRAY(0x2d44500), POE::Kernel=ARRAY(0x27fb678), HASH(0x2d44470), "POE::Wheel::SocketFactory(2) -> select connect", POE::Session=ARRAY(0x2d44500), undef, "C:/smoker/51821x64/perl/site/lib/POE/Resource/FileHandles.pm", 240, ...) called at C:/smoker/51821x64/perl/site/lib/POE/Session.pm line 464
# POE::Session::_invoke_state(POE::Session=ARRAY(0x2d44500), POE::Session=ARRAY(0x2d44500), "POE::Wheel::SocketFactory(2) -> select connect", ARRAY(0x2d567b8), "C:/smoker/51821x64/perl/site/lib/POE/Resource/FileHandles.pm", 240, undef) called at C:/smoker/51821x64/perl/site/lib/POE/Kernel.pm line 1080
# eval {...} called at C:/smoker/51821x64/perl/site/lib/POE/Kernel.pm line 1066
# POE::Kernel::_dispatch_event(POE::Kernel=ARRAY(0x27fb678), POE::Session=ARRAY(0x2d44500), POE::Session=ARRAY(0x2d44500), "POE::Wheel::SocketFactory(2) -> select connect", 1024, ARRAY(0x2d567b8), "C:/smoker/51821x64/perl/site/lib/POE/Resource/FileHandles.pm", 240, undef, ...) called at C:/smoker/51821x64/perl/site/lib/POE/Resource/FileHandles.pm line 238
# POE::Kernel::_data_handle_enqueue_ready(undef, undef, 4) called at C:/smoker/51821x64/perl/site/lib/POE/Loop/Select.pm line 289
# POE::Kernel::loop_do_timeslice(POE::Kernel=ARRAY(0x27fb678)) called at C:/smoker/51821x64/perl/site/lib/POE/Loop/Select.pm line 317
# POE::Kernel::loop_run(POE::Kernel=ARRAY(0x27fb678)) called at C:/smoker/51821x64/perl/site/lib/POE/Kernel.pm line 1273
# POE::Kernel::run(POE::Kernel=ARRAY(0x27fb678)) called at t/2_renegotiate_client.t line 177
#
# Looks like you planned 17 tests but ran 13.
# Looks like you failed 1 test of 13 run.
t/2_renegotiate_client.t ......
Dubious, test returned 1 (wstat 256, 0x100)
Failed 5/17 subtests
# Failed test 'no warnings'
# at C:/smoker/51821x64/perl/lib/Test/NoWarnings.pm line 45.
# There were 2 warning(s)
# Previous test 6 'SERVER: SSLify_GetCipher: (NONE)'
# Use of uninitialized value in numeric eq (==) at t/3_upgrade.t line 75.
# at t/3_upgrade.t line 75.
# main::__ANON__(undef, POE::Session=ARRAY(0x2d15608), POE::Kernel=ARRAY(0x27afa08), HASH(0x2d15578), "tcp_server_got_input", POE::Session=ARRAY(0x2d15608), undef, "C:/smoker/51821x64/perl/site/lib/POE/Wheel/ReadWrite.pm", 283, ...) called at C:/smoker/51821x64/perl/site/lib/POE/Component/Server/TCP.pm line 350
# POE::Component::Server::TCP::__ANON__(undef, POE::Session=ARRAY(0x2d15608), POE::Kernel=ARRAY(0x27afa08), HASH(0x2d15578), "tcp_server_got_input", POE::Session=ARRAY(0x2d15608), undef, "C:/smoker/51821x64/perl/site/lib/POE/Wheel/ReadWrite.pm", 283, ...) called at C:/smoker/51821x64/perl/site/lib/POE/Session.pm line 464
# POE::Session::_invoke_state(POE::Session=ARRAY(0x2d15608), POE::Session=ARRAY(0x2d15608), "tcp_server_got_input", ARRAY(0x27a1d48), "C:/smoker/51821x64/perl/site/lib/POE/Wheel/ReadWrite.pm", 283, "POE::Wheel::ReadWrite(3) -> select read") called at C:/smoker/51821x64/perl/site/lib/POE/Kernel.pm line 1777
# POE::Kernel::call(POE::Kernel=ARRAY(0x27afa08), POE::Session=ARRAY(0x2d15608), "tcp_server_got_input", "plaintext_ping", 3) called at C:/smoker/51821x64/perl/site/lib/POE/Wheel/ReadWrite.pm line 283
# POE::Wheel::ReadWrite::__ANON__(undef, POE::Session=ARRAY(0x2d15608), POE::Kernel=ARRAY(0x27afa08), HASH(0x2d15578), "POE::Wheel::ReadWrite(3) -> select read", POE::Session=ARRAY(0x2d15608), undef, "C:/smoker/51821x64/perl/site/lib/POE/Resource/FileHandles.pm", 240, ...) called at C:/smoker/51821x64/perl/site/lib/POE/Session.pm line 464
# POE::Session::_invoke_state(POE::Session=ARRAY(0x2d15608), POE::Session=ARRAY(0x2d15608), "POE::Wheel::ReadWrite(3) -> select read", ARRAY(0x2d157a0), "C:/smoker/51821x64/perl/site/lib/POE/Resource/FileHandles.pm", 240, undef) called at C:/smoker/51821x64/perl/site/lib/POE/Kernel.pm line 1080
# eval {...} called at C:/smoker/51821x64/perl/site/lib/POE/Kernel.pm line 1066
# POE::Kernel::_dispatch_event(POE::Kernel=ARRAY(0x27afa08), POE::Session=ARRAY(0x2d15608), POE::Session=ARRAY(0x2d15608), "POE::Wheel::ReadWrite(3) -> select read", 1024, ARRAY(0x2d157a0), "C:/smoker/51821x64/perl/site/lib/POE/Resource/FileHandles.pm", 240, undef, ...) called at C:/smoker/51821x64/perl/site/lib/POE/Resource/FileHandles.pm line 238
# POE::Kernel::_data_handle_enqueue_ready(undef, undef, 7) called at C:/smoker/51821x64/perl/site/lib/POE/Loop/Select.pm line 288
# POE::Kernel::loop_do_timeslice(POE::Kernel=ARRAY(0x27afa08)) called at C:/smoker/51821x64/perl/site/lib/POE/Loop/Select.pm line 317
# POE::Kernel::loop_run(POE::Kernel=ARRAY(0x27afa08)) called at C:/smoker/51821x64/perl/site/lib/POE/Kernel.pm line 1273
# POE::Kernel::run(POE::Kernel=ARRAY(0x27afa08)) called at t/3_upgrade.t line 189
#
# ----------
# Previous test 11 'CLIENT: SSLify_GetCipher: (NONE)'
# Use of uninitialized value in numeric eq (==) at t/3_upgrade.t line 144.
# at t/3_upgrade.t line 144.
# main::__ANON__(undef, POE::Session=ARRAY(0x2d1f7b0), POE::Kernel=ARRAY(0x27afa08), HASH(0x2d1f720), "got_server_input", POE::Session=ARRAY(0x2d1f7b0), undef, "C:/smoker/51821x64/perl/site/lib/POE/Wheel/ReadWrite.pm", 283, ...) called at C:/smoker/51821x64/perl/site/lib/POE/Component/Client/TCP.pm line 262
# POE::Component::Client::TCP::__ANON__(undef, POE::Session=ARRAY(0x2d1f7b0), POE::Kernel=ARRAY(0x27afa08), HASH(0x2d1f720), "got_server_input", POE::Session=ARRAY(0x2d1f7b0), undef, "C:/smoker/51821x64/perl/site/lib/POE/Wheel/ReadWrite.pm", 283, ...) called at C:/smoker/51821x64/perl/site/lib/POE/Session.pm line 464
# POE::Session::_invoke_state(POE::Session=ARRAY(0x2d1f7b0), POE::Session=ARRAY(0x2d1f7b0), "got_server_input", ARRAY(0x2d25450), "C:/smoker/51821x64/perl/site/lib/POE/Wheel/ReadWrite.pm", 283, "POE::Wheel::ReadWrite(4) -> select read") called at C:/smoker/51821x64/perl/site/lib/POE/Kernel.pm line 1777
# POE::Kernel::call(POE::Kernel=ARRAY(0x27afa08), POE::Session=ARRAY(0x2d1f7b0), "got_server_input", "plaintext_pong", 4) called at C:/smoker/51821x64/perl/site/lib/POE/Wheel/ReadWrite.pm line 283
# POE::Wheel::ReadWrite::__ANON__(undef, POE::Session=ARRAY(0x2d1f7b0), POE::Kernel=ARRAY(0x27afa08), HASH(0x2d1f720), "POE::Wheel::ReadWrite(4) -> select read", POE::Session=ARRAY(0x2d1f7b0), undef, "C:/smoker/51821x64/perl/site/lib/POE/Resource/FileHandles.pm", 240, ...) called at C:/smoker/51821x64/perl/site/lib/POE/Session.pm line 464
# POE::Session::_invoke_state(POE::Session=ARRAY(0x2d1f7b0), POE::Session=ARRAY(0x2d1f7b0), "POE::Wheel::ReadWrite(4) -> select read", ARRAY(0x2d181c8), "C:/smoker/51821x64/perl/site/lib/POE/Resource/FileHandles.pm", 240, undef) called at C:/smoker/51821x64/perl/site/lib/POE/Kernel.pm line 1080
# eval {...} called at C:/smoker/51821x64/perl/site/lib/POE/Kernel.pm line 1066
# POE::Kernel::_dispatch_event(POE::Kernel=ARRAY(0x27afa08), POE::Session=ARRAY(0x2d1f7b0), POE::Session=ARRAY(0x2d1f7b0), "POE::Wheel::ReadWrite(4) -> select read", 1024, ARRAY(0x2d181c8), "C:/smoker/51821x64/perl/site/lib/POE/Resource/FileHandles.pm", 240, undef, ...) called at C:/smoker/51821x64/perl/site/lib/POE/Resource/FileHandles.pm line 238
# POE::Kernel::_data_handle_enqueue_ready(undef, undef, 4) called at C:/smoker/51821x64/perl/site/lib/POE/Loop/Select.pm line 288
# POE::Kernel::loop_do_timeslice(POE::Kernel=ARRAY(0x27afa08)) called at C:/smoker/51821x64/perl/site/lib/POE/Loop/Select.pm line 317
# POE::Kernel::loop_run(POE::Kernel=ARRAY(0x27afa08)) called at C:/smoker/51821x64/perl/site/lib/POE/Kernel.pm line 1273
# POE::Kernel::run(POE::Kernel=ARRAY(0x27afa08)) called at t/3_upgrade.t line 189
#
# Looks like you planned 19 tests but ran 15.
# Looks like you failed 1 test of 15 run.
t/3_upgrade.t .................
Dubious, test returned 1 (wstat 256, 0x100)
Failed 5/19 subtests
# Failed test 'CLIENT: Status received from callback is OK'
# at t/4_connect_hook.t line 124.
# got: '0'
# expected: '1'
# Failed test 'CLIENT: SSLify_GetStatus is done'
# at t/4_connect_hook.t line 129.
# Failed test 'CLIENT: Status received from callback is OK'
# at t/4_connect_hook.t line 124.
# got: '0'
# expected: '1'
# Failed test 'CLIENT: SSLify_GetStatus is done'
# at t/4_connect_hook.t line 129.
# Looks like you planned 20 tests but ran 18.
# Looks like you failed 4 tests of 18 run.
t/4_connect_hook.t ............
Dubious, test returned 4 (wstat 1024, 0x400)
Failed 6/20 subtests
t/5_connfail_client.t ......... ok
t/6_connfail_server.t ......... ok
# Failed test 'CLIENT: Status received from callback is OK'
# at t/7_connect_hook_nodata.t line 118.
# got: '0'
# expected: '1'
# Failed test 'CLIENT: SSLify_GetStatus is done'
# at t/7_connect_hook_nodata.t line 123.
# Looks like you planned 18 tests but ran 14.
# Looks like you failed 2 tests of 14 run.
t/7_connect_hook_nodata.t .....
Dubious, test returned 2 (wstat 512, 0x200)
Failed 6/18 subtests
# WARNING: Your platform/SSL library does not support renegotiation of the SSL socket.
# This test harness detected that trying to renegotiate resulted in a disconnected socket.
# POE::Component::SSLify will work on your system, but please do not attempt a SSL renegotiate.
# Please talk with the author to figure out if this issue can be worked around, thank you!
# Failed test 'no warnings'
# at C:/smoker/51821x64/perl/lib/Test/NoWarnings.pm line 45.
# There were 2 warning(s)
# Previous test 3 'SERVER: SSLify_GetCipher: (NONE)'
# Use of uninitialized value in numeric eq (==) at t/8_renegotiate_server.t line 78.
# at t/8_renegotiate_server.t line 78.
# main::__ANON__(undef, POE::Session=ARRAY(0x2dda1f0), POE::Kernel=ARRAY(0x28519e8), HASH(0x2dda160), "_start", POE::Session=ARRAY(0x2dd4358), undef, "C:/smoker/51821x64/perl/site/lib/POE/Kernel.pm", 1479, ...) called at C:/smoker/51821x64/perl/site/lib/POE/Component/Server/TCP.pm line 302
# POE::Component::Server::TCP::__ANON__(undef, POE::Session=ARRAY(0x2dda1f0), POE::Kernel=ARRAY(0x28519e8), HASH(0x2dda160), "_start", POE::Session=ARRAY(0x2dd4358), undef, "C:/smoker/51821x64/perl/site/lib/POE/Kernel.pm", 1479, ...) called at C:/smoker/51821x64/perl/site/lib/POE/Session.pm line 464
# POE::Session::_invoke_state(POE::Session=ARRAY(0x2dda1f0), POE::Session=ARRAY(0x2dd4358), "_start", ARRAY(0x2842418), "C:/smoker/51821x64/perl/site/lib/POE/Kernel.pm", 1479, undef) called at C:/smoker/51821x64/perl/site/lib/POE/Kernel.pm line 1067
# eval {...} called at C:/smoker/51821x64/perl/site/lib/POE/Kernel.pm line 1066
# POE::Kernel::_dispatch_event(POE::Kernel=ARRAY(0x28519e8), POE::Session=ARRAY(0x2dda1f0), POE::Session=ARRAY(0x2dda1f0), "_start", 4, ARRAY(0x2842418), "C:/smoker/51821x64/perl/site/lib/POE/Kernel.pm", 1479, undef, ...) called at C:/smoker/51821x64/perl/site/lib/POE/Kernel.pm line 1476
# POE::Kernel::session_alloc(POE::Kernel=ARRAY(0x28519e8), POE::Session=ARRAY(0x2dda1f0), GLOB(0x2dd6828), ARRAY(0x2dd3bb8)) called at C:/smoker/51821x64/perl/site/lib/POE/Session.pm line 192
# POE::Session::try_alloc(POE::Session=ARRAY(0x2dda1f0), GLOB(0x2dd6828), ARRAY(0x2dd3bb8)) called at C:/smoker/51821x64/perl/site/lib/POE/Session.pm line 373
# POE::Session::create("POE::Session", "inline_states", HASH(0x2dd7e50), "package_states", ARRAY(0x2dd3bd0), "object_states", ARRAY(0x2dd3be8), "args", ARRAY(0x2dd9fb0), ...) called at C:/smoker/51821x64/perl/site/lib/POE/Component/Server/TCP.pm line 411
# POE::Component::Server::TCP::__ANON__(undef, POE::Session=ARRAY(0x2dd4358), POE::Kernel=ARRAY(0x28519e8), HASH(0x2dd42c8), "tcp_server_got_connection", POE::Session=ARRAY(0x2dd4358), undef, "C:/smoker/51821x64/perl/site/lib/POE/Wheel/SocketFactory.pm", 198, ...) called at C:/smoker/51821x64/perl/site/lib/POE/Component/Server/TCP.pm line 448
# POE::Component::Server::TCP::__ANON__(undef, POE::Session=ARRAY(0x2dd4358), POE::Kernel=ARRAY(0x28519e8), HASH(0x2dd42c8), "tcp_server_got_connection", POE::Session=ARRAY(0x2dd4358), undef, "C:/smoker/51821x64/perl/site/lib/POE/Wheel/SocketFactory.pm", 198, ...) called at C:/smoker/51821x64/perl/site/lib/POE/Session.pm line 464
# POE::Session::_invoke_state(POE::Session=ARRAY(0x2dd4358), POE::Session=ARRAY(0x2dd4358), "tcp_server_got_connection", ARRAY(0x2843d28), "C:/smoker/51821x64/perl/site/lib/POE/Wheel/SocketFactory.pm", 198, "_start") called at C:/smoker/51821x64/perl/site/lib/POE/Kernel.pm line 1777
# POE::Kernel::call(POE::Kernel=ARRAY(0x28519e8), POE::Session=ARRAY(0x2dd4358), "tcp_server_got_connection", GLOB(0x2dd6828), "\x{7f}\x{0}\x{0}\x{1}", 55568, 1) called at C:/smoker/51821x64/perl/site/lib/POE/Wheel/SocketFactory.pm line 198
# POE::Wheel::SocketFactory::__ANON__(undef, POE::Session=ARRAY(0x2dd4358), POE::Kernel=ARRAY(0x28519e8), HASH(0x2dd42c8), "POE::Wheel::SocketFactory(1) -> select accept", POE::Session=ARRAY(0x2dd4358), undef, "C:/smoker/51821x64/perl/site/lib/POE/Resource/FileHandles.pm", 240, ...) called at C:/smoker/51821x64/perl/site/lib/POE/Session.pm line 464
# POE::Session::_invoke_state(POE::Session=ARRAY(0x2dd4358), POE::Session=ARRAY(0x2dd4358), "POE::Wheel::SocketFactory(1) -> select accept", ARRAY(0x2dd67c8), "C:/smoker/51821x64/perl/site/lib/POE/Resource/FileHandles.pm", 240, undef) called at C:/smoker/51821x64/perl/site/lib/POE/Kernel.pm line 1080
# eval {...} called at C:/smoker/51821x64/perl/site/lib/POE/Kernel.pm line 1066
# POE::Kernel::_dispatch_event(POE::Kernel=ARRAY(0x28519e8), POE::Session=ARRAY(0x2dd4358), POE::Session=ARRAY(0x2dd4358), "POE::Wheel::SocketFactory(1) -> select accept", 1024, ARRAY(0x2dd67c8), "C:/smoker/51821x64/perl/site/lib/POE/Resource/FileHandles.pm", 240, undef, ...) called at C:/smoker/51821x64/perl/site/lib/POE/Resource/FileHandles.pm line 238
# POE::Kernel::_data_handle_enqueue_ready(undef, undef, 3) called at C:/smoker/51821x64/perl/site/lib/POE/Loop/Select.pm line 288
# POE::Kernel::loop_do_timeslice(POE::Kernel=ARRAY(0x28519e8)) called at C:/smoker/51821x64/perl/site/lib/POE/Loop/Select.pm line 317
# POE::Kernel::loop_run(POE::Kernel=ARRAY(0x28519e8)) called at C:/smoker/51821x64/perl/site/lib/POE/Kernel.pm line 1273
# POE::Kernel::run(POE::Kernel=ARRAY(0x28519e8)) called at t/8_renegotiate_server.t line 174
#
# ----------
# Previous test 8 'CLIENT: SSLify_GetCipher: (NONE)'
# Use of uninitialized value in numeric eq (==) at t/8_renegotiate_server.t line 139.
# at t/8_renegotiate_server.t line 139.
# main::__ANON__(undef, POE::Session=ARRAY(0x2dd62d0), POE::Kernel=ARRAY(0x28519e8), HASH(0x2dd6240), "got_connect_success", POE::Session=ARRAY(0x2dd62d0), undef, "C:/smoker/51821x64/perl/site/lib/POE/Wheel/SocketFactory.pm", 326, ...) called at C:/smoker/51821x64/perl/site/lib/POE/Component/Client/TCP.pm line 198
# POE::Component::Client::TCP::__ANON__(undef, POE::Session=ARRAY(0x2dd62d0), POE::Kernel=ARRAY(0x28519e8), HASH(0x2dd6240), "got_connect_success", POE::Session=ARRAY(0x2dd62d0), undef, "C:/smoker/51821x64/perl/site/lib/POE/Wheel/SocketFactory.pm", 326, ...) called at C:/smoker/51821x64/perl/site/lib/POE/Session.pm line 464
# POE::Session::_invoke_state(POE::Session=ARRAY(0x2dd62d0), POE::Session=ARRAY(0x2dd62d0), "got_connect_success", ARRAY(0x2dd6870), "C:/smoker/51821x64/perl/site/lib/POE/Wheel/SocketFactory.pm", 326, "POE::Wheel::SocketFactory(2) -> select connect") called at C:/smoker/51821x64/perl/site/lib/POE/Kernel.pm line 1777
# POE::Kernel::call(POE::Kernel=ARRAY(0x28519e8), POE::Session=ARRAY(0x2dd62d0), "got_connect_success", GLOB(0x2dd46e8), "\x{7f}\x{0}\x{0}\x{1}", 55567, 2) called at C:/smoker/51821x64/perl/site/lib/POE/Wheel/SocketFactory.pm line 326
# POE::Wheel::SocketFactory::__ANON__(undef, POE::Session=ARRAY(0x2dd62d0), POE::Kernel=ARRAY(0x28519e8), HASH(0x2dd6240), "POE::Wheel::SocketFactory(2) -> select connect", POE::Session=ARRAY(0x2dd62d0), undef, "C:/smoker/51821x64/perl/site/lib/POE/Resource/FileHandles.pm", 240, ...) called at C:/smoker/51821x64/perl/site/lib/POE/Session.pm line 464
# POE::Session::_invoke_state(POE::Session=ARRAY(0x2dd62d0), POE::Session=ARRAY(0x2dd62d0), "POE::Wheel::SocketFactory(2) -> select connect", ARRAY(0x2dda4a8), "C:/smoker/51821x64/perl/site/lib/POE/Resource/FileHandles.pm", 240, undef) called at C:/smoker/51821x64/perl/site/lib/POE/Kernel.pm line 1080
# eval {...} called at C:/smoker/51821x64/perl/site/lib/POE/Kernel.pm line 1066
# POE::Kernel::_dispatch_event(POE::Kernel=ARRAY(0x28519e8), POE::Session=ARRAY(0x2dd62d0), POE::Session=ARRAY(0x2dd62d0), "POE::Wheel::SocketFactory(2) -> select connect", 1024, ARRAY(0x2dda4a8), "C:/smoker/51821x64/perl/site/lib/POE/Resource/FileHandles.pm", 240, undef, ...) called at C:/smoker/51821x64/perl/site/lib/POE/Resource/FileHandles.pm line 238
# POE::Kernel::_data_handle_enqueue_ready(undef, undef, 4) called at C:/smoker/51821x64/perl/site/lib/POE/Loop/Select.pm line 289
# POE::Kernel::loop_do_timeslice(POE::Kernel=ARRAY(0x28519e8)) called at C:/smoker/51821x64/perl/site/lib/POE/Loop/Select.pm line 317
# POE::Kernel::loop_run(POE::Kernel=ARRAY(0x28519e8)) called at C:/smoker/51821x64/perl/site/lib/POE/Kernel.pm line 1273
# POE::Kernel::run(POE::Kernel=ARRAY(0x28519e8)) called at t/8_renegotiate_server.t line 174
#
# Looks like you planned 17 tests but ran 13.
# Looks like you failed 1 test of 13 run.
t/8_renegotiate_server.t ......
Dubious, test returned 1 (wstat 256, 0x100)
Failed 5/17 subtests
t/98_renegotiate.t ............ skipped: AUTHOR TEST
t/99_mire_test.t .............. skipped: AUTHOR TEST
t/apocalypse.t ................ skipped: Test::Apocalypse required for validating the distribution
Test Summary Report
-------------------
t/1_simple.t (Wstat: 256 Tests: 13 Failed: 1)
Failed test: 13
Non-zero exit status: 1
Parse errors: Bad plan. You planned 17 tests but ran 13.
t/2_renegotiate_client.t (Wstat: 256 Tests: 13 Failed: 1)
Failed test: 13
Non-zero exit status: 1
Parse errors: Bad plan. You planned 17 tests but ran 13.
t/3_upgrade.t (Wstat: 256 Tests: 15 Failed: 1)
Failed test: 15
Non-zero exit status: 1
Parse errors: Bad plan. You planned 19 tests but ran 15.
t/4_connect_hook.t (Wstat: 1024 Tests: 18 Failed: 4)
Failed tests: 10, 12, 14, 16
Non-zero exit status: 4
Parse errors: Bad plan. You planned 20 tests but ran 18.
t/7_connect_hook_nodata.t (Wstat: 512 Tests: 14 Failed: 2)
Failed tests: 10, 12
Non-zero exit status: 2
Parse errors: Bad plan. You planned 18 tests but ran 14.
t/8_renegotiate_server.t (Wstat: 256 Tests: 13 Failed: 1)
Failed test: 13
Non-zero exit status: 1
Parse errors: Bad plan. You planned 17 tests but ran 13.
Files=13, Tests=109, 37 wallclock secs ( 0.16 usr + 0.03 sys = 0.19 CPU)
Result: FAIL
Failed 6/13 test programs. 10/109 subtests failed.
------------------------------
PREREQUISITES
------------------------------
Prerequisite modules loaded:
requires:
Module Need Have
--------------------------- ------ --------
Exporter 0 5.68
IO::Handle 1.28 1.34
Net::SSLeay 1.36 1.58
parent 0 0.228
perl 5.006 5.018002
POE 0 1.358
Scalar::Util 0 1.37
Symbol 0 1.07
Task::Weaken 1.03 1.04
build_requires:
Module Need Have
--------------------------- ------ --------
File::Find 0 1.23
File::Temp 0 0.2304
Module::Build 0.3601 0.4204
POE 1.267 1.358
POE::Component::Client::TCP 0 1.358
POE::Component::Server::TCP 0 1.358
Socket 0 2.013
Test::More 0.88 1.001002
configure_requires:
Module Need Have
--------------------------- ------ --------
Module::Build 0.3601 0.4204
------------------------------
ENVIRONMENT AND OTHER CONTEXT
------------------------------
Environment variables:
AUTOMATED_TESTING = 1
COMSPEC = C:\Windows\system32\cmd.exe
NUMBER_OF_PROCESSORS = 3
PATH = C:\smoker\51821x64\perl\site\bin;C:\smoker\51821x64\perl\bin;C:\smoker\51821x64\c\bin;C:\Windows\system32;C:\Windows;C:\Windows\System32\Wbem
PERL5LIB =
PERL5OPT =
PERL5_CPANPLUS_IS_RUNNING = 1708
PERL5_CPAN_IS_RUNNING = 1708
PERL5_CPAN_IS_RUNNING_IN_RECURSION = 2328,1708
PERL_CR_SMOKER_CURRENT = POE-Component-Metabase-Relay-Server-0.26
PERL_EXTUTILS_AUTOINSTALL = --defaultdeps
PERL_MM_USE_DEFAULT = 1
PROCESSOR_IDENTIFIER = Intel64 Family 6 Model 13 Stepping 3, GenuineIntel
TEMP = C:\Users\smoker\AppData\Local\Temp\2
Perl special variables (and OS-specific diagnostics, for MSWin32):
$^X = C:\smoker\51821x64\perl\bin\perl.exe
$UID/$EUID = 0 / 0
$GID = 0
$EGID = 0
Win32::GetOSName = Win2012
Win32::GetOSVersion = , 6, 2, 9200, 2, 0, 0, 400, 3
Win32::FsType = NTFS
Win32::IsAdminUser = 0
Perl module toolchain versions installed:
Module Have
------------------- --------
CPAN 2.00
CPAN::Meta 2.133380
Cwd 3.40
ExtUtils::CBuilder 0.280212
ExtUtils::Command 1.18
ExtUtils::Install 1.59
ExtUtils::MakeMaker 6.87_03
ExtUtils::Manifest 1.63
ExtUtils::ParseXS 3.22
File::Spec 3.40
JSON 2.90
JSON::PP 2.27203
Module::Build 0.4204
Module::Signature n/a
Parse::CPAN::Meta 1.4409
Test::Harness 3.30
Test::More 1.001002
YAML 0.88
YAML::Syck n/a
version 0.9907
--
Summary of my perl5 (revision 5 version 18 subversion 2) configuration:
Platform:
osname=MSWin32, osvers=6.2, archname=MSWin32-x64-multi-thread
uname='Win32 strawberry-perl 5.18.2.1 #1 Tue Jan 7 22:32:35 2014 x64'
config_args='undef'
hint=recommended, useposix=true, d_sigaction=undef
useithreads=define, usemultiplicity=define
useperlio=define, d_sfio=undef, uselargefiles=define, usesocks=undef
use64bitint=define, use64bitall=undef, uselongdouble=undef
usemymalloc=n, bincompat5005=undef
Compiler:
cc='gcc', ccflags =' -s -O2 -DWIN32 -DWIN64 -DCONSERVATIVE -DPERL_TEXTMODE_SCRIPTS -DPERL_IMPLICIT_CONTEXT -DPERL_IMPLICIT_SYS -DUSE_PERLIO -fno-strict-aliasing -mms-bitfields',
optimize='-s -O2',
cppflags='-DWIN32'
ccversion='', gccversion='4.7.3', gccosandvers=''
intsize=4, longsize=4, ptrsize=8, doublesize=8, byteorder=12345678
d_longlong=define, longlongsize=8, d_longdbl=define, longdblsize=12
ivtype='long long', ivsize=8, nvtype='double', nvsize=8, Off_t='long long', lseeksize=8
alignbytes=8, prototype=define
Linker and Libraries:
ld='g++', ldflags ='-s -L"C:\smoker\51821x64\perl\lib\CORE" -L"C:\smoker\51821x64\c\lib"'
libpth=C:\smoker\51821x64\c\lib C:\smoker\51821x64\c\x86_64-w64-mingw32\lib C:\smoker\51821x64\c\lib\gcc\x86_64-w64-mingw32\4.7.3
libs=-lmoldname -lkernel32 -luser32 -lgdi32 -lwinspool -lcomdlg32 -ladvapi32 -lshell32 -lole32 -loleaut32 -lnetapi32 -luuid -lws2_32 -lmpr -lwinmm -lversion -lodbc32 -lodbccp32 -lcomctl32
perllibs=-lmoldname -lkernel32 -luser32 -lgdi32 -lwinspool -lcomdlg32 -ladvapi32 -lshell32 -lole32 -loleaut32 -lnetapi32 -luuid -lws2_32 -lmpr -lwinmm -lversion -lodbc32 -lodbccp32 -lcomctl32
libc=, so=dll, useshrplib=true, libperl=libperl518.a
gnulibc_version=''
Dynamic Linking:
dlsrc=dl_win32.xs, dlext=dll, d_dlsymun=undef, ccdlflags=' '
cccdlflags=' ', lddlflags='-mdll -s -L"C:\smoker\51821x64\perl\lib\CORE" -L"C:\smoker\51821x64\c\lib"'
Characteristics of this binary (from libperl):
Compile-time options: HAS_TIMES HAVE_INTERP_INTERN MULTIPLICITY
PERLIO_LAYERS PERL_DONT_CREATE_GVSV
PERL_HASH_FUNC_ONE_AT_A_TIME_HARD
PERL_IMPLICIT_CONTEXT PERL_IMPLICIT_SYS
PERL_MALLOC_WRAP PERL_PRESERVE_IVUV PERL_SAWAMPERSAND
USE_64_BIT_INT USE_ITHREADS USE_LARGE_FILES
USE_LOCALE USE_LOCALE_COLLATE USE_LOCALE_CTYPE
USE_LOCALE_NUMERIC USE_PERLIO USE_PERL_ATOF
Built under MSWin32
Compiled at Jan 7 2014 22:40:30
%ENV:
PERL5_CPANPLUS_IS_RUNNING="1708"
PERL5_CPAN_IS_RUNNING="1708"
PERL5_CPAN_IS_RUNNING_IN_RECURSION="2328,1708"
PERL_CR_SMOKER_CURRENT="POE-Component-Metabase-Relay-Server-0.26"
PERL_EXTUTILS_AUTOINSTALL="--defaultdeps"
PERL_MM_USE_DEFAULT="1"
@INC:
C:/smoker/51821x64/perl/site/lib
C:/smoker/51821x64/perl/vendor/lib
C:/smoker/51821x64/perl/lib
.